000
CXUS51 KOKX 011010
CF6JFK
PRELIMINARY LOCAL CLIMATOLOGICAL DATA (WS FORM: F-6)
STATION: KENNEDY NY
MONTH: NOVEMBER
YEAR: 2021
LATITUDE: 40 39 N
LONGITUDE: 73 47 W
TEMPERATURE IN F: :PCPN: SNOW: WIND :SUNSHINE: SKY :PK WND
================================================================================
1 2 3 4 5 6A 6B 7 8 9 10 11 12 13 14 15 16 17 18
12Z AVG MX 2MIN
DY MAX MIN AVG DEP HDD CDD WTR SNW DPTH SPD SPD DIR MIN PSBL S-S WX SPD DR
================================================================================
1 62 50 56 4 9 0 0.00 0.0 0 12.2 23 290 M M 3 29 310
2 56 44 50 -1 15 0 0.01 0.0 0 8.5 20 240 M M 9 23 240
3 56 40 48 -3 17 0 0.00 0.0 0 9.9 20 330 M M 4 24 320
4 53 38 46 -4 19 0 0.00 0.0 0 6.4 12 360 M M 7 14 340
5 53 37 45 -5 20 0 0.00 0.0 M 8.3 18 20 M M 2 26 350
6 55 36 46 -4 19 0 0.00 0.0 0 5.4 10 130 M M 3 13 30
7 55 37 46 -4 19 0 0.00 0.0 0 6.1 14 350 M M 6 19 360
8 66 43 55 6 10 0 0.00 0.0 0 7.8 18 20 M M 2 22 10
9 69 43 56 7 9 0 0.00 0.0 0 5.4 14 230 M M 2 15 230
10 67 46 57 9 8 0 0.00 0.0 0 9.2 25 330 M M 5 30 320
11 62 38 50 2 15 0 T 0.0 0 10.3 25 120 M M 8 35 130
12 66 50 58 10 7 0 0.21 0.0 0 15.4 31 180 M M 7 1 40 160
13 64 39 52 4 13 0 0.14 T 0 13.8 40 270 M M 3 135 51 270
14 48 39 44 -3 21 0 0.02 0.0 0 13.4 25 220 M M 6 30 230
15 50 39 45 -2 20 0 T 0.0 0 15.5 31 270 M M 7 42 260
16 50 37 44 -3 21 0 0.00 0.0 0 12.6 23 280 M M 3 31 290
17 57 33 45 -1 20 0 0.00 0.0 0 8.1 20 160 M M 6 24 170
18 64 48 56 10 9 0 0.06 0.0 0 12.2 30 300 M M 5 1 38 310
19 50 39 45 -1 20 0 0.06 0.0 0 17.4 31 330 M M 5 37 320
20 48 33 41 -4 24 0 0.00 0.0 0 7.9 20 330 M M 5 22 230
21 56 43 50 5 15 0 T 0.0 0 8.7 17 200 M M 8 22 200
22 55 36 46 1 19 0 0.04 0.0 0 15.2 26 330 M M 8 33 340
23 44 32 38 -6 27 0 0.00 0.0 0 18.2 30 310 M M 3 36 310
24 46 30 38 -6 27 0 0.00 0.0 0 12.2 24 320 M M 2 29 320
25 54 33 44 0 21 0 T 0.0 0 8.7 14 230 M M 6 17 240
26 49 37 43 -1 22 0 0.13 0.0 0 16.5 33 300 M M 9 44 310
27 41 35 38 -5 27 0 0.00 0.0 0 18.4 31 290 M M 7 39 290
28 42 33 38 -5 27 0 T T 0 5.1 15 260 M M 9 1 19 250
29 45 33 39 -4 26 0 T T 0 13.4 25 320 M M 6 29 320
30 43 30 37 -5 28 0 T T 0 9.9 20 250 M M 7 25 240
================================================================================
SM 1626 1151 554 0 0.67 T 332.1 M 163
================================================================================
AV 54.2 38.4 11.1 FASTST M M 5 MAX(MPH)
MISC ----> 40 270 51 270
================================================================================
NOTES:
# LAST OF SEVERAL OCCURRENCES
COLUMN 17 PEAK WIND IN M.P.H.
PRELIMINARY LOCAL CLIMATOLOGICAL DATA (WS FORM: F-6) , PAGE 2
STATION: KENNEDY NY
MONTH: NOVEMBER
YEAR: 2021
LATITUDE: 40 39 N
LONGITUDE: 73 47 W
[TEMPERATURE DATA] [PRECIPITATION DATA] SYMBOLS USED IN COLUMN 16
AVERAGE MONTHLY: 46.3 TOTAL FOR MONTH: 0.67 1 = FOG OR MIST
DPTR FM NORMAL: -0.5 DPTR FM NORMAL: -2.40 2 = FOG REDUCING VISIBILITY
HIGHEST: 69 ON 9 GRTST 24HR 0.21 ON 11-12 TO 1/4 MILE OR LESS
LOWEST: 30 ON 30,24 3 = THUNDER
SNOW, ICE PELLETS, HAIL 4 = ICE PELLETS
TOTAL MONTH: T 5 = HAIL
GRTST 24HR T ON 13-13 6 = FREEZING RAIN OR DRIZZLE
GRTST DEPTH: 0 7 = DUSTSTORM OR SANDSTORM:
VSBY 1/2 MILE OR LESS
8 = SMOKE OR HAZE
[NO. OF DAYS WITH] [WEATHER - DAYS WITH] 9 = BLOWING SNOW
X = TORNADO
MAX 32 OR BELOW: 0 0.01 INCH OR MORE: 8
MAX 90 OR ABOVE: 0 0.10 INCH OR MORE: 3
MIN 32 OR BELOW: 3 0.50 INCH OR MORE: 0
MIN 0 OR BELOW: 0 1.00 INCH OR MORE: 0
[HDD (BASE 65) ]
TOTAL THIS MO. 554 CLEAR (SCALE 0-3) 9
DPTR FM NORMAL 8 PTCLDY (SCALE 4-7) 16
TOTAL FM JUL 1 653 CLOUDY (SCALE 8-10) 5
DPTR FM NORMAL -183
[CDD (BASE 65) ]
TOTAL THIS MO. 0
DPTR FM NORMAL 0 [PRESSURE DATA]
TOTAL FM JAN 1 1197 HIGHEST SLP M ON M
DPTR FM NORMAL 181 LOWEST SLP 29.55 ON 13
[REMARKS]
#FINAL-11-21#