408
CXUS51 KOKX 010910
CF6JFK
PRELIMINARY LOCAL CLIMATOLOGICAL DATA (WS FORM: F-6)
STATION: KENNEDY NY
MONTH: MARCH
YEAR: 2021
LATITUDE: 40 39 N
LONGITUDE: 73 47 W
TEMPERATURE IN F: :PCPN: SNOW: WIND :SUNSHINE: SKY :PK WND
================================================================================
1 2 3 4 5 6A 6B 7 8 9 10 11 12 13 14 15 16 17 18
12Z AVG MX 2MIN
DY MAX MIN AVG DEP HDD CDD WTR SNW DPTH SPD SPD DIR MIN PSBL S-S WX SPD DR
================================================================================
1 49 33 41 3 24 0 0.15 0.0 0 15.0 38 310 M M 8 12 48 310
2 35 22 29 -9 36 0 0.00 0.0 M 20.5 39 300 M M 2 48 290
3 53 29 41 3 24 0 0.00 0.0 0 11.8 20 270 M M 2 23 280
4 45 27 36 -2 29 0 0.00 0.0 0 18.6 35 310 M M 4 43 300
5 38 24 31 -7 34 0 0.00 0.0 0 21.6 31 290 M M 2 40 310
6 37 27 32 -7 33 0 0.00 0.0 0 16.2 25 320 M M 6 32 330
7 42 28 35 -4 30 0 0.00 0.0 0 13.6 21 320 M M 4 25 320
8 44 24 34 -5 31 0 0.00 0.0 0 9.3 15 260 M M 2 21 330
9 66 35 51 11 14 0 0.00 0.0 0 12.1 22 310 M M 5 27 320
10 51 33 42 2 23 0 0.00 0.0 0 8.4 18 110 M M 4 21 120
11 57 42 50 10 15 0 0.00 0.0 0 8.9 20 170 M M 8 12 24 190
12 70 45 58 18 7 0 0.00 0.0 0 15.0 30 310 M M 7 39 250
13 53 33 43 2 22 0 0.00 0.0 0 18.1 41 320 M M 1 55 330
14 55 30 43 2 22 0 0.00 0.0 0 21.3 46 310 M M 3 54 320
15 39 24 32 -9 33 0 0.00 0.0 0 18.4 37 320 M M 3 48 340
16 37 27 32 -9 33 0 0.01 T 0 7.3 13 70 M M 9 14 90
17 47 34 41 -1 24 0 0.00 0.0 0 5.9 12 190 M M 10 14 130
18 46 42 44 2 21 0 0.64 0.0 0 10.0 23 20 M M 10 1 30 20
19 43 32 38 -4 27 0 0.08 T 0 19.8 33 360 M M 6 39 360
20 52 31 42 -1 23 0 0.00 0.0 0 7.7 16 180 M M 0 20 350
21 58 33 46 3 19 0 0.00 0.0 0 3.9 13 170 M M 2 15 170
22 57 34 46 3 19 0 0.00 0.0 0 6.4 15 120 M M 1 1 18 110
23 62 42 52 8 13 0 0.00 0.0 0 7.7 14 120 M M 8 12 18 120
24 58 44 51 7 14 0 0.69 0.0 0 11.9 23 110 M M 10 1 30 110
25 64 49 57 13 8 0 0.02 0.0 0 7.7 16 230 M M 9 128 19 240
26 81 49 65 21 0 0 T 0.0 0 20.1 41 260 M M 6 12 52 270
27 65 48 57 12 8 0 0.00 0.0 0 12.6 23 180 M M 5 26 190
28 59 47 53 8 12 0 0.79 0.0 0 12.8 38 230 M M 9 12 49 220
29 56 41 49 3 16 0 T 0.0 0 19.9 37 290 M M 4 46 290
30 56 34 45 -1 20 0 0.00 0.0 0 13.1 25 170 M M 3 31 160
31 59 48 54 8 11 0 0.70 0.0 0 15.6 29 180 M M 9 1 36 180
================================================================================
SM 1634 1091 645 0 3.08 T 411.2 M 162
================================================================================
AV 52.7 35.2 13.3 FASTST M M 5 MAX(MPH)
MISC ----> 46 310 55 330
================================================================================
NOTES:
# LAST OF SEVERAL OCCURRENCES
COLUMN 17 PEAK WIND IN M.P.H.
PRELIMINARY LOCAL CLIMATOLOGICAL DATA (WS FORM: F-6) , PAGE 2
STATION: KENNEDY NY
MONTH: MARCH
YEAR: 2021
LATITUDE: 40 39 N
LONGITUDE: 73 47 W
[TEMPERATURE DATA] [PRECIPITATION DATA] SYMBOLS USED IN COLUMN 16
AVERAGE MONTHLY: 44.0 TOTAL FOR MONTH: 3.08 1 = FOG OR MIST
DPTR FM NORMAL: 2.4 DPTR FM NORMAL: -0.70 2 = FOG REDUCING VISIBILITY
HIGHEST: 81 ON 26 GRTST 24HR 0.79 ON 28-28 TO 1/4 MILE OR LESS
LOWEST: 22 ON 2 3 = THUNDER
SNOW, ICE PELLETS, HAIL 4 = ICE PELLETS
TOTAL MONTH: T 5 = HAIL
GRTST 24HR T ON 16-16 6 = FREEZING RAIN OR DRIZZLE
GRTST DEPTH: 0 7 = DUSTSTORM OR SANDSTORM:
VSBY 1/2 MILE OR LESS
8 = SMOKE OR HAZE
[NO. OF DAYS WITH] [WEATHER - DAYS WITH] 9 = BLOWING SNOW
X = TORNADO
MAX 32 OR BELOW: 0 0.01 INCH OR MORE: 8
MAX 90 OR ABOVE: 0 0.10 INCH OR MORE: 5
MIN 32 OR BELOW: 12 0.50 INCH OR MORE: 4
MIN 0 OR BELOW: 0 1.00 INCH OR MORE: 0
[HDD (BASE 65) ]
TOTAL THIS MO. 645 CLEAR (SCALE 0-3) 10
DPTR FM NORMAL -80 PTCLDY (SCALE 4-7) 13
TOTAL FM JUL 1 3930 CLOUDY (SCALE 8-10) 8
DPTR FM NORMAL -305
[CDD (BASE 65) ]
TOTAL THIS MO. 0
DPTR FM NORMAL 0 [PRESSURE DATA]
TOTAL FM JAN 1 0 HIGHEST SLP M ON M
DPTR FM NORMAL 0 LOWEST SLP 29.43 ON 28
[REMARKS]
#FINAL-03-21#