000
CXUS53 KJKL 011410
CF6JKL
PRELIMINARY LOCAL CLIMATOLOGICAL DATA (WS FORM: F-6)
STATION: JACKSON KY
MONTH: DECEMBER
YEAR: 2023
LATITUDE: 37 35 N
LONGITUDE: 83 19 W
TEMPERATURE IN F: :PCPN: SNOW: WIND :SUNSHINE: SKY :PK WND
================================================================================
1 2 3 4 5 6A 6B 7 8 9 10 11 12 13 14 15 16 17 18
12Z AVG MX 2MIN
DY MAX MIN AVG DEP HDD CDD WTR SNW DPTH SPD SPD DIR MIN PSBL S-S WX SPD DR
================================================================================
1 58 43 51 8 14 0 0.18 0.0 0 4.8 12 180 M M 10 1 20 200
2 60 55 58 15 7 0 0.05 0.0 0 1.4 6 90 M M 8 12 11 200
3 59 43 51 8 14 0 0.07 0.0 0 6.0 16 240 M M 5 12 30 260
4 48 37 43 1 22 0 0.01 0.0 0 2.3 7 300 M M 4 12 16 230
5 46 32 39 -3 26 0 0.11 T 0 3.0 14 320 M M 8 12 24 310
6 39 32 36 -6 29 0 0.02 T 0 4.5 10 20 M M 9 1 21 40
7 56 30 43 1 22 0 0.00 0.0 0 5.8 12 230 M M 0 23 260
8 63 44 54 13 11 0 0.00 0.0 0 5.8 12 190 M M 1 19 170
9 63 52 58 17 7 0 0.40 0.0 0 7.5 16 190 M M 9 13 32 180
10 57 34 46 5 19 0 0.17 T 0 5.0 16 320 M M 10 1 25 320
11 39 30 35 -6 30 0 T T 0 3.1 10 310 M M 7 14 360
12 52 27 40 0 25 0 0.00 0.0 0 5.2 10 240 M M 0 18 240
13 52 35 44 4 21 0 0.00 0.0 0 2.4 7 220 M M 0 11 220
14 55 32 44 4 21 0 0.00 0.0 0 1.2 6 140 M M 0 9 140
15 59 35 47 7 18 0 0.00 0.0 0 1.8 7 130 M M 0 12 140
16 63 38 51 11 14 0 T 0.0 0 4.7 12 190 M M 1 20 180
17 55 44 50 11 15 0 0.27 0.0 0 4.0 12 310 M M 10 12 19 300
18 44 27 36 -3 29 0 0.05 0.4 0 8.6 20 290 M M 10 18 34 270
19 37 22 30 -9 35 0 T T T 2.7 14 310 M M 3 23 320
20 50 25 38 -1 27 0 0.00 0.0 0 2.1 7 140 M M 0 11 130
21 54 33 44 6 21 0 0.00 0.0 0 1.8 6 230 M M 1 9 220
22 59 37 48 10 17 0 0.00 0.0 0 2.4 8 200 M M 0 12 200
23 61 44 53 15 12 0 0.00 0.0 0 4.8 10 210 M M 6 19 200
24 68 51 60 22 5 0 0.00 0.0 0 3.1 8 130 M M 4 12 160
25 60 51 56 18 9 0 0.43 0.0 0 4.8 9 140 M M 5 1 19 70
26 63 48 56 18 9 0 0.44 0.0 0 2.7 10 310 M M 9 12 19 340
27 48 38 43 6 22 0 0.04 0.0 0 2.2 8 310 M M 9 12 12 330
28 44 33 39 2 26 0 T 0.0 0 5.3 12 260 M M 7 12 20 270
29 37 30 34 -3 31 0 0.04 T 0 2.7 10 260 M M 8 1 18 270
30 40 33 37 0 28 0 0.12 T 0 5.7 12 240 M M 10 1 19 250
31 51 33 42 5 23 0 T T 0 7.1 15 300 M M 7 25 330
================================================================================
SM 1640 1148 609 0 2.40 0.4 124.5 M 161
================================================================================
AV 52.9 37.0 4.0 FASTST M M 5 MAX(MPH)
MISC ----> 20 290 34 270
================================================================================
NOTES:
# LAST OF SEVERAL OCCURRENCES
COLUMN 17 PEAK WIND IN M.P.H.
PRELIMINARY LOCAL CLIMATOLOGICAL DATA (WS FORM: F-6) , PAGE 2
STATION: JACKSON KY
MONTH: DECEMBER
YEAR: 2023
LATITUDE: 37 35 N
LONGITUDE: 83 19 W
[TEMPERATURE DATA] [PRECIPITATION DATA] SYMBOLS USED IN COLUMN 16
AVERAGE MONTHLY: 45.0 TOTAL FOR MONTH: 2.40 1 = FOG OR MIST
DPTR FM NORMAL: 5.3 DPTR FM NORMAL: -2.07 2 = FOG REDUCING VISIBILITY
HIGHEST: 68 ON 24 GRTST 24HR 0.60 ON 25-26 TO 1/4 MILE OR LESS
LOWEST: 22 ON 19 3 = THUNDER
SNOW, ICE PELLETS, HAIL 4 = ICE PELLETS
TOTAL MONTH: 0.4 INCH 5 = HAIL
GRTST 24HR 0.4 ON 18-18 6 = FREEZING RAIN OR DRIZZLE
GRTST DEPTH: T 7 = DUSTSTORM OR SANDSTORM:
VSBY 1/2 MILE OR LESS
8 = SMOKE OR HAZE
[NO. OF DAYS WITH] [WEATHER - DAYS WITH] 9 = BLOWING SNOW
X = TORNADO
MAX 32 OR BELOW: 0 0.01 INCH OR MORE: 15
MAX 90 OR ABOVE: 0 0.10 INCH OR MORE: 8
MIN 32 OR BELOW: 10 0.50 INCH OR MORE: 0
MIN 0 OR BELOW: 0 1.00 INCH OR MORE: 0
[HDD (BASE 65) ]
TOTAL THIS MO. 609 CLEAR (SCALE 0-3) 11
DPTR FM NORMAL -176 PTCLDY (SCALE 4-7) 10
TOTAL FM JUL 1 1256 CLOUDY (SCALE 8-10) 10
DPTR FM NORMAL -312
[CDD (BASE 65) ]
TOTAL THIS MO. 0
DPTR FM NORMAL 0 [PRESSURE DATA]
TOTAL FM JAN 1 1122 HIGHEST SLP 30.76 ON 14
DPTR FM NORMAL -113 LOWEST SLP 29.71 ON 18
[REMARKS]
#FINAL-12-23#