000
CXUS51 KCTP 010900
CF6JST
PRELIMINARY LOCAL CLIMATOLOGICAL DATA (WS FORM: F-6)
STATION: JOHNSTOWN
MONTH: JANUARY
YEAR: 2024
LATITUDE: 40 18 N
LONGITUDE: 78 50 W
TEMPERATURE IN F: :PCPN: SNOW: WIND :SUNSHINE: SKY :PK WND
================================================================================
1 2 3 4 5 6A 6B 7 8 9 10 11 12 13 14 15 16 17 18
12Z AVG MX 2MIN
DY MAX MIN AVG DEP HDD CDD WTR SNW DPTH SPD SPD DIR MIN PSBL S-S WX SPD DR
================================================================================
1 33 26 30 2 35 0 0.04 M M 9.9 17 300 M M 10 12 26 290
2 28 25 27 -1 38 0 0.00 M M 13.9 21 260 M M 10 32 250
3 34 27 31 4 34 0 0.00 M M 9.7 20 270 M M 7 29 260
4 31 19 25 -2 40 0 T M M 13.5 22 300 M M 10 16 28 310
5 33 19 26 -1 39 0 0.00 M M 5.8 15 300 M M 4 18 300
6 32 25 29 2 36 0 0.42 M M 7.0 17 130 M M 8 126 29 130
7 32 30 31 4 34 0 0.07 M M 13.0 23 280 M M 10 126 35 290
8 32 27 30 3 35 0 T M M 9.0 22 280 M M 8 16 32 300
9 45 29 37 11 28 0 1.33 M M 16.2 26 140 M M 8 126 51 130
10 40 29 35 9 30 0 0.02 M M 20.0 36 270 M M 10 128 51 270
11 40 29 35 9 30 0 T M M 11.9 22 250 M M 8 1 31 260
12 36 27 32 6 33 0 0.33 M M 11.9 29 130 M M 5 1 49 120
13 40 22 31 5 34 0 0.04 M M 18.3 33 260 M M 9 18 52 280
14 24 8 16 -10 49 0 T M M 17.1 32 260 M M 6 129 47 280
15 19 7 13 -13 52 0 0.04 M M 4.1 9 240 M M 8 18 13 220
16 18 6 12 -14 53 0 0.05 M M 10.3 24 280 M M 10 168 34 280
17 16 3 10 -16 55 0 T M M 18.0 28 250 M M 5 8 44 290
18 28 16 22 -4 43 0 T M M 11.0 26 260 M M 8 1 40 270
19 24 14 19 -7 46 0 0.13 M M 8.8 22 310 M M 10 128 32 290
20 14 8 11 -15 54 0 0.01 M M 19.5 29 280 M M 10 189 44 280
21 19 10 15 -11 50 0 0.03 M M 13.1 24 280 M M 8 18 33 280
22 36 9 23 -3 42 0 0.00 M M 9.0 15 220 M M 2 22 230
23 44 33 39 13 26 0 T M M 6.9 17 260 M M 8 24 260
24 51 41 46 20 19 0 0.24 M M 6.3 13 200 M M 10 18 19 190
25 54 50 52 26 13 0 0.24 M M 6.9 17 150 M M 10 12 25 160
26 59 43 51 25 14 0 0.09 M M 13.1 25 260 M M 9 1 40 230
27 43 40 42 16 23 0 0.33 M M 5.8 13 90 M M 9 12 19 90
28 41 32 37 11 28 0 0.59 M M 8.4 16 320 M M 10 126 28 110
29 32 28 30 4 35 0 T M M 14.3 24 310 M M 10 1 33 310
30 35 29 32 6 33 0 0.00 M M 9.0 16 150 M M 8 26 140
31 41 29 35 9 30 0 T M M 6.4 16 260 M M 8 1 23 290
================================================================================
SM 1054 740 1111 0 4.00 M 348.1 M 256
================================================================================
AV 34.0 23.9 11.2 FASTST M M 8 MAX(MPH)
MISC ----> 36 270 52 280
================================================================================
NOTES:
# LAST OF SEVERAL OCCURRENCES
COLUMN 17 PEAK WIND IN M.P.H.
PRELIMINARY LOCAL CLIMATOLOGICAL DATA (WS FORM: F-6) , PAGE 2
STATION: JOHNSTOWN
MONTH: JANUARY
YEAR: 2024
LATITUDE: 40 18 N
LONGITUDE: 78 50 W
[TEMPERATURE DATA] [PRECIPITATION DATA] SYMBOLS USED IN COLUMN 16
AVERAGE MONTHLY: 28.9 TOTAL FOR MONTH: 4.00 1 = FOG OR MIST
DPTR FM NORMAL: 2.6 DPTR FM NORMAL: 1.46 2 = FOG REDUCING VISIBILITY
HIGHEST: 59 ON 26 GRTST 24HR 2.47 ON 9-10 TO 1/4 MILE OR LESS
LOWEST: 3 ON 17 3 = THUNDER
SNOW, ICE PELLETS, HAIL 4 = ICE PELLETS
TOTAL MONTH: M 5 = HAIL
GRTST 24HR M ON M 6 = FREEZING RAIN OR DRIZZLE
GRTST DEPTH: M ON M 7 = DUSTSTORM OR SANDSTORM:
VSBY 1/2 MILE OR LESS
8 = SMOKE OR HAZE
[NO. OF DAYS WITH] [WEATHER - DAYS WITH] 9 = BLOWING SNOW
X = TORNADO
MAX 32 OR BELOW: 14 0.01 INCH OR MORE: 17
MAX 90 OR ABOVE: 0 0.10 INCH OR MORE: 8
MIN 32 OR BELOW: 26 0.50 INCH OR MORE: 2
MIN 0 OR BELOW: 0 1.00 INCH OR MORE: 1
[HDD (BASE 65) ]
TOTAL THIS MO. 1111 CLEAR (SCALE 0-3) 1
DPTR FM NORMAL -89 PTCLDY (SCALE 4-7) 13
TOTAL FM JUL 1 3185 CLOUDY (SCALE 8-10) 17
DPTR FM NORMAL -431
[CDD (BASE 65) ]
TOTAL THIS MO. 0
DPTR FM NORMAL 0 [PRESSURE DATA]
TOTAL FM JAN 1 0 HIGHEST SLP 30.59 ON 21
DPTR FM NORMAL 0 LOWEST SLP 29.06 ON 9
[REMARKS]
#FINAL-01-24#