000
CXUS53 KGRR 010910
CF6JXN
PRELIMINARY LOCAL CLIMATOLOGICAL DATA (WS FORM: F-6)
STATION: JACKSON
MONTH: JULY
YEAR: 2021
LATITUDE: 42 16 N
LONGITUDE: 84 28 W
TEMPERATURE IN F: :PCPN: SNOW: WIND :SUNSHINE: SKY :PK WND
================================================================================
1 2 3 4 5 6A 6B 7 8 9 10 11 12 13 14 15 16 17 18
12Z AVG MX 2MIN
DY MAX MIN AVG DEP HDD CDD WTR SNW DPTH SPD SPD DIR MIN PSBL S-S WX SPD DR
================================================================================
1 80 59 70 -1 0 5 0.00 M M 6.7 15 340 M M 3 1 22 340
2 76 55 66 -5 0 1 0.00 M M 6.1 15 330 M M 2 23 360
3 81 52 67 -4 0 2 0.00 M M 6.4 20 220 M M 2 26 220
4 88 61 75 3 0 10 0.00 M M 4.5 13 230 M M 0 18 17 250
5 89 67 78 6 0 13 0.00 M M 9.7 20 230 M M 0 18 28 230
6 89 73 81 9 0 16 0.00 M M 9.8 17 220 M M 2 24 230
7 88 69 79 7 0 14 0.30 M M 6.5 16 220 M M 3 138 26 240
8 79 64 72 0 0 7 0.05 M M 6.4 14 270 M M 8 138 20 230
9 75 58 67 -5 0 2 0.01 M M 4.7 12 330 M M 9 1 16 310
10 78 52 65 -7 0 0 0.00 M M 5.8 13 80 M M 4 1 19 40
11 68 63 66 -6 0 1 0.18 M M 9.2 16 30 M M 9 18 22 20
12 72 64 68 -4 0 3 0.05 M M 6.2 10 90 M M 10 18 17 80
13 83 68 76 4 0 11 0.29 M M 7.0 16 200 M M 8 13 23 210
14 84 63 74 2 0 9 0.00 M M 5.7 14 220 M M 4 128 21 230
15 82 70 76 4 0 11 0.00 M M 10.1 18 240 M M 3 26 220
16 71 66 69 -3 0 4 1.31 M M 5.8 12 70 M M 10 1 18 60
17 79 63 71 -1 0 6 T M M 5.9 10 40 M M 7 18 18 40
18 83 57 70 -2 0 5 0.00 M M 2.3 8 40 M M 0 12 11 360
19 83 60 72 0 0 7 0.00 M M 4.3 12 300 M M 1 1 17 300
20 84 62 73 1 0 8 0.07 M M 6.0 20 30 M M 1 138 25 30
21 77 55 66 -6 0 1 0.00 M M 5.3 10 30 M M 5 17 30
22 79 51 65 -7 0 0 0.00 M M 3.8 13 120 M M 0 17 120
23 78 62 70 -2 0 5 0.52 M M 5.8 13 160 M M 7 13 17 120
24 86 70 78 6 0 13 0.44 M M 8.7 22 210 M M 5 1238 35 200
25 88 64 76 4 0 11 0.00 M M 4.6 12 240 M M 3 128 17 260
26 88 59 74 2 0 9 0.00 M M 4.0 10 280 M M 0 1 17 300
27 84 62 73 2 0 8 0.00 M M 4.7 13 270 M M 0 18 280
28 86 61 74 3 0 9 0.00 M M 2.2 8 20 M M 2 1 16 260
29 84 69 77 6 0 12 0.01 M M 8.8 18 260 M M 4 1 30 270
30 77 58 68 -3 0 3 0.00 M M 4.4 10 330 M M 3 18 340
31 78 54 66 -5 0 1 0.00 M M 4.4 14 220 M M 1 1 21 220
================================================================================
SM 2517 1911 0 207 3.23 M 185.8 M 116
================================================================================
AV 81.2 61.6 6.0 FASTST M M 4 MAX(MPH)
MISC ----> 22 210 35 200
================================================================================
NOTES:
# LAST OF SEVERAL OCCURRENCES
COLUMN 17 PEAK WIND IN M.P.H.
PRELIMINARY LOCAL CLIMATOLOGICAL DATA (WS FORM: F-6) , PAGE 2
STATION: JACKSON
MONTH: JULY
YEAR: 2021
LATITUDE: 42 16 N
LONGITUDE: 84 28 W
[TEMPERATURE DATA] [PRECIPITATION DATA] SYMBOLS USED IN COLUMN 16
AVERAGE MONTHLY: 71.4 TOTAL FOR MONTH: 3.23 1 = FOG OR MIST
DPTR FM NORMAL: -0.2 DPTR FM NORMAL: -0.12 2 = FOG REDUCING VISIBILITY
HIGHEST: 89 ON 6, 5 GRTST 24HR 1.31 ON 16-16 TO 1/4 MILE OR LESS
LOWEST: 51 ON 22 3 = THUNDER
SNOW, ICE PELLETS, HAIL 4 = ICE PELLETS
TOTAL MONTH: M 5 = HAIL
GRTST 24HR M ON M 6 = FREEZING RAIN OR DRIZZLE
GRTST DEPTH: M ON M 7 = DUSTSTORM OR SANDSTORM:
VSBY 1/2 MILE OR LESS
8 = SMOKE OR HAZE
[NO. OF DAYS WITH] [WEATHER - DAYS WITH] 9 = BLOWING SNOW
X = TORNADO
MAX 32 OR BELOW: 0 0.01 INCH OR MORE: 11
MAX 90 OR ABOVE: 0 0.10 INCH OR MORE: 6
MIN 32 OR BELOW: 0 0.50 INCH OR MORE: 2
MIN 0 OR BELOW: 0 1.00 INCH OR MORE: 1
[HDD (BASE 65) ]
TOTAL THIS MO. 0 CLEAR (SCALE 0-3) 17
DPTR FM NORMAL -9 PTCLDY (SCALE 4-7) 10
TOTAL FM JUL 1 0 CLOUDY (SCALE 8-10) 4
DPTR FM NORMAL 0
[CDD (BASE 65) ]
TOTAL THIS MO. 207
DPTR FM NORMAL -6 [PRESSURE DATA]
TOTAL FM JAN 1 482 HIGHEST SLP 30.24 ON 22
DPTR FM NORMAL 88 LOWEST SLP 29.74 ON 24
[REMARKS]
#FINAL-07-21#