000
CXUS53 KGID 011926
CF6JYR
PRELIMINARY LOCAL CLIMATOLOGICAL DATA (WS FORM: F-6)
STATION: YORK NE
MONTH: OCTOBER
YEAR: 2021
LATITUDE: 40 54 N
LONGITUDE: 97 37 W
TEMPERATURE IN F: :PCPN: SNOW: WIND :SUNSHINE: SKY :PK WND
================================================================================
1 2 3 4 5 6A 6B 7 8 9 10 11 12 13 14 15 16 17 18
12Z AVG MX 2MIN
DY MAX MIN AVG DEP HDD CDD WTR SNW DPTH SPD SPD DIR MIN PSBL S-S WX SPD DR
================================================================================
1 66 59 63 M 2 0 0.00 M M 3.2 8 280 M M 10 1 12 280
2 66 50 58 M 7 0 0.00 M M 6.4 13 320 M M 8 1 M M
3 79 48 64 M 1 0 0.00 M M 6.0 14 20 M M 0 20 360
4 81 45 63 M 2 0 0.00 M M 5.1 15 50 M M 0 23 30
5 79 43 61 M 4 0 0.00 M M 3.1 9 110 M M 0 18 16 120
6 73 46 60 M 5 0 0.00 M M 4.8 13 120 M M 5 12 17 120
7 75 52 64 M 1 0 0.00 M M 7.0 14 140 M M 1 12 15 150
8 84 52 68 M 0 3 0.00 M M 3.9 8 130 M M 0 M M
9 73 59 66 M 0 1 0.00 M M 8.3 14 140 M M 0 15 140
10 68 48 58 M 7 0 0.00 M M 9.3 18 320 M M 1 8 24 320
11 73 43 58 M 7 0 0.00 M M 5.5 14 330 M M 0 22 340
12 77 39 58 M 7 0 T M M 10.8 23 140 M M 3 30 140
13 64 41 53 M 12 0 0.38 M M 17.1 31 250 M M 2 1 43 250
14 59 34 47 M 18 0 T M M 6.4 16 320 M M 4 23 320
15 59 34 47 M 18 0 0.00 M M 8.5 20 280 M M 2 27 280
16 64 32 48 M 17 0 0.00 M M 8.1 16 280 M M 0 18 280
17 75 36 56 M 9 0 0.00 M M 8.4 15 220 M M 0 20 210
18 73 41 57 M 8 0 0.00 M M 12.5 24 160 M M 0 29 170
19 75 52 64 M 1 0 0.00 M M 12.6 21 140 M M 1 27 140
20 59 43 51 M 14 0 0.00 M M 17.4 25 300 M M 9 33 300
21 54 34 44 M 21 0 0.00 M M 8.8 17 310 M M 2 8 24 310
22 66 30 48 M 17 0 0.00 M M 8.4 15 100 M M 0 21 100
23 59 39 49 M 16 0 T M M 14.7 22 90 M M 8 27 100
24 50 43 47 M 18 0 0.29 M M 12.4 18 10 M M 10 1 24 10
25 48 37 43 M 22 0 0.00 M M 7.6 12 130 M M 7 1 20 360
26 59 41 50 M 15 0 0.03 M M 17.3 23 130 M M 10 1 31 140
27 59 48 54 M 11 0 1.49 M M 12.9 27 130 M M 9 1 36 130
28 59 43 51 M 14 0 0.00 M M 16.7 27 330 M M 2 36 330
29 61 34 48 M 17 0 0.00 M M 11.0 18 360 M M 0 27 10
30 66 34 50 M 15 0 0.00 M M 10.4 22 360 M M 0 32 360
31 46 36 41 M 24 0 0.00 M M 8.5 15 360 M M 8 25 340
================================================================================
SM 2049 1316 330 4 2.19 M 293.1 M 102
================================================================================
AV 66.1 42.5 9.5 FASTST M M 3 MAX(MPH)
MISC ----> 31 250 M M
================================================================================
NOTES:
# LAST OF SEVERAL OCCURRENCES
COLUMN 17 PEAK WIND IN M.P.H.
PRELIMINARY LOCAL CLIMATOLOGICAL DATA (WS FORM: F-6) , PAGE 2
STATION: YORK NE
MONTH: OCTOBER
YEAR: 2021
LATITUDE: 40 54 N
LONGITUDE: 97 37 W
[TEMPERATURE DATA] [PRECIPITATION DATA] SYMBOLS USED IN COLUMN 16
AVERAGE MONTHLY: 54.3 TOTAL FOR MONTH: 2.19 1 = FOG OR MIST
DPTR FM NORMAL: M DPTR FM NORMAL: M 2 = FOG REDUCING VISIBILITY
HIGHEST: 84 ON 8 GRTST 24HR 1.49 ON 27-27 TO 1/4 MILE OR LESS
LOWEST: 30 ON 22 3 = THUNDER
SNOW, ICE PELLETS, HAIL 4 = ICE PELLETS
TOTAL MONTH: M 5 = HAIL
GRTST 24HR M ON M 6 = FREEZING RAIN OR DRIZZLE
GRTST DEPTH: M ON M 7 = DUSTSTORM OR SANDSTORM:
VSBY 1/2 MILE OR LESS
8 = SMOKE OR HAZE
[NO. OF DAYS WITH] [WEATHER - DAYS WITH] 9 = BLOWING SNOW
X = TORNADO
MAX 32 OR BELOW: 0 0.01 INCH OR MORE: 4
MAX 90 OR ABOVE: 0 0.10 INCH OR MORE: 3
MIN 32 OR BELOW: 2 0.50 INCH OR MORE: 1
MIN 0 OR BELOW: 0 1.00 INCH OR MORE: 1
[HDD (BASE 65) ]
TOTAL THIS MO. 330 CLEAR (SCALE 0-3) 20
DPTR FM NORMAL M PTCLDY (SCALE 4-7) 3
TOTAL FM JUL 1 362 CLOUDY (SCALE 8-10) 8
DPTR FM NORMAL M
[CDD (BASE 65) ]
TOTAL THIS MO. 4
DPTR FM NORMAL M [PRESSURE DATA]
TOTAL FM JAN 1 1099 HIGHEST SLP M ON M
DPTR FM NORMAL M LOWEST SLP M ON M
[REMARKS]
#FINAL-10-21#