000
CXUS55 KPUB 011310
CF6LAA
PRELIMINARY LOCAL CLIMATOLOGICAL DATA (WS FORM: F-6)
STATION: LAMAR CO
MONTH: NOVEMBER
YEAR: 2023
LATITUDE: 38 4 N
LONGITUDE: 102 41 W
TEMPERATURE IN F: :PCPN: SNOW: WIND :SUNSHINE: SKY :PK WND
================================================================================
1 2 3 4 5 6A 6B 7 8 9 10 11 12 13 14 15 16 17 18
12Z AVG MX 2MIN
DY MAX MIN AVG DEP HDD CDD WTR SNW DPTH SPD SPD DIR MIN PSBL S-S WX SPD DR
================================================================================
1 70 18 44 -3 21 0 0.00 M M 5.1 12 290 M M 0 15 270
2 74 23 49 3 16 0 0.00 M M 7.1 14 270 M M 0 8 19 230
3 78 33 56 10 9 0 0.00 M M 6.5 17 70 M M 0 25 70
4 70 28 49 3 16 0 0.00 M M 6.2 14 180 M M 0 18 180
5 80 26 53 8 12 0 0.00 M M 5.1 15 210 M M 0 20 250
6 75 33 54 9 11 0 0.00 M M 6.9 17 180 M M 0 24 170
7 86 32 59 15 6 0 0.00 M M 8.8 25 300 M M 0 8 35 320
8 64 34 49 5 16 0 0.00 M M 10.0 23 10 M M 3 33 20
9 54 32 43 -1 22 0 0.00 M M 3.1 12 210 M M 8 15 220
10 63 21 42 -1 23 0 0.00 M M 10.3 29 190 M M 1 37 180
11 64 19 42 -1 23 0 0.00 M M 5.3 14 290 M M 0 17 280
12 70 22 46 3 19 0 0.00 M M 7.6 18 90 M M 0 24 90
13 69 17 43 1 22 0 0.00 M M 10.2 24 180 M M 0 33 190
14 69 22 46 4 19 0 0.00 M M 4.5 12 210 M M 0 15 280
15 69 20 45 3 20 0 0.00 M M 6.2 15 140 M M 0 19 140
16 79 31 55 14 10 0 0.00 M M 6.9 17 80 M M 0 25 80
17 68 21 45 4 20 0 0.00 M M 5.5 10 80 M M 0 16 280
18 68 21 45 5 20 0 0.00 M M 5.0 14 230 M M 1 17 220
19 67 31 49 9 16 0 0.00 M M 7.1 18 10 M M 1 24 10
20 51 32 42 3 23 0 0.00 M M 18.8 35 360 M M 7 50 360
21 57 25 41 2 24 0 0.00 M M 12.1 24 10 M M 2 31 350
22 73 23 48 9 17 0 0.00 M M 7.2 14 160 M M 0 18 160
23 46 21 34 -4 31 0 0.00 M M 10.6 20 40 M M 2 28 50
24 28 20 24 -14 41 0 0.01 M M 9.1 18 70 M M 10 1 23 70
25 27 15 21 -16 44 0 0.01 M M 7.6 12 280 M M 8 1 17 110
26 46 13 30 -7 35 0 0.00 M M 8.1 17 280 M M 0 22 350
27 46 6 26 -10 39 0 0.00 M M 6.2 12 210 M M 0 16 290
28 60 12 36 0 29 0 0.00 M M 7.4 15 260 M M 0 20 270
29 66 5 36 0 29 0 0.00 M M 7.3 20 180 M M 0 26 180
30 47 8 28 -7 37 0 0.00 M M 7.9 16 30 M M 0 M M
================================================================================
SM 1884 664 670 0 0.02 M 229.7 M 43
================================================================================
AV 62.8 22.1 7.7 FASTST M M 1 MAX(MPH)
MISC ----> 35 360 50 360
================================================================================
NOTES:
# LAST OF SEVERAL OCCURRENCES
COLUMN 17 PEAK WIND IN M.P.H.
PRELIMINARY LOCAL CLIMATOLOGICAL DATA (WS FORM: F-6) , PAGE 2
STATION: LAMAR CO
MONTH: NOVEMBER
YEAR: 2023
LATITUDE: 38 4 N
LONGITUDE: 102 41 W
[TEMPERATURE DATA] [PRECIPITATION DATA] SYMBOLS USED IN COLUMN 16
AVERAGE MONTHLY: 42.5 TOTAL FOR MONTH: 0.02 1 = FOG OR MIST
DPTR FM NORMAL: 1.4 DPTR FM NORMAL: -0.36 2 = FOG REDUCING VISIBILITY
HIGHEST: 86 ON 7 GRTST 24HR 0.01 ON 24-24 TO 1/4 MILE OR LESS
LOWEST: 5 ON 29 3 = THUNDER
SNOW, ICE PELLETS, HAIL 4 = ICE PELLETS
TOTAL MONTH: M 5 = HAIL
GRTST 24HR M ON M 6 = FREEZING RAIN OR DRIZZLE
GRTST DEPTH: M ON M 7 = DUSTSTORM OR SANDSTORM:
VSBY 1/2 MILE OR LESS
8 = SMOKE OR HAZE
[NO. OF DAYS WITH] [WEATHER - DAYS WITH] 9 = BLOWING SNOW
X = TORNADO
MAX 32 OR BELOW: 2 0.01 INCH OR MORE: 2
MAX 90 OR ABOVE: 0 0.10 INCH OR MORE: 0
MIN 32 OR BELOW: 27 0.50 INCH OR MORE: 0
MIN 0 OR BELOW: 0 1.00 INCH OR MORE: 0
[HDD (BASE 65) ]
TOTAL THIS MO. 670 CLEAR (SCALE 0-3) 26
DPTR FM NORMAL -46 PTCLDY (SCALE 4-7) 3
TOTAL FM JUL 1 1034 CLOUDY (SCALE 8-10) 1
DPTR FM NORMAL -110
[CDD (BASE 65) ]
TOTAL THIS MO. 0
DPTR FM NORMAL 0 [PRESSURE DATA]
TOTAL FM JAN 1 1181 HIGHEST SLP 30.50 ON 21
DPTR FM NORMAL -134 LOWEST SLP 29.53 ON 7
[REMARKS]
#FINAL-11-23#