000
CXUS53 KIND 010600
CF6LAF
PRELIMINARY LOCAL CLIMATOLOGICAL DATA (WS FORM: F-6)
STATION: LAFAYETTE IN
MONTH: MAY
YEAR: 2023
LATITUDE: 40 25 N
LONGITUDE: 86 56 W
TEMPERATURE IN F: :PCPN: SNOW: WIND :SUNSHINE: SKY :PK WND
================================================================================
1 2 3 4 5 6A 6B 7 8 9 10 11 12 13 14 15 16 17 18
12Z AVG MX 2MIN
DY MAX MIN AVG DEP HDD CDD WTR SNW DPTH SPD SPD DIR MIN PSBL S-S WX SPD DR
================================================================================
1 45 40 43 -14 22 0 0.12 M M 11.7 28 290 M M 10 1 39 290
2 58 40 49 -8 16 0 T M M 10.7 23 290 M M 9 33 280
3 61 39 50 -7 15 0 0.00 M M 8.6 18 340 M M 4 28 330
4 69 35 52 -6 13 0 0.00 M M 3.3 9 110 M M 0 1 12 240
5 76 48 62 4 3 0 0.00 M M 7.2 18 140 M M 0 26 160
6 76 56 66 8 0 1 T M M 7.6 17 190 M M 5 3 27 180
7 81 61 71 12 0 6 0.24 M M 7.3 18 130 M M 5 138 29 220
8 77 58 68 9 0 3 0.03 M M 7.0 17 20 M M 4 3 23 20
9 74 53 64 5 1 0 0.00 M M 6.9 15 50 M M 1 1 21 50
10 77 47 62 2 3 0 0.00 M M 4.1 15 120 M M 0 22 130
11 81 51 66 6 0 1 0.00 M M 4.8 13 150 M M 0 8 19 150
12 80 63 72 12 0 7 T M M 4.6 13 230 M M 4 1 22 230
13 81 64 73 12 0 8 0.37 M M 4.4 15 70 M M 7 1 21 60
14 74 57 66 5 0 1 0.07 M M 11.4 23 70 M M 9 33 70
15 73 56 65 4 0 0 T M M 6.2 15 90 M M 6 21 100
16 74 53 64 2 1 0 T M M 4.0 16 300 M M 4 26 290
17 71 50 61 -1 4 0 0.00 M M 8.3 16 90 M M 1 24 90
18 75 43 59 -3 6 0 0.00 M M 4.9 12 90 M M 0 15 110
19 82 50 66 3 0 1 M M M 5.3 17 320 M M 5 18 28 200
20 66 44 55 -8 10 0 0.00 M M 7.7 17 20 M M 3 23 340
21 79 41 60 -3 5 0 0.00 M M 2.9 12 270 M M 0 1 18 60
22 82 47 65 1 0 0 0.00 M M 2.6 9 20 M M 0 13 50
23 83 50 67 3 0 2 0.00 M M 2.2 14 40 M M 0 20 60
24 86 52 69 5 0 4 0.00 M M 7.7 21 90 M M 1 29 10
25 71 49 60 -5 5 0 0.00 M M 13.1 23 70 M M 0 32 70
26 77 46 62 -3 3 0 0.00 M M 11.1 21 70 M M 0 27 60
27 79 47 63 -2 2 0 0.00 M M 6.1 17 70 M M 0 25 40
28 82 56 69 3 0 4 0.00 M M 4.5 15 20 M M 2 21 10
29 86 53 70 4 0 5 0.00 M M 3.5 13 60 M M 3 19 10
30 89 56 73 7 0 8 0.00 M M 4.1 10 130 M M 1 19 140
31 90 64 77 10 0 12 T M M 3.9 15 260 M M 1 3 21 270
================================================================================
SM 2355 1569 109 63 0.83 M 197.7 M 85
================================================================================
AV 76.0 50.6 6.4 FASTST M M 3 MAX(MPH)
MISC ----> 28 290 39 290
================================================================================
NOTES:
# LAST OF SEVERAL OCCURRENCES
COLUMN 17 PEAK WIND IN M.P.H.
PRELIMINARY LOCAL CLIMATOLOGICAL DATA (WS FORM: F-6) , PAGE 2
STATION: LAFAYETTE IN
MONTH: MAY
YEAR: 2023
LATITUDE: 40 25 N
LONGITUDE: 86 56 W
[TEMPERATURE DATA] [PRECIPITATION DATA] SYMBOLS USED IN COLUMN 16
AVERAGE MONTHLY: 63.3 TOTAL FOR MONTH: 0.83 1 = FOG OR MIST
DPTR FM NORMAL: 1.7 DPTR FM NORMAL: -3.21 2 = FOG REDUCING VISIBILITY
HIGHEST: 90 ON 31 GRTST 24HR 0.41 ON 13-14 TO 1/4 MILE OR LESS
LOWEST: 35 ON 4 3 = THUNDER
SNOW, ICE PELLETS, HAIL 4 = ICE PELLETS
TOTAL MONTH: M 5 = HAIL
GRTST 24HR M ON M 6 = FREEZING RAIN OR DRIZZLE
GRTST DEPTH: M ON M 7 = DUSTSTORM OR SANDSTORM:
VSBY 1/2 MILE OR LESS
8 = SMOKE OR HAZE
[NO. OF DAYS WITH] [WEATHER - DAYS WITH] 9 = BLOWING SNOW
X = TORNADO
MAX 32 OR BELOW: 0 0.01 INCH OR MORE: 5
MAX 90 OR ABOVE: 1 0.10 INCH OR MORE: 3
MIN 32 OR BELOW: 0 0.50 INCH OR MORE: 0
MIN 0 OR BELOW: 0 1.00 INCH OR MORE: 0
[HDD (BASE 65) ]
TOTAL THIS MO. 109 CLEAR (SCALE 0-3) 19
DPTR FM NORMAL -61 PTCLDY (SCALE 4-7) 9
TOTAL FM JUL 1 5112 CLOUDY (SCALE 8-10) 3
DPTR FM NORMAL -688
[CDD (BASE 65) ]
TOTAL THIS MO. 63
DPTR FM NORMAL -1 [PRESSURE DATA]
TOTAL FM JAN 1 74 HIGHEST SLP M ON M
DPTR FM NORMAL 0 LOWEST SLP 29.43 ON 1
[REMARKS]
#FINAL-05-23#