000
CXUS53 KIND 010600
CF6LAF
PRELIMINARY LOCAL CLIMATOLOGICAL DATA (WS FORM: F-6)
STATION: LAFAYETTE IN
MONTH: AUGUST
YEAR: 2022
LATITUDE: 40 25 N
LONGITUDE: 86 56 W
TEMPERATURE IN F: :PCPN: SNOW: WIND :SUNSHINE: SKY :PK WND
================================================================================
1 2 3 4 5 6A 6B 7 8 9 10 11 12 13 14 15 16 17 18
12Z AVG MX 2MIN
DY MAX MIN AVG DEP HDD CDD WTR SNW DPTH SPD SPD DIR MIN PSBL S-S WX SPD DR
================================================================================
1 90 68 79 6 0 14 0.06 M M 7.5 20 280 M M 5 13 29 270
2 86 63 75 2 0 10 0.00 M M 4.3 15 240 M M 1 12 23 230
3 95 69 82 9 0 17 0.61 M M 6.5 29 290 M M 2 13 40 290
4 86 70 78 5 0 13 T M M 2.8 12 190 M M 7 17 190
5 89 70 80 7 0 15 0.01 M M 2.7 10 70 M M 6 13 15 350
6 91 70 81 8 0 16 0.00 M M 3.7 13 240 M M 4 12 18 210
7 92 74 83 10 0 18 T M M 5.9 28 330 M M 2 37 330
8 89 70 80 7 0 15 M M M 7.4 18 10 M M 3 13 28 220
9 77 62 70 -3 0 5 T M M 5.3 15 20 M M 8 19 30
10 84 61 73 0 0 8 0.00 M M 3.6 12 330 M M 4 1 15 340
11 85 61 73 0 0 8 0.00 M M 6.9 18 30 M M 3 12 25 20
12 79 55 67 -6 0 2 0.00 M M 4.6 14 40 M M 0 19 40
13 80 55 68 -5 0 3 T M M 4.3 14 190 M M 2 22 190
14 78 65 72 -1 0 7 0.85 M M 5.5 12 20 M M 10 123 16 40
15 81 66 74 2 0 9 0.00 M M 8.0 14 50 M M 6 1 21 20
16 85 60 73 1 0 8 0.00 M M 6.1 16 40 M M 1 21 30
17 84 57 71 -1 0 6 0.00 M M 4.9 15 50 M M 1 1 19 70
18 85 57 71 -1 0 6 0.00 M M 2.1 13 320 M M 0 1 17 330
19 87 59 73 1 0 8 0.00 M M 3.0 10 230 M M 1 18 240
20 83 64 74 2 0 9 M M M 5.0 20 320 M M 3 13 31 310
21 83 65 74 2 0 9 0.05 M M 5.4 13 330 M M 6 13 20 320
22 84 61 73 1 0 8 0.00 M M 4.5 14 330 M M 4 12 17 340
23 85 61 73 1 0 8 0.00 M M 2.8 10 340 M M 2 128 17 330
24 86 61 74 2 0 9 0.00 M M 1.5 9 270 M M 3 128 13 270
25 83 58 71 0 0 6 0.08 M M 3.5 16 270 M M 5 123 24 280
26 83 62 73 2 0 8 0.00 M M 5.3 14 340 M M 4 12 20 330
27 85 58 72 1 0 7 0.00 M M 4.8 10 100 M M 2 15 100
28 92 68 80 9 0 15 0.09 M M 7.1 17 230 M M 1 13 30 240
29 90 65 78 7 0 13 1.52 M M 6.9 29 360 M M 6 13 47 350
30 81 59 70 0 0 5 0.33 M M 8.1 21 320 M M 3 1 29 330
31 81 54 68 -2 0 3 0.00 M M 4.3 15 270 M M 0 1 20 280
================================================================================
SM 2639 1948 0 288 3.60 M 154.3 M 105
================================================================================
AV 85.1 62.8 5.0 FASTST M M 3 MAX(MPH)
MISC ----> # 29 290 47 350
================================================================================
NOTES:
# LAST OF SEVERAL OCCURRENCES
COLUMN 17 PEAK WIND IN M.P.H.
PRELIMINARY LOCAL CLIMATOLOGICAL DATA (WS FORM: F-6) , PAGE 2
STATION: LAFAYETTE IN
MONTH: AUGUST
YEAR: 2022
LATITUDE: 40 25 N
LONGITUDE: 86 56 W
[TEMPERATURE DATA] [PRECIPITATION DATA] SYMBOLS USED IN COLUMN 16
AVERAGE MONTHLY: 74.0 TOTAL FOR MONTH: 3.60 1 = FOG OR MIST
DPTR FM NORMAL: 1.8 DPTR FM NORMAL: 0.48 2 = FOG REDUCING VISIBILITY
HIGHEST: 95 ON 3 GRTST 24HR 1.78 ON 29-30 TO 1/4 MILE OR LESS
LOWEST: 54 ON 31 3 = THUNDER
SNOW, ICE PELLETS, HAIL 4 = ICE PELLETS
TOTAL MONTH: M 5 = HAIL
GRTST 24HR M ON M 6 = FREEZING RAIN OR DRIZZLE
GRTST DEPTH: M ON M 7 = DUSTSTORM OR SANDSTORM:
VSBY 1/2 MILE OR LESS
8 = SMOKE OR HAZE
[NO. OF DAYS WITH] [WEATHER - DAYS WITH] 9 = BLOWING SNOW
X = TORNADO
MAX 32 OR BELOW: 0 0.01 INCH OR MORE: 9
MAX 90 OR ABOVE: 6 0.10 INCH OR MORE: 4
MIN 32 OR BELOW: 0 0.50 INCH OR MORE: 3
MIN 0 OR BELOW: 0 1.00 INCH OR MORE: 1
[HDD (BASE 65) ]
TOTAL THIS MO. 0 CLEAR (SCALE 0-3) 17
DPTR FM NORMAL -7 PTCLDY (SCALE 4-7) 13
TOTAL FM JUL 1 0 CLOUDY (SCALE 8-10) 1
DPTR FM NORMAL -4
[CDD (BASE 65) ]
TOTAL THIS MO. 288
DPTR FM NORMAL 58 [PRESSURE DATA]
TOTAL FM JAN 1 974 HIGHEST SLP M ON M
DPTR FM NORMAL 207 LOWEST SLP 29.79 ON 3
[REMARKS]
#FINAL-08-22#