000
CXUS52 KTBW 011000
CF6LAL
PRELIMINARY LOCAL CLIMATOLOGICAL DATA (WS FORM: F-6)
STATION: LAKELAND LINDER
MONTH: MAY
YEAR: 2023
LATITUDE: 28 0 N
LONGITUDE: 82 3 W
TEMPERATURE IN F: :PCPN: SNOW: WIND :SUNSHINE: SKY :PK WND
================================================================================
1 2 3 4 5 6A 6B 7 8 9 10 11 12 13 14 15 16 17 18
12Z AVG MX 2MIN
DY MAX MIN AVG DEP HDD CDD WTR SNW DPTH SPD SPD DIR MIN PSBL S-S WX SPD DR
================================================================================
1 85 61 73 -3 0 8 0.00 0.0 0 8.2 16 270 M M 1 24 270
2 87 62 75 -1 0 10 0.00 0.0 0 8.9 16 260 M M 1 22 270
3 86 63 75 -1 0 10 0.00 0.0 0 7.1 18 310 M M 1 1 23 310
4 87 56 72 -4 0 7 0.00 0.0 0 3.6 10 280 M M 0 M M
5 88 60 74 -2 0 9 0.00 0.0 0 6.1 16 100 M M 2 22 100
6 90 70 80 3 0 15 0.00 0.0 0 9.2 20 70 M M 5 29 70
7 87 68 78 1 0 13 0.00 0.0 0 11.0 17 90 M M 2 24 90
8 88 61 75 -2 0 10 0.00 0.0 0 4.6 9 330 M M 0 M M
9 92 65 79 2 0 14 0.00 0.0 0 3.7 10 290 M M 2 M M
10 95 69 82 4 0 17 0.00 0.0 0 3.3 12 330 M M 2 M M
11 94 73 84 6 0 19 0.00 0.0 0 9.0 15 120 M M 2 21 120
12 93 71 82 4 0 17 0.00 0.0 0 8.2 15 100 M M 2 22 90
13 91 69 80 2 0 15 0.00 0.0 0 4.6 22 10 M M 5 27 10
14 90 69 80 2 0 15 0.24 0.0 0 6.9 13 90 M M 3 3 16 60
15 90 67 79 1 0 14 0.00 0.0 0 6.4 13 90 M M 1 16 70
16 92 70 81 2 0 16 0.00 0.0 0 3.4 15 310 M M 4 20 310
17 93 69 81 2 0 16 0.05 0.0 0 5.9 15 270 M M 3 1 22 270
18 94 70 82 3 0 17 0.00 0.0 0 3.6 17 300 M M 4 21 300
19 94 68 81 2 0 16 1.70 0.0 0 4.1 14 330 M M 3 3 M M
20 92 72 82 2 0 17 0.57 0.0 0 5.0 14 100 M M 5 17 160
21 91 75 83 3 0 18 0.37 0.0 0 3.5 8 150 M M 7 3 M M
22 92 72 82 2 0 17 0.00 0.0 0 5.5 23 60 M M 4 30 80
23 89 70 80 0 0 15 0.26 0.0 0 4.4 21 80 M M 6 13 25 80
24 88 69 79 -1 0 14 1.23 0.0 0 4.9 25 30 M M 5 3 39 40
25 85 68 77 -3 0 12 0.83 0.0 0 9.1 18 110 M M 6 3 31 350
26 85 65 75 -5 0 10 3.50 0.0 0 9.3 23 20 M M 4 3 29 20
27 85 62 74 -7 0 9 0.00 0.0 0 5.6 9 350 M M 1 M M
28 86 67 77 -4 0 12 0.00 0.0 0 5.6 12 320 M M 4 M M
29 87 64 76 -5 0 11 0.00 0.0 0 4.8 12 30 M M 2 M M
30 88 66 77 -4 0 12 0.00 0.0 0 3.6 10 110 M M 1 M M
31 88 73 81 0 0 16 0.00 0.0 0 9.6 16 90 M M 5 23 100
================================================================================
SM 2772 2084 0 421 8.75 0.0 188.7 M 93
================================================================================
AV 89.4 67.2 6.1 FASTST M M 3 MAX(MPH)
MISC ----> 25 30 39 40
================================================================================
NOTES:
# LAST OF SEVERAL OCCURRENCES
COLUMN 17 PEAK WIND IN M.P.H.
PRELIMINARY LOCAL CLIMATOLOGICAL DATA (WS FORM: F-6) , PAGE 2
STATION: LAKELAND LINDER
MONTH: MAY
YEAR: 2023
LATITUDE: 28 0 N
LONGITUDE: 82 3 W
[TEMPERATURE DATA] [PRECIPITATION DATA] SYMBOLS USED IN COLUMN 16
AVERAGE MONTHLY: 78.3 TOTAL FOR MONTH: 8.75 1 = FOG OR MIST
DPTR FM NORMAL: 0.1 DPTR FM NORMAL: 4.95 2 = FOG REDUCING VISIBILITY
HIGHEST: 95 ON 10 GRTST 24HR 3.50 ON 26-26 TO 1/4 MILE OR LESS
LOWEST: 56 ON 4 3 = THUNDER
SNOW, ICE PELLETS, HAIL 4 = ICE PELLETS
TOTAL MONTH: 0.0 INCH 5 = HAIL
GRTST 24HR 0.0 6 = FREEZING RAIN OR DRIZZLE
GRTST DEPTH: 0 7 = DUSTSTORM OR SANDSTORM:
VSBY 1/2 MILE OR LESS
8 = SMOKE OR HAZE
[NO. OF DAYS WITH] [WEATHER - DAYS WITH] 9 = BLOWING SNOW
X = TORNADO
MAX 32 OR BELOW: 0 0.01 INCH OR MORE: 9
MAX 90 OR ABOVE: 15 0.10 INCH OR MORE: 8
MIN 32 OR BELOW: 0 0.50 INCH OR MORE: 5
MIN 0 OR BELOW: 0 1.00 INCH OR MORE: 3
[HDD (BASE 65) ]
TOTAL THIS MO. 0 CLEAR (SCALE 0-3) 16
DPTR FM NORMAL 0 PTCLDY (SCALE 4-7) 15
TOTAL FM JUL 1 248 CLOUDY (SCALE 8-10) 0
DPTR FM NORMAL -197
[CDD (BASE 65) ]
TOTAL THIS MO. 421
DPTR FM NORMAL -1 [PRESSURE DATA]
TOTAL FM JAN 1 1340 HIGHEST SLP M ON M
DPTR FM NORMAL 396 LOWEST SLP M ON M
[REMARKS]
#FINAL-05-23#