000
CXUS52 KTBW 011100
CF6LAL
PRELIMINARY LOCAL CLIMATOLOGICAL DATA (WS FORM: F-6)
STATION: LAKELAND LINDER
MONTH: NOVEMBER
YEAR: 2021
LATITUDE: 28 0 N
LONGITUDE: 82 3 W
TEMPERATURE IN F: :PCPN: SNOW: WIND :SUNSHINE: SKY :PK WND
================================================================================
1 2 3 4 5 6A 6B 7 8 9 10 11 12 13 14 15 16 17 18
12Z AVG MX 2MIN
DY MAX MIN AVG DEP HDD CDD WTR SNW DPTH SPD SPD DIR MIN PSBL S-S WX SPD DR
================================================================================
1 76 55 66 -7 0 1 0.00 0.0 0 2.8 7 340 M M 2 M M
2 84 61 73 1 0 8 0.00 0.0 0 3.6 7 60 M M 4 M M
3 83 65 74 2 0 9 0.00 0.0 0 4.8 10 60 M M 2 M M
4 83 65 74 2 0 9 0.00 0.0 0 7.3 13 50 M M 2 M M
5 77 66 72 0 0 7 2.10 0.0 0 10.7 15 50 M M 10 1 21 40
6 67 54 61 -10 4 0 1.32 0.0 0 11.8 18 350 M M 10 1 27 350
7 72 52 62 -9 3 0 0.00 0.0 0 9.0 15 320 M M 3 22 320
8 73 51 62 -9 3 0 0.00 0.0 0 7.6 12 10 M M 0 18 30
9 79 54 67 -4 0 2 0.00 0.0 0 7.7 17 40 M M 3 M M
10 80 62 71 1 0 6 0.03 0.0 0 6.9 15 80 M M 5 1 18 90
11 81 66 74 4 0 9 0.12 0.0 0 2.9 10 100 M M 8 M M
12 79 68 74 4 0 9 0.12 0.0 0 0.7 7 350 M M 5 1 M M
13 79 62 71 1 0 6 0.10 0.0 0 4.2 12 270 M M 6 12 M M
14 72 51 62 -8 3 0 0.02 0.0 0 4.4 9 320 M M 0 16 280
15 73 49 61 -8 4 0 0.00 0.0 0 5.1 13 30 M M 0 M M
16 78 48 63 -6 2 0 0.00 0.0 0 5.3 12 90 M M 0 M M
17 81 57 69 0 0 4 0.00 0.0 0 4.7 12 90 M M 2 18 90
18 78 66 72 3 0 7 0.01 0.0 0 4.2 9 90 M M 4 M M
19 81 67 74 6 0 9 T 0.0 0 10.7 18 50 M M 7 24 30
20 79 64 72 4 0 7 0.07 0.0 0 13.0 22 60 M M 7 1 30 60
21 79 66 73 5 0 8 0.02 0.0 0 9.1 18 90 M M 9 1 18 70
22 75 65 70 2 0 5 0.33 0.0 0 6.5 14 270 M M 3 1 M M
23 74 51 63 -5 2 0 0.00 0.0 0 9.8 16 20 M M 0 18 60
24 72 45 59 -8 6 0 0.00 0.0 0 10.0 16 90 M M 2 23 90
25 77 53 65 -2 0 0 0.00 0.0 0 3.1 10 70 M M 2 M M
26 78 54 66 -1 0 1 0.00 0.0 0 3.3 14 290 M M 4 M M
27 74 48 61 -6 4 0 0.00 0.0 0 4.7 7 360 M M 0 M M
28 68 48 58 -8 7 0 0.00 0.0 0 2.2 7 340 M M 4 M M
29 M M M M M M M 0.0 0 4.8 12 320 M M 3 18 320
30 M M M M M M M M M 3.5 9 70 M M 0 M M
================================================================================
SM 2152 1613 38 107 4.24 0.0 184.4 M 107
================================================================================
AV 76.9 57.6 6.1 FASTST M M 4 MAX(MPH)
MISC ----> 22 60 30 60
================================================================================
NOTES:
# LAST OF SEVERAL OCCURRENCES
COLUMN 17 PEAK WIND IN M.P.H.
PRELIMINARY LOCAL CLIMATOLOGICAL DATA (WS FORM: F-6) , PAGE 2
STATION: LAKELAND LINDER
MONTH: NOVEMBER
YEAR: 2021
LATITUDE: 28 0 N
LONGITUDE: 82 3 W
[TEMPERATURE DATA] [PRECIPITATION DATA] SYMBOLS USED IN COLUMN 16
AVERAGE MONTHLY: 67.2 TOTAL FOR MONTH: 4.24 1 = FOG OR MIST
DPTR FM NORMAL: -2.0 DPTR FM NORMAL: 2.31 2 = FOG REDUCING VISIBILITY
HIGHEST: 84 ON 2 GRTST 24HR 2.10 ON 5- 5 TO 1/4 MILE OR LESS
LOWEST: 45 ON 24 3 = THUNDER
SNOW, ICE PELLETS, HAIL 4 = ICE PELLETS
TOTAL MONTH: 0.0 INCH 5 = HAIL
GRTST 24HR 0.0 6 = FREEZING RAIN OR DRIZZLE
GRTST DEPTH: 0 7 = DUSTSTORM OR SANDSTORM:
VSBY 1/2 MILE OR LESS
8 = SMOKE OR HAZE
[NO. OF DAYS WITH] [WEATHER - DAYS WITH] 9 = BLOWING SNOW
X = TORNADO
MAX 32 OR BELOW: 0 0.01 INCH OR MORE: 11
MAX 90 OR ABOVE: 0 0.10 INCH OR MORE: 6
MIN 32 OR BELOW: 0 0.50 INCH OR MORE: 2
MIN 0 OR BELOW: 0 1.00 INCH OR MORE: 2
[HDD (BASE 65) ]
TOTAL THIS MO. 38 CLEAR (SCALE 0-3) 17
DPTR FM NORMAL -1 PTCLDY (SCALE 4-7) 10
TOTAL FM JUL 1 38 CLOUDY (SCALE 8-10) 3
DPTR FM NORMAL -4
[CDD (BASE 65) ]
TOTAL THIS MO. 107
DPTR FM NORMAL -58 [PRESSURE DATA]
TOTAL FM JAN 1 3958 HIGHEST SLP M ON M
DPTR FM NORMAL 318 LOWEST SLP M ON M
[REMARKS]
#FINAL-11-21#