000
CXUS52 KTBW 011629
CF6LAL
PRELIMINARY LOCAL CLIMATOLOGICAL DATA (WS FORM: F-6)
STATION: LAKELAND LINDER
MONTH: JULY
YEAR: 2021
LATITUDE: 28 0 N
LONGITUDE: 82 3 W
TEMPERATURE IN F: :PCPN: SNOW: WIND :SUNSHINE: SKY :PK WND
================================================================================
1 2 3 4 5 6A 6B 7 8 9 10 11 12 13 14 15 16 17 18
12Z AVG MX 2MIN
DY MAX MIN AVG DEP HDD CDD WTR SNW DPTH SPD SPD DIR MIN PSBL S-S WX SPD DR
================================================================================
1 89 73 81 -2 0 16 0.10 0.0 0 2.6 12 140 M M 4 3 21 140
2 87 73 80 -3 0 15 0.58 0.0 0 5.3 13 260 M M 4 13 18 250
3 88 75 82 -1 0 17 1.10 0.0 0 5.2 9 200 M M 4 13 13 320
4 92 72 82 -1 0 17 0.50 0.0 0 4.4 12 280 M M 4 1 16 230
5 93 75 84 1 0 19 0.01 0.0 0 4.8 24 120 M M 4 13 29 120
6 94 74 84 1 0 19 1.03 0.0 0 8.2 25 120 M M 6 13 41 120
7 88 72 80 -3 0 15 3.76 0.0 0 13.9 27 160 M M 8 13 33 160
8 90 77 84 1 0 19 0.14 0.0 0 4.4 12 210 M M 5 13 29 210
9 94 74 84 1 0 19 0.01 0.0 0 2.5 17 310 M M 2 3 22 310
10 93 74 84 1 0 19 0.05 0.0 0 2.8 17 130 M M 3 3 27 130
11 92 72 82 -1 0 17 0.50 0.0 0 2.3 29 110 M M 3 3 48 110
12 91 73 82 -1 0 17 0.03 0.0 0 5.1 12 170 M M 2 3 M M
13 91 73 82 -1 0 17 0.00 0.0 0 6.9 15 80 M M 3 22 80
14 90 75 83 0 0 18 0.60 0.0 0 4.6 23 70 M M 3 3 30 70
15 92 75 84 1 0 19 0.00 0.0 0 6.7 15 110 M M 3 18 110
16 92 75 84 1 0 19 0.00 0.0 0 5.9 12 90 M M 4 M M
17 92 76 84 1 0 19 0.00 0.0 0 4.7 12 140 M M 3 16 130
18 92 76 84 1 0 19 0.00 0.0 0 2.5 10 330 M M 4 M M
19 93 75 84 1 0 19 0.10 0.0 0 4.3 17 250 M M 4 3 22 250
20 93 73 83 0 0 18 0.31 0.0 0 4.1 28 220 M M 3 3 32 220
21 95 75 85 2 0 20 0.11 0.0 0 4.2 10 290 M M 3 3 M M
22 95 78 87 4 0 22 0.00 0.0 0 3.6 10 310 M M 2 M M
23 95 79 87 3 0 22 0.00 0.0 0 4.8 14 360 M M 4 29 360
24 95 76 86 2 0 21 0.05 0.0 0 5.7 12 50 M M 3 3 M M
25 93 76 85 1 0 20 0.00 0.0 0 5.2 9 60 M M 4 1 M M
26 93 76 85 1 0 20 0.00 0.0 0 3.9 10 170 M M 3 3 18 230
27 95 78 87 3 0 22 0.00 0.0 0 4.1 10 260 M M 3 3 22 260
28 90 77 84 0 0 19 0.13 0.0 0 2.8 15 280 M M 1 13 M M
29 89 76 83 -1 0 18 0.68 0.0 0 2.1 18 280 M M 2 13 30 280
30 94 74 84 0 0 19 0.03 0.0 0 5.7 12 250 M M 3 1 18 250
31 95 77 86 2 0 21 0.00 0.0 0 6.4 14 250 M M 3 21 250
================================================================================
SM 2855 2324 0 581 9.82 0.0 149.7 M 107
================================================================================
AV 92.1 75.0 4.8 FASTST M M 3 MAX(MPH)
MISC ----> 29 110 48 110
================================================================================
NOTES:
# LAST OF SEVERAL OCCURRENCES
COLUMN 17 PEAK WIND IN M.P.H.
PRELIMINARY LOCAL CLIMATOLOGICAL DATA (WS FORM: F-6) , PAGE 2
STATION: LAKELAND LINDER
MONTH: JULY
YEAR: 2021
LATITUDE: 28 0 N
LONGITUDE: 82 3 W
[TEMPERATURE DATA] [PRECIPITATION DATA] SYMBOLS USED IN COLUMN 16
AVERAGE MONTHLY: 83.5 TOTAL FOR MONTH: 9.82 1 = FOG OR MIST
DPTR FM NORMAL: 0.3 DPTR FM NORMAL: 0.97 2 = FOG REDUCING VISIBILITY
HIGHEST: 95 ON 31,27 GRTST 24HR 3.76 ON 7- 7 TO 1/4 MILE OR LESS
LOWEST: 72 ON 11, 7 3 = THUNDER
SNOW, ICE PELLETS, HAIL 4 = ICE PELLETS
TOTAL MONTH: 0.0 INCH 5 = HAIL
GRTST 24HR 0.0 6 = FREEZING RAIN OR DRIZZLE
GRTST DEPTH: 0 7 = DUSTSTORM OR SANDSTORM:
VSBY 1/2 MILE OR LESS
8 = SMOKE OR HAZE
[NO. OF DAYS WITH] [WEATHER - DAYS WITH] 9 = BLOWING SNOW
X = TORNADO
MAX 32 OR BELOW: 0 0.01 INCH OR MORE: 20
MAX 90 OR ABOVE: 26 0.10 INCH OR MORE: 14
MIN 32 OR BELOW: 0 0.50 INCH OR MORE: 8
MIN 0 OR BELOW: 0 1.00 INCH OR MORE: 3
[HDD (BASE 65) ]
TOTAL THIS MO. 0 CLEAR (SCALE 0-3) 13
DPTR FM NORMAL 0 PTCLDY (SCALE 4-7) 18
TOTAL FM JUL 1 0 CLOUDY (SCALE 8-10) 0
DPTR FM NORMAL 0
[CDD (BASE 65) ]
TOTAL THIS MO. 581
DPTR FM NORMAL 12 [PRESSURE DATA]
TOTAL FM JAN 1 2309 HIGHEST SLP M ON M
DPTR FM NORMAL 273 LOWEST SLP M ON M
[REMARKS]
#FINAL-07-21#