000
CXUS52 KTBW 011628
CF6LAL
PRELIMINARY LOCAL CLIMATOLOGICAL DATA (WS FORM: F-6)
STATION: LAKELAND LINDER
MONTH: JUNE
YEAR: 2021
LATITUDE: 28 0 N
LONGITUDE: 82 3 W
TEMPERATURE IN F: :PCPN: SNOW: WIND :SUNSHINE: SKY :PK WND
================================================================================
1 2 3 4 5 6A 6B 7 8 9 10 11 12 13 14 15 16 17 18
12Z AVG MX 2MIN
DY MAX MIN AVG DEP HDD CDD WTR SNW DPTH SPD SPD DIR MIN PSBL S-S WX SPD DR
================================================================================
1 92 70 81 0 0 16 0.00 0.0 0 9.8 20 100 M M 3 24 90
2 91 71 81 0 0 16 0.00 0.0 0 4.9 15 130 M M 5 17 170
3 95 72 84 2 0 19 0.00 0.0 0 5.2 16 110 M M 4 27 110
4 90 74 82 0 0 17 0.01 0.0 0 2.8 14 250 M M 7 21 250
5 93 73 83 1 0 18 0.05 0.0 0 4.3 14 110 M M 5 1 18 110
6 93 73 83 1 0 18 0.00 0.0 0 7.5 16 200 M M 5 28 200
7 94 77 86 4 0 21 0.35 0.0 0 7.0 14 140 M M 5 20 140
8 94 77 86 4 0 21 0.00 0.0 0 9.2 17 100 M M 4 3 23 100
9 94 74 84 2 0 19 0.00 0.0 0 5.2 12 90 M M 3 M M
10 94 73 84 2 0 19 0.00 0.0 0 4.0 12 170 M M 2 M M
11 95 74 85 3 0 20 0.00 0.0 0 7.5 12 250 M M 3 18 250
12 96 74 85 3 0 20 0.00 0.0 0 6.6 15 260 M M 3 22 260
13 93 74 84 2 0 19 T 0.0 0 6.3 14 270 M M 4 3 22 280
14 91 74 83 1 0 18 0.09 0.0 0 7.1 16 260 M M 6 3 27 250
15 89 73 81 -2 0 16 0.90 0.0 0 9.9 23 210 M M 6 3 30 210
16 88 71 80 -3 0 15 0.47 0.0 0 6.9 15 270 M M 3 3 25 280
17 88 71 80 -3 0 15 0.26 0.0 0 3.8 12 210 M M 3 M M
18 88 73 81 -2 0 16 T 0.0 0 2.6 7 120 M M 4 M M
19 93 78 86 3 0 21 0.00 0.0 0 7.0 12 250 M M 4 16 170
20 94 78 86 3 0 21 0.00 0.0 0 6.7 13 270 M M 5 18 240
21 91 72 82 -1 0 17 0.00 0.0 0 4.7 39 220 M M 4 1 59 220
22 94 71 83 0 0 18 0.40 0.0 0 7.0 15 250 M M 4 3 21 240
23 93 74 84 1 0 19 0.34 0.0 0 3.1 15 150 M M 4 3 25 150
24 91 70 81 -2 0 16 3.20 0.0 0 5.8 12 320 M M 5 3 18 100
25 91 71 81 -2 0 16 0.60 0.0 0 5.7 16 30 M M 4 3 M M
26 91 72 82 -1 0 17 0.65 0.0 0 6.0 14 90 M M 5 13 18 90
27 90 75 83 0 0 18 0.50 0.0 0 9.3 16 90 M M 3 21 100
28 90 73 82 -1 0 17 0.00 0.0 0 6.5 13 90 M M 2 16 110
29 91 77 84 1 0 19 0.00 0.0 0 5.8 20 180 M M 3 3 38 180
30 87 73 80 -3 0 15 0.66 0.0 0 5.3 14 140 M M 3 13 M M
================================================================================
SM 2754 2202 0 537 8.48 0.0 183.5 M 121
================================================================================
AV 91.8 73.4 6.1 FASTST M M 4 MAX(MPH)
MISC ----> 39 220 59 220
================================================================================
NOTES:
# LAST OF SEVERAL OCCURRENCES
COLUMN 17 PEAK WIND IN M.P.H.
PRELIMINARY LOCAL CLIMATOLOGICAL DATA (WS FORM: F-6) , PAGE 2
STATION: LAKELAND LINDER
MONTH: JUNE
YEAR: 2021
LATITUDE: 28 0 N
LONGITUDE: 82 3 W
[TEMPERATURE DATA] [PRECIPITATION DATA] SYMBOLS USED IN COLUMN 16
AVERAGE MONTHLY: 82.6 TOTAL FOR MONTH: 8.48 1 = FOG OR MIST
DPTR FM NORMAL: 0.8 DPTR FM NORMAL: -0.21 2 = FOG REDUCING VISIBILITY
HIGHEST: 96 ON 12 GRTST 24HR 3.20 ON 24-24 TO 1/4 MILE OR LESS
LOWEST: 70 ON 24, 1 3 = THUNDER
SNOW, ICE PELLETS, HAIL 4 = ICE PELLETS
TOTAL MONTH: 0.0 INCH 5 = HAIL
GRTST 24HR 0.0 6 = FREEZING RAIN OR DRIZZLE
GRTST DEPTH: 0 7 = DUSTSTORM OR SANDSTORM:
VSBY 1/2 MILE OR LESS
8 = SMOKE OR HAZE
[NO. OF DAYS WITH] [WEATHER - DAYS WITH] 9 = BLOWING SNOW
X = TORNADO
MAX 32 OR BELOW: 0 0.01 INCH OR MORE: 14
MAX 90 OR ABOVE: 25 0.10 INCH OR MORE: 11
MIN 32 OR BELOW: 0 0.50 INCH OR MORE: 6
MIN 0 OR BELOW: 0 1.00 INCH OR MORE: 1
[HDD (BASE 65) ]
TOTAL THIS MO. 0 CLEAR (SCALE 0-3) 6
DPTR FM NORMAL 0 PTCLDY (SCALE 4-7) 24
TOTAL FM JUL 1 391 CLOUDY (SCALE 8-10) 0
DPTR FM NORMAL -54
[CDD (BASE 65) ]
TOTAL THIS MO. 537
DPTR FM NORMAL 14 [PRESSURE DATA]
TOTAL FM JAN 1 1728 HIGHEST SLP M ON M
DPTR FM NORMAL 261 LOWEST SLP M ON M
[REMARKS]
#FINAL-06-21#