000
CXUS52 KTBW 021530
CF6LAL
PRELIMINARY LOCAL CLIMATOLOGICAL DATA (WS FORM: F-6)
STATION: LAKELAND LINDER
MONTH: MARCH
YEAR: 2021
LATITUDE: 28 0 N
LONGITUDE: 82 3 W
TEMPERATURE IN F: :PCPN: SNOW: WIND :SUNSHINE: SKY :PK WND
================================================================================
1 2 3 4 5 6A 6B 7 8 9 10 11 12 13 14 15 16 17 18
12Z AVG MX 2MIN
DY MAX MIN AVG DEP HDD CDD WTR SNW DPTH SPD SPD DIR MIN PSBL S-S WX SPD DR
================================================================================
1 88 70 79 12 0 14 0.00 0.0 0 7.6 16 260 M M 5 1 21 260
2 86 69 78 11 0 13 0.00 0.0 0 4.1 12 260 M M 7 1 20 260
3 84 67 76 9 0 11 0.13 0.0 0 10.7 18 290 M M 5 28 290
4 76 55 66 -1 0 1 0.00 0.0 0 7.4 10 360 M M 5 M M
5 77 49 63 -4 2 0 0.00 0.0 0 3.5 9 80 M M 0 M M
6 77 58 68 1 0 3 0.08 0.0 0 6.9 17 20 M M 6 23 30
7 69 53 61 -7 4 0 0.00 0.0 0 12.1 17 10 M M 3 27 20
8 71 44 58 -10 7 0 0.00 0.0 0 10.2 20 70 M M 1 28 90
9 75 51 63 -5 2 0 0.00 0.0 0 10.9 15 80 M M 3 25 70
10 78 54 66 -2 0 1 0.00 0.0 0 9.0 16 90 M M 4 27 100
11 80 58 69 1 0 4 0.00 0.0 0 9.6 14 90 M M 2 23 80
12 82 58 70 2 0 5 0.00 0.0 0 7.5 16 90 M M 1 M M
13 82 56 69 1 0 4 0.00 0.0 0 4.4 12 80 M M 0 18 70
14 83 58 71 3 0 6 0.00 0.0 0 2.7 9 170 M M 0 M M
15 85 59 72 4 0 7 0.00 0.0 0 2.1 8 110 M M 2 M M
16 87 64 76 7 0 11 0.00 0.0 0 7.4 13 190 M M 2 18 190
17 88 65 77 8 0 12 0.00 0.0 0 7.2 20 200 M M 1 25 200
18 89 66 78 9 0 13 0.00 0.0 0 12.1 23 230 M M 6 1 30 220
19 87 62 75 6 0 10 0.05 0.0 0 9.7 16 320 M M 3 21 290
20 72 52 62 -7 3 0 0.00 0.0 0 10.1 18 30 M M 7 27 40
21 65 51 58 -11 7 0 0.00 0.0 0 7.6 10 290 M M 9 M M
22 68 58 63 -6 2 0 0.00 0.0 0 8.1 13 350 M M 10 1 M M
23 79 59 69 -1 0 4 0.00 0.0 0 3.7 7 270 M M 4 M M
24 84 56 70 0 0 5 0.00 0.0 0 3.0 9 290 M M 0 M M
25 92 63 78 8 0 13 0.00 0.0 0 6.5 14 210 M M 2 1 18 200
26 91 70 81 11 0 16 0.00 0.0 0 4.7 12 160 M M 4 1 18 160
27 90 68 79 9 0 14 0.00 0.0 0 5.0 12 140 M M 3 1 18 140
28 90 67 79 9 0 14 0.00 0.0 0 8.2 18 190 M M 4 23 190
29 88 70 79 9 0 14 0.00 0.0 0 5.5 12 80 M M 8 12 13 70
30 90 68 79 9 0 14 0.00 0.0 0 7.5 14 130 M M 4 M M
31 91 71 81 11 0 16 0.00 0.0 0 6.5 14 260 M M 6 17 260
================================================================================
SM 2544 1869 27 225 0.26 0.0 221.5 M 117
================================================================================
AV 82.1 60.3 7.1 FASTST M M 4 MAX(MPH)
MISC ----> 23 230 30 220
================================================================================
NOTES:
# LAST OF SEVERAL OCCURRENCES
COLUMN 17 PEAK WIND IN M.P.H.
PRELIMINARY LOCAL CLIMATOLOGICAL DATA (WS FORM: F-6) , PAGE 2
STATION: LAKELAND LINDER
MONTH: MARCH
YEAR: 2021
LATITUDE: 28 0 N
LONGITUDE: 82 3 W
[TEMPERATURE DATA] [PRECIPITATION DATA] SYMBOLS USED IN COLUMN 16
AVERAGE MONTHLY: 71.2 TOTAL FOR MONTH: 0.26 1 = FOG OR MIST
DPTR FM NORMAL: 4.4 DPTR FM NORMAL: -3.63 2 = FOG REDUCING VISIBILITY
HIGHEST: 92 ON 25 GRTST 24HR 0.13 ON 3- 3 TO 1/4 MILE OR LESS
LOWEST: 44 ON 8 3 = THUNDER
SNOW, ICE PELLETS, HAIL 4 = ICE PELLETS
TOTAL MONTH: 0.0 INCH 5 = HAIL
GRTST 24HR 0.0 6 = FREEZING RAIN OR DRIZZLE
GRTST DEPTH: 0 7 = DUSTSTORM OR SANDSTORM:
VSBY 1/2 MILE OR LESS
8 = SMOKE OR HAZE
[NO. OF DAYS WITH] [WEATHER - DAYS WITH] 9 = BLOWING SNOW
X = TORNADO
MAX 32 OR BELOW: 0 0.01 INCH OR MORE: 3
MAX 90 OR ABOVE: 6 0.10 INCH OR MORE: 1
MIN 32 OR BELOW: 0 0.50 INCH OR MORE: 0
MIN 0 OR BELOW: 0 1.00 INCH OR MORE: 0
[HDD (BASE 65) ]
TOTAL THIS MO. 27 CLEAR (SCALE 0-3) 15
DPTR FM NORMAL -10 PTCLDY (SCALE 4-7) 14
TOTAL FM JUL 1 378 CLOUDY (SCALE 8-10) 2
DPTR FM NORMAL -63
[CDD (BASE 65) ]
TOTAL THIS MO. 225
DPTR FM NORMAL 77 [PRESSURE DATA]
TOTAL FM JAN 1 452 HIGHEST SLP M ON M
DPTR FM NORMAL 171 LOWEST SLP M ON M
[REMARKS]
#FINAL-03-21#