000
CXUS53 KGRR 010910
CF6LAN
PRELIMINARY LOCAL CLIMATOLOGICAL DATA (WS FORM: F-6)
STATION: LANSING
MONTH: SEPTEMBER
YEAR: 2023
LATITUDE: 42 46 N
LONGITUDE: 84 36 W
TEMPERATURE IN F: :PCPN: SNOW: WIND :SUNSHINE: SKY :PK WND
================================================================================
1 2 3 4 5 6A 6B 7 8 9 10 11 12 13 14 15 16 17 18
12Z AVG MX 2MIN
DY MAX MIN AVG DEP HDD CDD WTR SNW DPTH SPD SPD DIR MIN PSBL S-S WX SPD DR
================================================================================
1 79 50 65 -2 0 0 0.00 0.0 0 5.2 14 160 M M 0 20 150
2 81 58 70 3 0 5 0.00 0.0 0 8.5 18 230 M M 0 25 220
3 89 65 77 10 0 12 0.00 0.0 0 11.1 22 230 M M 0 32 230
4 90 71 81 14 0 16 0.00 0.0 0 8.5 16 240 M M 1 25 240
5 91 72 82 16 0 17 0.00 0.0 0 8.4 17 220 M M 1 3 26 220
6 82 68 75 9 0 10 0.54 0.0 0 8.6 23 280 M M 4 13 25 290
7 71 61 66 0 0 1 0.11 0.0 0 6.3 14 350 M M 10 18 18 350
8 64 56 60 -5 5 0 0.00 0.0 0 4.6 12 40 M M 9 1 16 360
9 72 50 61 -4 4 0 0.00 0.0 0 2.5 9 30 M M 5 12 14 350
10 75 49 62 -3 3 0 0.00 0.0 0 2.1 9 50 M M 3 12 14 70
11 67 55 61 -3 4 0 0.27 0.0 0 4.8 12 200 M M 7 18 15 190
12 71 52 62 -2 3 0 0.03 0.0 0 7.1 20 320 M M 7 1 26 320
13 65 46 56 -8 9 0 0.00 0.0 0 3.1 10 360 M M 3 1 16 340
14 71 45 58 -5 7 0 0.00 0.0 0 1.1 8 350 M M 1 1 11 350
15 74 49 62 -1 3 0 0.00 0.0 0 3.2 13 220 M M 2 16 190
16 72 50 61 -2 4 0 0.02 0.0 0 3.3 10 210 M M 1 1 13 210
17 69 55 62 0 3 0 0.00 0.0 0 3.8 12 20 M M 7 18 15 320
18 68 50 59 -3 6 0 0.00 0.0 0 5.8 14 330 M M 7 18 330
19 69 48 59 -2 6 0 0.00 0.0 0 2.9 13 220 M M 6 128 17 220
20 79 59 69 8 0 4 0.02 0.0 0 6.0 13 180 M M 5 18 180
21 81 57 69 8 0 4 0.00 0.0 0 2.7 9 160 M M 2 12 150
22 81 58 70 10 0 5 0.00 0.0 0 4.6 13 110 M M 1 1 17 100
23 73 52 63 3 2 0 0.00 0.0 0 6.5 17 100 M M 0 23 100
24 75 47 61 2 4 0 0.00 0.0 0 5.4 14 80 M M 0 1 18 80
25 67 58 63 4 2 0 0.03 0.0 0 5.3 16 80 M M 9 1 19 100
26 71 57 64 5 1 0 0.09 0.0 0 6.6 15 110 M M 10 1 21 110
27 63 57 60 2 5 0 0.61 0.0 0 7.8 14 90 M M 10 1 19 100
28 63 57 60 2 5 0 0.20 0.0 0 6.1 13 60 M M 10 1 16 70
29 70 54 62 5 3 0 0.00 0.0 0 2.5 7 40 M M 9 12 9 70
30 78 50 64 7 1 0 0.00 0.0 0 1.5 10 140 M M 3 12 14 150
================================================================================
SM 2221 1656 80 74 1.92 0.0 155.9 M 133
================================================================================
AV 74.0 55.2 5.2 FASTST M M 4 MAX(MPH)
MISC ----> 23 280 32 230
================================================================================
NOTES:
# LAST OF SEVERAL OCCURRENCES
COLUMN 17 PEAK WIND IN M.P.H.
PRELIMINARY LOCAL CLIMATOLOGICAL DATA (WS FORM: F-6) , PAGE 2
STATION: LANSING
MONTH: SEPTEMBER
YEAR: 2023
LATITUDE: 42 46 N
LONGITUDE: 84 36 W
[TEMPERATURE DATA] [PRECIPITATION DATA] SYMBOLS USED IN COLUMN 16
AVERAGE MONTHLY: 64.6 TOTAL FOR MONTH: 1.92 1 = FOG OR MIST
DPTR FM NORMAL: 2.1 DPTR FM NORMAL: -0.89 2 = FOG REDUCING VISIBILITY
HIGHEST: 91 ON 5 GRTST 24HR 0.81 ON 27-28 TO 1/4 MILE OR LESS
LOWEST: 45 ON 14 3 = THUNDER
SNOW, ICE PELLETS, HAIL 4 = ICE PELLETS
TOTAL MONTH: 0.0 INCH 5 = HAIL
GRTST 24HR 0.0 6 = FREEZING RAIN OR DRIZZLE
GRTST DEPTH: 0 7 = DUSTSTORM OR SANDSTORM:
VSBY 1/2 MILE OR LESS
8 = SMOKE OR HAZE
[NO. OF DAYS WITH] [WEATHER - DAYS WITH] 9 = BLOWING SNOW
X = TORNADO
MAX 32 OR BELOW: 0 0.01 INCH OR MORE: 10
MAX 90 OR ABOVE: 2 0.10 INCH OR MORE: 5
MIN 32 OR BELOW: 0 0.50 INCH OR MORE: 2
MIN 0 OR BELOW: 0 1.00 INCH OR MORE: 0
[HDD (BASE 65) ]
TOTAL THIS MO. 80 CLEAR (SCALE 0-3) 14
DPTR FM NORMAL -60 PTCLDY (SCALE 4-7) 9
TOTAL FM JUL 1 94 CLOUDY (SCALE 8-10) 7
DPTR FM NORMAL -76
[CDD (BASE 65) ]
TOTAL THIS MO. 74
DPTR FM NORMAL 8 [PRESSURE DATA]
TOTAL FM JAN 1 679 HIGHEST SLP 30.31 ON 30
DPTR FM NORMAL 30 LOWEST SLP 29.73 ON 7
[REMARKS]
#FINAL-09-23#