000
CXUS55 KVEF 011756
CLMLAS
CLIMATE REPORT
NATIONAL WEATHER SERVICE LAS VEGAS, NV
1056 AM PDT WED NOV 01 2023
...................................
...THE LAS VEGAS NV CLIMATE SUMMARY FOR THE MONTH OF OCTOBER 2023...
CLIMATE NORMAL PERIOD: 1991 TO 2020
CLIMATE RECORD PERIOD: 1937 TO 2023
WEATHER OBSERVED NORMAL DEPART LAST YEAR`S
VALUE DATE(S) VALUE FROM VALUE DATE(S)
NORMAL
................................................................
TEMPERATURE (F)
RECORD
HIGH 103 10/01/1978
LOW 26 10/30/1971
HIGHEST 94 10/08 94 10/01
LOWEST 46 10/31 48 10/25
10/28
10/29
AVG. MAXIMUM 82.9 81.2 1.7 83.3
AVG. MINIMUM 60.6 59.6 1.0 62.3
MEAN 71.7 70.4 1.3 72.8
DAYS MAX >= 90 10 5.5 4.5 13
DAYS MAX <= 32 0 0.0 0.0 0
DAYS MIN <= 32 0 0.0 0.0 0
DAYS MIN <= 0 0 0.0 0.0 0
PRECIPITATION (INCHES)
RECORD
MAXIMUM 1.45 2005
MINIMUM 0.00 2022
TOTALS 0.13 0.32 -0.19 0.00
DAILY AVG. 0.00 0.01 -0.01 0.00
DAYS >= .01 1 1.7 -0.7 0
DAYS >= .10 1 1.0 0.0 0
DAYS >= .50 0 0.1 -0.1 0
DAYS >= 1.00 0 0.0 0.0 0
GREATEST
24 HR. TOTAL 0.13 10/01 TO 10/01 0.00 09/30 TO 09/30
SNOWFALL (INCHES)
RECORDS
TOTAL T 2012
24 HR TOTAL T
TOTALS 0.0 0.0 0.0 0.0
SINCE 7/1 0.0
DAYS >= TRACE 0
DAYS >= 1.0 0
GREATEST
SNOW DEPTH 0
24 HR TOTAL 0.0
STORM TOTAL 0.0
DEGREE DAYS
HEATING TOTAL 23 32 -9 40
SINCE 7/1 23 29 -6 MM
COOLING TOTAL 240 200 40 290
SINCE 1/1 3641 3706 -65 MM
FREEZE DATES
RECORD
EARLIEST 10/21/1949
LATEST 04/12/1967
EARLIEST MM
LATEST 02/01
................................................................
WIND (MPH)
AVERAGE WIND SPEED 5.8
HIGHEST WIND SPEED/DIRECTION 26/360 DATE 10/11
26/360 10/28
26/040 10/29
HIGHEST GUST SPEED/DIRECTION 41/330 DATE 10/29
SKY COVER
POSSIBLE SUNSHINE (PERCENT) MM
AVERAGE SKY COVER 0.14
NUMBER OF DAYS FAIR 25
NUMBER OF DAYS PC 6
NUMBER OF DAYS CLOUDY 0
AVERAGE RH (PERCENT) 26
WEATHER CONDITIONS. NUMBER OF DAYS WITH
THUNDERSTORM 1 MIXED PRECIP 0
HEAVY RAIN 0 RAIN 0
LIGHT RAIN 1 FREEZING RAIN 0
LT FREEZING RAIN 0 HAIL 0
HEAVY SNOW 0 SNOW 0
LIGHT SNOW 0 SLEET 0
FOG 0 FOG W/VIS <= 1/4 MILE 0
HAZE 1
- INDICATES NEGATIVE NUMBERS.
R INDICATES RECORD WAS SET OR TIED.
MM INDICATES DATA IS MISSING.
T INDICATES TRACE AMOUNT.
$$