000
CXUS53 KLBF 010735
CLMLBF
CLIMATE REPORT
NATIONAL WEATHER SERVICE NORTH PLATTE NE
235 AM CDT THU JUN 01 2023
...................................
...THE NORTH PLATTE CLIMATE SUMMARY FOR THE MONTH OF MAY 2023...
CLIMATE NORMAL PERIOD 1991 TO 2020
CLIMATE RECORD PERIOD 1874 TO 2023
WEATHER OBSERVED NORMAL DEPART LAST YEAR`S
VALUE DATE(S) VALUE FROM VALUE DATE(S)
NORMAL
................................................................
TEMPERATURE (F)
RECORD
HIGH 99 05/27/2006
05/08/1934
LOW 18 05/02/2005
HIGHEST 84 05/04 88 -4 94 05/27
05/29
05/30
LOWEST 21 05/01 29 -8 27 05/22
AVG. MAXIMUM 74.9 72.8 2.1 74.9
AVG. MINIMUM 48.2 44.2 4.0 44.1
MEAN 61.5 58.5 3.0 59.5
DAYS MAX >= 90 0 1.3 -1.3 5
DAYS MAX <= 32 0 0.0 0.0 0
DAYS MIN <= 32 3 3.2 -0.2 4
DAYS MIN <= 0 0 0.0 0.0 0
PRECIPITATION (INCHES)
RECORD
MAXIMUM 8.01 1962
MINIMUM 0.11 1897
TOTALS 7.55 3.35 4.20 2.98
DAILY AVG. 0.24 0.11 0.13 0.10
DAYS >= .01 12 11.5 0.5 10
DAYS >= .10 10 6.8 3.2 5
DAYS >= .50 7 2.2 4.8 3
DAYS >= 1.00 4 0.7 3.3 1
GREATEST
24 HR. TOTAL 2.06 05/04 TO 05/05 1.41 05/02 TO 05/02
SNOWFALL (INCHES)
RECORDS
TOTAL 6.0 1950
TOTALS 0.0 0.0 0.0 0.1
SINCE 7/1 33.5 29.6 3.9 MM
SNOWDEPTH AVG. 0 0
DAYS >= 1.0 0 0.0 0.0 0
GREATEST
SNOW DEPTH 0 0 MM
24 HR TOTAL MM
DEGREE DAYS
HEATING TOTAL 124 237 -113 216
SINCE 7/1 6522 6332 190 MM
COOLING TOTAL 26 35 -9 53
SINCE 1/1 42 37 5 MM
................................................................
WIND (MPH)
AVERAGE WIND SPEED 8.7
HIGHEST WIND SPEED/DIRECTION 40/170 DATE 05/10
HIGHEST GUST SPEED/DIRECTION 61/160 DATE 05/10
SKY COVER
POSSIBLE SUNSHINE (PERCENT) MM
AVERAGE SKY COVER 0.38
NUMBER OF DAYS FAIR 16
NUMBER OF DAYS PC 10
NUMBER OF DAYS CLOUDY 5
AVERAGE RH (PERCENT) 69
WEATHER CONDITIONS. NUMBER OF DAYS WITH
THUNDERSTORM 13 MIXED PRECIP 0
HEAVY RAIN 7 RAIN 10
LIGHT RAIN 19 FREEZING RAIN 0
LT FREEZING RAIN 0 HAIL 0
HEAVY SNOW 0 SNOW 0
LIGHT SNOW 0 SLEET 0
FOG 21 FOG W/VIS <= 1/4 MILE 2
HAZE 4
- INDICATES NEGATIVE NUMBERS.
R INDICATES RECORD WAS SET OR TIED.
MM INDICATES DATA IS MISSING.
T INDICATES TRACE AMOUNT.
$$