000
CXUS54 KHGX 011410
CF6LBX
PRELIMINARY LOCAL CLIMATOLOGICAL DATA (WS FORM: F-6)
STATION: ANGLETON/LAKE_JACKS
MONTH: JULY
YEAR: 2023
LATITUDE: 29 6 N
LONGITUDE: 95 28 W
TEMPERATURE IN F: :PCPN: SNOW: WIND :SUNSHINE: SKY :PK WND
================================================================================
1 2 3 4 5 6A 6B 7 8 9 10 11 12 13 14 15 16 17 18
12Z AVG MX 2MIN
DY MAX MIN AVG DEP HDD CDD WTR SNW DPTH SPD SPD DIR MIN PSBL S-S WX SPD DR
================================================================================
1 95 74 85 2 0 20 0.00 0.0 0 5.8 15 160 M M 1 1 22 160
2 94 75 85 2 0 20 0.03 0.0 0 3.0 15 140 M M 2 13 23 130
3 94 73 84 1 0 19 0.00 0.0 0 5.3 16 160 M M 1 12 23 150
4 94 77 86 3 0 21 0.00 0.0 0 9.6 20 170 M M 2 13 32 170
5 95 77 86 3 0 21 0.02 0.0 0 8.5 32 170 M M 2 41 170
6 86 76 81 -2 0 16 0.06 0.0 0 3.5 14 170 M M 2 13 19 270
7 92 75 84 1 0 19 0.01 0.0 0 6.4 18 160 M M 4 26 190
8 93 74 84 0 0 19 0.03 0.0 0 6.7 18 180 M M 2 13 27 170
9 93 76 85 1 0 20 T 0.0 0 9.2 23 180 M M 2 12 30 190
10 96 75 86 2 0 21 0.00 0.0 0 8.7 21 180 M M 4 1 26 160
11 96 78 87 3 0 22 0.00 0.0 0 9.9 22 190 M M 3 18 29 190
12 96 81 89 5 0 24 0.00 0.0 0 11.4 21 170 M M 4 1 37 160
13 97 79 88 4 0 23 0.00 0.0 0 10.4 22 180 M M 2 1 31 190
14 96 80 88 4 0 23 0.00 0.0 0 10.9 21 170 M M 4 1 29 170
15 97 80 89 5 0 24 0.00 0.0 0 9.1 18 170 M M 3 1 26 160
16 99 75 87 3 0 22 0.00 0.0 0 6.9 18 180 M M 1 12 31 200
17 96 76 86 2 0 21 0.00 0.0 0 8.3 20 180 M M 1 1 26 190
18 98 78 88 4 0 23 0.00 0.0 0 8.7 22 180 M M 1 1 35 200
19 97 78 88 4 0 23 0.00 0.0 0 8.9 21 190 M M 1 1 35 150
20 97 74 86 2 0 21 0.00 0.0 0 7.0 17 180 M M 1 1 28 170
21 96 75 86 2 0 21 0.00 0.0 0 6.9 18 180 M M 1 1 25 150
22 99 74 87 3 0 22 T 0.0 0 5.5 21 70 M M 2 1 30 80
23 100 74 87 3 0 22 0.51 0.0 0 3.9 22 180 M M 2 13 28 170
24 94 73 84 0 0 19 0.15 0.0 0 5.0 18 190 M M 2 1 25 110
25 96 73 85 1 0 20 0.00 0.0 0 5.2 17 190 M M 2 1 23 150
26 95 73 84 0 0 19 T 0.0 0 5.8 18 170 M M 1 13 26 220
27 94 74 84 0 0 19 T 0.0 0 4.7 22 170 M M 2 13 27 160
28 94 72 83 -1 0 18 0.05 0.0 0 4.8 18 170 M M 2 18 24 160
29 92 73 83 -1 0 18 0.00 0.0 0 4.2 15 170 M M 2 1 21 270
30 96 72 84 0 0 19 0.00 0.0 0 4.5 17 180 M M 1 1 24 180
31 100 73 87 3 0 22 0.00 0.0 0 4.1 14 190 M M 1 18 21 160
================================================================================
SM 2957 2337 0 641 0.86 0.0 212.8 M 61
================================================================================
AV 95.4 75.4 6.9 FASTST M M 2 MAX(MPH)
MISC ----> 32 170 41 170
================================================================================
NOTES:
# LAST OF SEVERAL OCCURRENCES
COLUMN 17 PEAK WIND IN M.P.H.
PRELIMINARY LOCAL CLIMATOLOGICAL DATA (WS FORM: F-6) , PAGE 2
STATION: ANGLETON/LAKE_JACKS
MONTH: JULY
YEAR: 2023
LATITUDE: 29 6 N
LONGITUDE: 95 28 W
[TEMPERATURE DATA] [PRECIPITATION DATA] SYMBOLS USED IN COLUMN 16
AVERAGE MONTHLY: 85.4 TOTAL FOR MONTH: 0.86 1 = FOG OR MIST
DPTR FM NORMAL: 1.6 DPTR FM NORMAL: -3.02 2 = FOG REDUCING VISIBILITY
HIGHEST: 100 ON 31,23 GRTST 24HR 0.66 ON 23-24 TO 1/4 MILE OR LESS
LOWEST: 72 ON 30,28 3 = THUNDER
SNOW, ICE PELLETS, HAIL 4 = ICE PELLETS
TOTAL MONTH: 0.0 INCH 5 = HAIL
GRTST 24HR 0.0 6 = FREEZING RAIN OR DRIZZLE
GRTST DEPTH: 0 7 = DUSTSTORM OR SANDSTORM:
VSBY 1/2 MILE OR LESS
8 = SMOKE OR HAZE
[NO. OF DAYS WITH] [WEATHER - DAYS WITH] 9 = BLOWING SNOW
X = TORNADO
MAX 32 OR BELOW: 0 0.01 INCH OR MORE: 8
MAX 90 OR ABOVE: 30 0.10 INCH OR MORE: 2
MIN 32 OR BELOW: 0 0.50 INCH OR MORE: 1
MIN 0 OR BELOW: 0 1.00 INCH OR MORE: 0
[HDD (BASE 65) ]
TOTAL THIS MO. 0 CLEAR (SCALE 0-3) 27
DPTR FM NORMAL 0 PTCLDY (SCALE 4-7) 4
TOTAL FM JUL 1 0 CLOUDY (SCALE 8-10) 0
DPTR FM NORMAL 0
[CDD (BASE 65) ]
TOTAL THIS MO. 641
DPTR FM NORMAL 57 [PRESSURE DATA]
TOTAL FM JAN 1 2012 HIGHEST SLP 30.15 ON 25
DPTR FM NORMAL 214 LOWEST SLP 29.86 ON 22
[REMARKS]
#FINAL-07-23#