000
CXUS54 KHGX 011410
CF6LBX
PRELIMINARY LOCAL CLIMATOLOGICAL DATA (WS FORM: F-6)
STATION: ANGLETON/LAKE_JACKS
MONTH: MARCH
YEAR: 2023
LATITUDE: 29 6 N
LONGITUDE: 95 28 W
TEMPERATURE IN F: :PCPN: SNOW: WIND :SUNSHINE: SKY :PK WND
================================================================================
1 2 3 4 5 6A 6B 7 8 9 10 11 12 13 14 15 16 17 18
12Z AVG MX 2MIN
DY MAX MIN AVG DEP HDD CDD WTR SNW DPTH SPD SPD DIR MIN PSBL S-S WX SPD DR
================================================================================
1 83 71 77 15 0 12 0.00 0.0 0 15.1 31 160 M M 9 18 36 160
2 77 64 71 9 0 6 0.03 0.0 0 15.7 30 180 M M 10 18 44 190
3 74 48 61 -1 4 0 0.00 0.0 0 7.6 18 340 M M 2 33 310
4 75 42 59 -3 6 0 0.00 0.0 0 3.9 13 150 M M 0 1 19 160
5 76 45 61 -1 4 0 0.00 0.0 0 5.0 14 140 M M 3 12 20 120
6 84 55 70 8 0 5 0.00 0.0 0 7.7 17 180 M M 7 12 23 190
7 84 68 76 13 0 11 0.00 0.0 0 7.9 16 170 M M 9 128 21 180
8 83 64 74 11 0 9 0.00 0.0 0 6.6 16 150 M M 6 128 22 200
9 83 60 72 9 0 7 0.00 0.0 0 8.2 18 170 M M M 27 180
10 84 63 74 11 0 9 0.00 0.0 0 3.2 13 180 M M 5 12 19 360
11 83 62 73 10 0 8 0.00 0.0 0 14.3 26 190 M M 8 1 38 180
12 86 62 74 10 0 9 0.00 0.0 0 11.3 22 350 M M 7 1 30 360
13 68 51 60 -4 5 0 0.00 0.0 0 10.3 21 40 M M 1 32 40
14 65 52 59 -5 6 0 T 0.0 0 9.3 21 70 M M 5 30 60
15 70 45 58 -6 7 0 0.00 0.0 0 9.2 17 120 M M 4 8 26 80
16 75 66 71 7 0 6 T 0.0 0 17.0 31 160 M M 9 1 41 160
17 72 46 59 -5 6 0 0.69 0.0 0 12.9 24 10 M M 6 13 38 350
18 52 45 49 -15 16 0 T 0.0 0 7.6 17 20 M M 9 25 10
19 60 37 49 -16 16 0 0.00 0.0 0 6.9 17 10 M M 4 22 10
20 61 34 48 -17 17 0 0.00 0.0 0 9.4 18 120 M M 7 27 130
21 76 61 69 4 0 4 T 0.0 0 18.5 31 160 M M 10 51 190
22 80 68 74 9 0 9 0.00 0.0 0 15.9 26 180 M M 10 35 180
23 83 72 78 13 0 13 0.00 0.0 0 16.7 29 180 M M 10 18 39 180
24 80 69 75 9 0 10 0.01 0.0 0 14.4 23 190 M M 9 1 33 170
25 87 53 70 4 0 5 0.02 0.0 0 3.7 17 360 M M 3 12 24 20
26 84 56 70 4 0 5 0.01 0.0 0 6.1 18 190 M M 6 128 26 180
27 81 66 74 8 0 9 0.40 0.0 0 5.9 13 130 M M 10 1238 19 120
28 77 63 70 4 0 5 0.46 0.0 0 10.4 26 10 M M 5 13 36 360
29 69 54 62 -4 3 0 0.01 0.0 0 8.7 18 60 M M 7 25 50
30 78 67 73 6 0 8 T 0.0 0 12.9 23 160 M M 10 1 36 140
31 82 73 78 11 0 13 T 0.0 0 15.5 31 180 M M 9 18 43 180
================================================================================
SM 2372 1782 90 163 1.63 0.0 317.8 M 200
================================================================================
AV 76.5 57.5 10.3 FASTST M M 7 MAX(MPH)
MISC ----> # 31 160 51 190
================================================================================
NOTES:
# LAST OF SEVERAL OCCURRENCES
COLUMN 17 PEAK WIND IN M.P.H.
PRELIMINARY LOCAL CLIMATOLOGICAL DATA (WS FORM: F-6) , PAGE 2
STATION: ANGLETON/LAKE_JACKS
MONTH: MARCH
YEAR: 2023
LATITUDE: 29 6 N
LONGITUDE: 95 28 W
[TEMPERATURE DATA] [PRECIPITATION DATA] SYMBOLS USED IN COLUMN 16
AVERAGE MONTHLY: 67.0 TOTAL FOR MONTH: 1.63 1 = FOG OR MIST
DPTR FM NORMAL: 2.8 DPTR FM NORMAL: -1.43 2 = FOG REDUCING VISIBILITY
HIGHEST: 87 ON 25 GRTST 24HR 0.86 ON 27-28 TO 1/4 MILE OR LESS
LOWEST: 34 ON 20 3 = THUNDER
SNOW, ICE PELLETS, HAIL 4 = ICE PELLETS
TOTAL MONTH: 0.0 INCH 5 = HAIL
GRTST 24HR 0.0 6 = FREEZING RAIN OR DRIZZLE
GRTST DEPTH: 0 7 = DUSTSTORM OR SANDSTORM:
VSBY 1/2 MILE OR LESS
8 = SMOKE OR HAZE
[NO. OF DAYS WITH] [WEATHER - DAYS WITH] 9 = BLOWING SNOW
X = TORNADO
MAX 32 OR BELOW: 0 0.01 INCH OR MORE: 8
MAX 90 OR ABOVE: 0 0.10 INCH OR MORE: 3
MIN 32 OR BELOW: 0 0.50 INCH OR MORE: 1
MIN 0 OR BELOW: 0 1.00 INCH OR MORE: 0
[HDD (BASE 65) ]
TOTAL THIS MO. 90 CLEAR (SCALE 0-3) 4
DPTR FM NORMAL -24 PTCLDY (SCALE 4-7) 14
TOTAL FM JUL 1 962 CLOUDY (SCALE 8-10) 13
DPTR FM NORMAL -133
[CDD (BASE 65) ]
TOTAL THIS MO. 163
DPTR FM NORMAL 75 [PRESSURE DATA]
TOTAL FM JAN 1 327 HIGHEST SLP 30.56 ON 19
DPTR FM NORMAL 177 LOWEST SLP 29.38 ON 2
[REMARKS]
#FINAL-03-23#