000
CXUS54 KLCH 010830
CF6LCH
PRELIMINARY LOCAL CLIMATOLOGICAL DATA (WS FORM: F-6)
STATION: LAKE CHARLES
MONTH: AUGUST
YEAR: 2021
LATITUDE: 30 7 N
LONGITUDE: 93 13 W
TEMPERATURE IN F: :PCPN: SNOW: WIND :SUNSHINE: SKY :PK WND
================================================================================
1 2 3 4 5 6A 6B 7 8 9 10 11 12 13 14 15 16 17 18
12Z AVG MX 2MIN
DY MAX MIN AVG DEP HDD CDD WTR SNW DPTH SPD SPD DIR MIN PSBL S-S WX SPD DR
================================================================================
1 92 78 85 1 0 20 0.00 0.0 M 5.5 14 200 M M 1 3 20 200
2 90 76 83 -1 0 18 0.31 0.0 M 4.4 26 30 M M 2 138 32 30
3 87 76 82 -2 0 17 0.49 0.0 M 3.9 15 260 M M 5 1238 25 260
4 91 74 83 -1 0 18 0.00 0.0 M 8.1 15 70 M M 4 18 22 40
5 90 69 80 -4 0 15 0.00 0.0 M 5.0 12 20 M M 0 18 19 30
6 93 73 83 -1 0 18 0.00 0.0 M 3.1 10 110 M M 0 18 15 150
7 90 74 82 -2 0 17 0.01 0.0 M 3.9 13 70 M M 2 138 18 220
8 91 76 84 0 0 19 0.11 0.0 M 6.8 18 170 M M 2 1 26 180
9 92 77 85 1 0 20 0.00 0.0 M 6.5 17 180 M M 1 3 28 220
10 94 77 86 2 0 21 0.00 0.0 M 6.0 14 160 M M 1 8 20 220
11 92 77 85 1 0 20 T 0.0 M 4.8 20 160 M M 2 138 25 170
12 87 75 81 -3 0 16 0.35 0.0 M 5.2 18 210 M M 2 138 28 210
13 91 76 84 0 0 19 0.00 0.0 M 4.8 12 160 M M 1 3 16 170
14 94 75 85 1 0 20 0.10 0.0 M 4.2 15 60 M M 2 13 19 50
15 94 74 84 0 0 19 0.41 0.0 M 4.1 29 350 M M 3 138 43 340
16 93 74 84 0 0 19 T 0.0 M 2.6 13 180 M M 2 138 18 190
17 92 76 84 0 0 19 0.01 0.0 M 4.8 13 170 M M 2 13 18 210
18 94 78 86 2 0 21 0.03 0.0 M 6.6 15 190 M M 1 13 20 180
19 93 80 87 3 0 22 0.42 0.0 M 5.9 15 210 M M 1 13 23 220
20 93 77 85 1 0 20 0.00 0.0 0 5.9 14 220 M M 1 1 20 210
21 93 75 84 0 0 19 0.00 0.0 0 3.3 10 210 M M 1 18 17 200
22 93 74 84 0 0 19 0.00 0.0 M 3.7 12 220 M M 0 18 16 230
23 95 75 85 1 0 20 0.00 0.0 M 3.5 10 200 M M 0 18 15 190
24 96 74 85 1 0 20 1.90 0.0 M 4.4 23 100 M M 2 1238 29 90
25 97 74 86 2 0 21 0.00 0.0 M 4.1 10 110 M M 1 1 15 110
26 95 77 86 3 0 21 0.26 0.0 M 8.5 30 140 M M 1 1238 37 140
27 94 75 85 2 0 20 0.00 0.0 M 9.3 20 70 M M 2 1 26 80
28 85 75 80 -3 0 15 0.04 0.0 M 8.7 16 120 M M 6 1 22 130
29 92 75 84 1 0 19 T 0.0 M 12.2 23 340 M M 1 18 32 30
30 93 75 84 1 0 19 0.00 0.0 M 9.3 20 310 M M 2 27 310
31 94 73 84 1 0 19 3.02 0.0 M 6.3 30 110 M M 3 123 40 110
================================================================================
SM 2860 2334 0 590 7.46 0.0 175.4 M 54
================================================================================
AV 92.3 75.3 5.7 FASTST M M 2 MAX(MPH)
MISC ----> # 30 140 43 340
================================================================================
NOTES:
# LAST OF SEVERAL OCCURRENCES
COLUMN 17 PEAK WIND IN M.P.H.
PRELIMINARY LOCAL CLIMATOLOGICAL DATA (WS FORM: F-6) , PAGE 2
STATION: LAKE CHARLES
MONTH: AUGUST
YEAR: 2021
LATITUDE: 30 7 N
LONGITUDE: 93 13 W
[TEMPERATURE DATA] [PRECIPITATION DATA] SYMBOLS USED IN COLUMN 16
AVERAGE MONTHLY: 83.8 TOTAL FOR MONTH: 7.46 1 = FOG OR MIST
DPTR FM NORMAL: -0.2 DPTR FM NORMAL: 1.27 2 = FOG REDUCING VISIBILITY
HIGHEST: 97 ON 25 GRTST 24HR 3.02 ON 31-31 TO 1/4 MILE OR LESS
LOWEST: 69 ON 5 3 = THUNDER
SNOW, ICE PELLETS, HAIL 4 = ICE PELLETS
TOTAL MONTH: 0.0 INCH 5 = HAIL
GRTST 24HR 0.0 6 = FREEZING RAIN OR DRIZZLE
GRTST DEPTH: 0 7 = DUSTSTORM OR SANDSTORM:
VSBY 1/2 MILE OR LESS
8 = SMOKE OR HAZE
[NO. OF DAYS WITH] [WEATHER - DAYS WITH] 9 = BLOWING SNOW
X = TORNADO
MAX 32 OR BELOW: 0 0.01 INCH OR MORE: 14
MAX 90 OR ABOVE: 28 0.10 INCH OR MORE: 10
MIN 32 OR BELOW: 0 0.50 INCH OR MORE: 2
MIN 0 OR BELOW: 0 1.00 INCH OR MORE: 2
[HDD (BASE 65) ]
TOTAL THIS MO. 0 CLEAR (SCALE 0-3) 28
DPTR FM NORMAL 0 PTCLDY (SCALE 4-7) 3
TOTAL FM JUL 1 0 CLOUDY (SCALE 8-10) 0
DPTR FM NORMAL 0
[CDD (BASE 65) ]
TOTAL THIS MO. 590
DPTR FM NORMAL 3 [PRESSURE DATA]
TOTAL FM JAN 1 2315 HIGHEST SLP 30.19 ON 13
DPTR FM NORMAL 7 LOWEST SLP 29.72 ON 30
[REMARKS]
#FINAL-08-21#