000
CXUS52 KMLB 010622
CF6LEE
PRELIMINARY LOCAL CLIMATOLOGICAL DATA (WS FORM: F-6)
STATION: LEESBURG
MONTH: SEPTEMBER
YEAR: 2020
LATITUDE: 28 49 N
LONGITUDE: 81 49 W
TEMPERATURE IN F: :PCPN: SNOW: WIND :SUNSHINE: SKY :PK WND
================================================================================
1 2 3 4 5 6A 6B 7 8 9 10 11 12 13 14 15 16 17 18
12Z AVG MX 2MIN
DY MAX MIN AVG DEP HDD CDD WTR SNW DPTH SPD SPD DIR MIN PSBL S-S WX SPD DR
================================================================================
1 91 75 83 1 0 18 0.02 0.0 0 5.2 18 290 M M 2 1 25 290
2 95 76 86 4 0 21 0.00 0.0 0 4.1 17 180 M M 2 22 170
3 94 75 85 3 0 20 0.00 0.0 0 2.7 9 170 M M 0 12 60
4 95 78 87 5 0 22 0.18 0.0 0 4.7 23 60 M M 1 3 32 60
5 95 76 86 4 0 21 0.00 0.0 0 4.2 13 70 M M 1 15 70
6 95 76 86 4 0 21 0.18 0.0 0 4.8 18 350 M M 1 13 25 10
7 91 74 83 1 0 18 0.11 0.0 0 6.1 28 110 M M 2 13 35 110
8 91 73 82 0 0 17 0.01 0.0 0 6.7 18 60 M M 3 13 26 50
9 93 75 84 2 0 19 0.17 0.0 0 5.6 26 120 M M 2 13 32 120
10 92 75 84 2 0 19 0.26 0.0 0 4.6 25 90 M M 2 13 32 90
11 90 77 84 2 0 19 0.22 0.0 0 6.9 21 140 M M 1 138 26 140
12 89 76 83 1 0 18 0.12 0.0 0 9.6 24 140 M M 2 13 33 150
13 87 76 82 0 0 17 0.21 0.0 0 9.3 17 130 M M 2 138 26 120
14 89 77 83 2 0 18 0.52 0.0 0 6.5 17 90 M M 3 138 24 100
15 87 77 82 1 0 17 0.01 0.0 0 5.3 17 70 M M 3 3 21 70
16 91 76 84 3 0 19 T 0.0 0 6.5 14 160 M M 2 20 150
17 89 77 83 2 0 18 0.73 0.0 0 10.3 22 220 M M 5 138 36 240
18 90 76 83 2 0 18 0.00 0.0 0 7.3 14 290 M M 4 18 290
19 91 71 81 0 0 16 0.10 0.0 0 8.2 21 20 M M 4 1 25 30
20 84 76 80 -1 0 15 0.09 0.0 0 13.6 24 40 M M 8 1 32 30
21 87 71 79 -2 0 14 0.01 0.0 0 13.3 25 50 M M 6 18 32 60
22 85 69 77 -3 0 12 0.00 0.0 0 10.8 22 50 M M 5 28 40
23 87 69 78 -2 0 13 0.00 0.0 0 7.6 14 80 M M 4 26 340
24 90 74 82 2 0 17 0.00 0.0 0 7.1 14 120 M M 1 18 140
25 93 73 83 3 0 18 0.00 0.0 0 3.0 8 320 M M 2 14 140
26 94 76 85 5 0 20 0.00 0.0 0 5.0 10 90 M M 1 14 320
27 92 73 83 3 0 18 1.83 0.0 0 5.4 20 360 M M 2 13 27 360
28 87 74 81 1 0 16 0.02 0.0 0 3.5 15 280 M M 2 13 21 270
29 89 65 77 -2 0 12 0.74 0.0 0 6.7 16 360 M M 6 13 21 350
30 79 62 71 -8 0 6 0.00 0.0 0 7.6 15 10 M M 3 21 30
================================================================================
SM 2702 2218 0 517 5.53 0.0 202.2 M 82
================================================================================
AV 90.1 73.9 6.7 FASTST M M 3 MAX(MPH)
MISC ----> 28 110 36 240
================================================================================
NOTES:
# LAST OF SEVERAL OCCURRENCES
COLUMN 17 PEAK WIND IN M.P.H.
PRELIMINARY LOCAL CLIMATOLOGICAL DATA (WS FORM: F-6) , PAGE 2
STATION: LEESBURG
MONTH: SEPTEMBER
YEAR: 2020
LATITUDE: 28 49 N
LONGITUDE: 81 49 W
[TEMPERATURE DATA] [PRECIPITATION DATA] SYMBOLS USED IN COLUMN 16
AVERAGE MONTHLY: 82.0 TOTAL FOR MONTH: 5.53 1 = FOG OR MIST
DPTR FM NORMAL: 0.9 DPTR FM NORMAL: -0.62 2 = FOG REDUCING VISIBILITY
HIGHEST: 95 ON 6, 5 GRTST 24HR 1.85 ON 27-28 TO 1/4 MILE OR LESS
LOWEST: 62 ON 30 3 = THUNDER
SNOW, ICE PELLETS, HAIL 4 = ICE PELLETS
TOTAL MONTH: 0.0 INCH 5 = HAIL
GRTST 24HR 0.0 6 = FREEZING RAIN OR DRIZZLE
GRTST DEPTH: 0 7 = DUSTSTORM OR SANDSTORM:
VSBY 1/2 MILE OR LESS
8 = SMOKE OR HAZE
[NO. OF DAYS WITH] [WEATHER - DAYS WITH] 9 = BLOWING SNOW
X = TORNADO
MAX 32 OR BELOW: 0 0.01 INCH OR MORE: 19
MAX 90 OR ABOVE: 18 0.10 INCH OR MORE: 13
MIN 32 OR BELOW: 0 0.50 INCH OR MORE: 4
MIN 0 OR BELOW: 0 1.00 INCH OR MORE: 1
[HDD (BASE 65) ]
TOTAL THIS MO. 0 CLEAR (SCALE 0-3) 21
DPTR FM NORMAL 0 PTCLDY (SCALE 4-7) 8
TOTAL FM JUL 1 0 CLOUDY (SCALE 8-10) 1
DPTR FM NORMAL 0
[CDD (BASE 65) ]
TOTAL THIS MO. 517
DPTR FM NORMAL 36 [PRESSURE DATA]
TOTAL FM JAN 1 3455 HIGHEST SLP M ON M
DPTR FM NORMAL 614 LOWEST SLP 29.78 ON 29
[REMARKS]
#FINAL-09-20#