000
CXUS53 KLMK 010710
CF6LEX
PRELIMINARY LOCAL CLIMATOLOGICAL DATA (WS FORM: F-6)
STATION: LEXINGTON KY
MONTH: APRIL
YEAR: 2023
LATITUDE: 38 1 N
LONGITUDE: 84 36 W
TEMPERATURE IN F: :PCPN: SNOW: WIND :SUNSHINE: SKY :PK WND
================================================================================
1 2 3 4 5 6A 6B 7 8 9 10 11 12 13 14 15 16 17 18
12Z AVG MX 2MIN
DY MAX MIN AVG DEP HDD CDD WTR SNW DPTH SPD SPD DIR MIN PSBL S-S WX SPD DR
================================================================================
1 69 43 56 5 9 0 0.38 0.0 0 17.7 38 260 M M 6 3 58 250
2 59 41 50 -2 15 0 0.00 0.0 0 6.1 12 280 M M 5 17 290
3 74 44 59 7 6 0 0.00 0.0 0 10.4 25 180 M M 3 34 180
4 80 58 69 17 0 4 0.00 0.0 0 11.2 21 180 M M 6 28 180
5 87 61 74 22 0 9 0.42 0.0 0 15.6 35 280 M M 3 13 56 270
6 62 44 53 0 12 0 0.10 0.0 0 7.9 16 350 M M 10 18 22 340
7 57 43 50 -3 15 0 0.00 0.0 0 12.2 24 40 M M 3 32 70
8 59 40 50 -4 15 0 0.00 0.0 0 14.3 24 70 M M 0 31 80
9 67 36 52 -2 13 0 0.00 0.0 0 9.9 22 50 M M 0 28 80
10 72 40 56 2 9 0 0.00 0.0 0 4.4 13 170 M M 0 16 180
11 76 38 57 2 8 0 0.00 0.0 0 4.0 13 320 M M 0 17 250
12 77 45 61 6 4 0 0.00 0.0 0 5.8 14 210 M M 0 19 260
13 84 44 64 9 1 0 0.00 0.0 0 4.6 10 10 M M 1 14 140
14 77 58 68 12 0 3 0.00 0.0 0 7.0 21 160 M M 5 27 170
15 79 55 67 11 0 2 0.00 0.0 0 7.9 15 210 M M 2 22 210
16 69 46 58 2 7 0 T 0.0 0 13.1 30 250 M M 6 43 250
17 62 44 53 -4 12 0 0.00 0.0 0 14.9 31 250 M M 5 50 240
18 71 38 55 -2 10 0 0.00 0.0 0 4.6 12 280 M M 2 19 280
19 82 43 63 5 2 0 0.00 0.0 0 7.4 18 200 M M 0 24 200
20 85 59 72 14 0 7 0.00 0.0 0 11.2 23 200 M M 0 31 200
21 76 49 63 5 2 0 0.64 0.0 0 7.7 25 300 M M 4 13 43 300
22 63 42 53 -5 12 0 0.29 0.0 0 10.0 23 250 M M 7 18 34 290
23 52 36 44 -15 21 0 0.00 0.0 0 5.8 15 270 M M 9 22 260
24 56 31 44 -15 21 0 0.00 0.0 0 6.5 17 280 M M 1 8 25 280
25 66 37 52 -8 13 0 0.00 0.0 0 5.3 14 100 M M 0 18 100
26 71 40 56 -4 9 0 0.00 0.0 0 5.6 12 350 M M 0 16 330
27 69 49 59 -1 6 0 0.34 0.0 0 10.0 16 50 M M 4 1 22 110
28 68 49 59 -1 6 0 0.14 0.0 0 8.9 23 260 M M 8 1 33 250
29 63 47 55 -6 10 0 0.01 0.0 0 5.6 14 220 M M 7 1 18 220
30 61 45 53 -8 12 0 0.02 0.0 0 12.4 28 280 M M 8 1 47 250
================================================================================
SM 2093 1345 250 25 2.34 0.0 268.0 M 105
================================================================================
AV 69.8 44.8 8.9 FASTST M M 4 MAX(MPH)
MISC ----> 38 260 58 250
================================================================================
NOTES:
# LAST OF SEVERAL OCCURRENCES
COLUMN 17 PEAK WIND IN M.P.H.
PRELIMINARY LOCAL CLIMATOLOGICAL DATA (WS FORM: F-6) , PAGE 2
STATION: LEXINGTON KY
MONTH: APRIL
YEAR: 2023
LATITUDE: 38 1 N
LONGITUDE: 84 36 W
[TEMPERATURE DATA] [PRECIPITATION DATA] SYMBOLS USED IN COLUMN 16
AVERAGE MONTHLY: 57.3 TOTAL FOR MONTH: 2.34 1 = FOG OR MIST
DPTR FM NORMAL: 1.1 DPTR FM NORMAL: -2.08 2 = FOG REDUCING VISIBILITY
HIGHEST: 87 ON 5 GRTST 24HR 0.93 ON 21-22 TO 1/4 MILE OR LESS
LOWEST: 31 ON 24 3 = THUNDER
SNOW, ICE PELLETS, HAIL 4 = ICE PELLETS
TOTAL MONTH: 0.0 INCH 5 = HAIL
GRTST 24HR 0.0 6 = FREEZING RAIN OR DRIZZLE
GRTST DEPTH: 0 7 = DUSTSTORM OR SANDSTORM:
VSBY 1/2 MILE OR LESS
8 = SMOKE OR HAZE
[NO. OF DAYS WITH] [WEATHER - DAYS WITH] 9 = BLOWING SNOW
X = TORNADO
MAX 32 OR BELOW: 0 0.01 INCH OR MORE: 9
MAX 90 OR ABOVE: 0 0.10 INCH OR MORE: 7
MIN 32 OR BELOW: 1 0.50 INCH OR MORE: 1
MIN 0 OR BELOW: 0 1.00 INCH OR MORE: 0
[HDD (BASE 65) ]
TOTAL THIS MO. 250 CLEAR (SCALE 0-3) 15
DPTR FM NORMAL -37 PTCLDY (SCALE 4-7) 12
TOTAL FM JUL 1 3580 CLOUDY (SCALE 8-10) 3
DPTR FM NORMAL -751
[CDD (BASE 65) ]
TOTAL THIS MO. 25
DPTR FM NORMAL 2 [PRESSURE DATA]
TOTAL FM JAN 1 28 HIGHEST SLP M ON M
DPTR FM NORMAL 1 LOWEST SLP 29.48 ON 30
[REMARKS]
#FINAL-04-23#