000
CDUS43 KLMK 290645
CLILEX


CLIMATE REPORT
NATIONAL WEATHER SERVICE LOUISVILLE KY
245 AM EDT SAT APR 29 2017


...................................

...THE LEXINGTON KY CLIMATE SUMMARY FOR APRIL 28 2017...

CLIMATE NORMAL PERIOD 1981 TO 2010
CLIMATE RECORD PERIOD 1872 TO 2017


WEATHER ITEM   OBSERVED TIME   RECORD YEAR NORMAL DEPARTURE LAST
                VALUE   (LST)  VALUE       VALUE  FROM      YEAR
                                                  NORMAL
..................................................................
TEMPERATURE (F)
 YESTERDAY
  MAXIMUM         81    332 PM  86    1957  70     11       79
  MINIMUM         45    450 AM  28    1976  49     -4       57
  AVERAGE         63                        59      4       68

PRECIPITATION (IN)
  YESTERDAY        0.00          1.82 1970   0.13  -0.13     0.08
  MONTH TO DATE    1.65                      3.33  -1.68     2.87
  SINCE MAR 1      4.93                      7.40  -2.47     5.66
  SINCE JAN 1     13.03                     13.80  -0.77    11.36

SNOWFALL (IN)
  YESTERDAY        0.0           0.0    MM   0.0    0.0      0.0
  MONTH TO DATE    0.0                       0.3   -0.3       T
  SINCE MAR 1      T                         1.7   -1.7      0.7
  SINCE JUL 1      3.4                      13.0   -9.6     15.3
  SNOW DEPTH       0

DEGREE DAYS
 HEATING
  YESTERDAY        2                         7     -5        0
  MONTH TO DATE  132                       299   -167      254
  SINCE MAR 1    662                       904   -242      648
  SINCE JUL 1   3372                      4475  -1103     3619

 COOLING
  YESTERDAY        0                         1     -1        3
  MONTH TO DATE   45                        19     26       25
  SINCE MAR 1     50                        21     29       28
  SINCE JAN 1     54                        21     33       28
..................................................................


WIND (MPH)
  HIGHEST WIND SPEED    17   HIGHEST WIND DIRECTION     S (190)
  HIGHEST GUST SPEED    24   HIGHEST GUST DIRECTION     S (190)
  AVERAGE WIND SPEED     7.7


SKY COVER
  POSSIBLE SUNSHINE  MM
  AVERAGE SKY COVER 0.4


WEATHER CONDITIONS
 THE FOLLOWING WEATHER WAS RECORDED YESTERDAY.
  NO SIGNIFICANT WEATHER WAS OBSERVED.


RELATIVE HUMIDITY (PERCENT)
 HIGHEST    86          1200 AM
 LOWEST     45           300 PM
 AVERAGE    66

..........................................................


THE LEXINGTON KY CLIMATE NORMALS FOR TODAY
                         NORMAL    RECORD    YEAR
 MAXIMUM TEMPERATURE (F)   70        86      1899
 MINIMUM TEMPERATURE (F)   49        28      1874


SUNRISE AND SUNSET
APRIL 29 2017.........SUNRISE   644 AM EDT   SUNSET   828 PM EDT
APRIL 30 2017.........SUNRISE   643 AM EDT   SUNSET   829 PM EDT


-  INDICATES NEGATIVE NUMBERS.
R  INDICATES RECORD WAS SET OR TIED.
MM INDICATES DATA IS MISSING.
T  INDICATES TRACE AMOUNT.




$$
