000
CDUS43 KLMK 270630
CLILEX


CLIMATE REPORT
NATIONAL WEATHER SERVICE LOUISVILLE KY
229 AM EDT FRI MAY 27 2016


...................................

...THE LEXINGTON KY CLIMATE SUMMARY FOR MAY 26 2016...

CLIMATE NORMAL PERIOD 1981 TO 2010
CLIMATE RECORD PERIOD 1872 TO 2016


WEATHER ITEM   OBSERVED TIME   RECORD YEAR NORMAL DEPARTURE LAST
                VALUE   (LST)  VALUE       VALUE  FROM      YEAR
                                                  NORMAL
..................................................................
TEMPERATURE (F)
 YESTERDAY
  MAXIMUM         81    239 PM  94    1939  77      4       84
  MINIMUM         62   1017 PM  38    1925  57      5       64
  AVERAGE         72                        67      5       74

PRECIPITATION (IN)
  YESTERDAY        0.89          1.58 1968   0.17   0.72     0.45
  MONTH TO DATE    6.49                      4.37   2.12     1.42
  SINCE MAR 1     12.59                     12.04   0.55    20.29
  SINCE JAN 1     18.29                     18.44  -0.15    25.14

SNOWFALL (IN)
  YESTERDAY        0.0          MM      MM   0.0    0.0      0.0
  MONTH TO DATE    0.0                       0.0    0.0      0.0
  SINCE MAR 1      0.7                       1.7   -1.0     17.1
  SINCE JUL 1     15.3                      13.0    2.3     40.0
  SNOW DEPTH       0

DEGREE DAYS
 HEATING
  YESTERDAY        0                         2     -2        0
  MONTH TO DATE  137                       103     34       59
  SINCE MAR 1    793                      1021   -228      968
  SINCE JUL 1   3764                      4592   -828     4946

 COOLING
  YESTERDAY        7                         4      3        9
  MONTH TO DATE   37                        61    -24      117
  SINCE MAR 1     65                        83    -18      129
  SINCE JAN 1     65                        83    -18      129
..................................................................


WIND (MPH)
  HIGHEST WIND SPEED    22   HIGHEST WIND DIRECTION     W (280)
  HIGHEST GUST SPEED    29   HIGHEST GUST DIRECTION     W (280)
  AVERAGE WIND SPEED     8.6


SKY COVER
  POSSIBLE SUNSHINE  MM
  AVERAGE SKY COVER 0.5


WEATHER CONDITIONS
 THE FOLLOWING WEATHER WAS RECORDED YESTERDAY.
  THUNDERSTORM
  HEAVY RAIN
  RAIN
  LIGHT RAIN
  FOG


RELATIVE HUMIDITY (PERCENT)
 HIGHEST    93           600 AM
 LOWEST     67           200 PM
 AVERAGE    80

..........................................................


THE LEXINGTON KY CLIMATE NORMALS FOR TODAY
                         NORMAL    RECORD    YEAR
 MAXIMUM TEMPERATURE (F)   78        93      1911
 MINIMUM TEMPERATURE (F)   57        35      1961


SUNRISE AND SUNSET
MAY 27 2016...........SUNRISE   619 AM EDT   SUNSET   852 PM EDT
MAY 28 2016...........SUNRISE   619 AM EDT   SUNSET   853 PM EDT


-  INDICATES NEGATIVE NUMBERS.
R  INDICATES RECORD WAS SET OR TIED.
MM INDICATES DATA IS MISSING.
T  INDICATES TRACE AMOUNT.




$$
