000
CDUS43 KLMK 170635
CLILEX


CLIMATE REPORT
NATIONAL WEATHER SERVICE LOUISVILLE KY
134 AM EST WED JAN 17 2018


...................................

...THE LEXINGTON KY CLIMATE SUMMARY FOR JANUARY 16 2018...

CLIMATE NORMAL PERIOD 1981 TO 2010
CLIMATE RECORD PERIOD 1872 TO 2018


WEATHER ITEM   OBSERVED TIME   RECORD YEAR NORMAL DEPARTURE LAST
                VALUE   (LST)  VALUE       VALUE  FROM      YEAR
                                                  NORMAL
..................................................................
TEMPERATURE (F)
 YESTERDAY
  MAXIMUM         23   1214 AM  69    1949  41    -18       62
  MINIMUM          4    840 PM -11    1972  25    -21       41
                                      1912
  AVERAGE         14                        33    -19       52

PRECIPITATION (IN)
  YESTERDAY        0.17          1.20 1935   0.10   0.07     0.06
  MONTH TO DATE    0.98                      1.65  -0.67     2.30
  SINCE DEC 1      3.35                      5.58  -2.23     8.48
  SINCE JAN 1      0.98                      1.65  -0.67     2.30

SNOWFALL (IN)
  YESTERDAY        3.5           5.6  1978   0.2    3.3      0.0
  MONTH TO DATE    5.9                       1.9    4.0      2.5
  SINCE DEC 1      6.1                       4.4    1.7      2.6
  SINCE JUL 1      6.1                       4.7    1.4      2.6
  SNOW DEPTH       3

DEGREE DAYS
 HEATING
  YESTERDAY       51                        32     19       13
  MONTH TO DATE  637                       512    125      446
  SINCE DEC 1   1561                      1413    148     1303
  SINCE JUL 1   2341                      2300     41     1889

 COOLING
  YESTERDAY        0                         0      0        0
  MONTH TO DATE    0                         0      0        0
  SINCE DEC 1      0                         0      0        0
  SINCE JAN 1      0                         0      0        0
..................................................................


WIND (MPH)
  HIGHEST WIND SPEED    16   HIGHEST WIND DIRECTION    NW (300)
  HIGHEST GUST SPEED    22   HIGHEST GUST DIRECTION    NW (300)
  AVERAGE WIND SPEED     6.3


SKY COVER
  POSSIBLE SUNSHINE  MM
  AVERAGE SKY COVER 0.8


WEATHER CONDITIONS
 THE FOLLOWING WEATHER WAS RECORDED YESTERDAY.
  SNOW
  LIGHT SNOW
  FOG
  HAZE


RELATIVE HUMIDITY (PERCENT)
 HIGHEST    84           700 AM
 LOWEST     61           400 PM
 AVERAGE    73

..........................................................


THE LEXINGTON KY CLIMATE NORMALS FOR TODAY
                         NORMAL    RECORD    YEAR
 MAXIMUM TEMPERATURE (F)   41        67      2017
                                             1952
 MINIMUM TEMPERATURE (F)   25       -13      1982


SUNRISE AND SUNSET
JANUARY 17 2018.......SUNRISE   752 AM EST   SUNSET   545 PM EST
JANUARY 18 2018.......SUNRISE   752 AM EST   SUNSET   546 PM EST


-  INDICATES NEGATIVE NUMBERS.
R  INDICATES RECORD WAS SET OR TIED.
MM INDICATES DATA IS MISSING.
T  INDICATES TRACE AMOUNT.




$$
