000
CDUS43 KLMK 012033
CLILEX

CLIMATE REPORT
NATIONAL WEATHER SERVICE LOUISVILLE KY
432 PM EDT WED JUL 1 2015


...................................

...THE LEXINGTON KY CLIMATE SUMMARY FOR JULY 1 2015...
VALID TODAY AS OF 0400 PM LOCAL TIME.

CLIMATE NORMAL PERIOD 1981 TO 2010
CLIMATE RECORD PERIOD 1872 TO 2015


WEATHER ITEM   OBSERVED TIME   RECORD YEAR NORMAL DEPARTURE LAST
                VALUE   (LST)  VALUE       VALUE  FROM      YEAR
                                                  NORMAL
..................................................................
TEMPERATURE (F)
 TODAY
  MAXIMUM         79   1251 PM 103    2012  86     -7       90
  MINIMUM         64    126 AM  48    1937  66     -2       70
  AVERAGE         72                        76     -4       80

PRECIPITATION (IN)
  TODAY            0.01          1.59 1915   0.14  -0.13     0.37
  MONTH TO DATE    0.01                      0.14  -0.13     0.37
  SINCE JUN 1      5.65                      4.58   1.07     5.96
  SINCE JAN 1     31.44                     23.91   7.53    27.31

SNOWFALL (IN)
  TODAY            0.0          MM      MM   0.0    0.0      0.0
  MONTH TO DATE    0.0                       0.0    0.0      0.0
  SINCE JUN 1      0.0                       0.0    0.0      0.0
  SINCE JUL 1      0.0                       0.0    0.0      0.0
  SNOW DEPTH       0

DEGREE DAYS
 HEATING
  TODAY            0                         0      0        0
  MONTH TO DATE    0                         0      0        0
  SINCE JUN 1     18                        11      7        0
  SINCE JUL 1      0                         0      0        0

 COOLING
  TODAY            7                        11     -4       15
  MONTH TO DATE    7                        11     -4       15
  SINCE JUN 1    296                       253     43      320
  SINCE JAN 1    464                       360    104      481
..................................................................


WIND (MPH)
  HIGHEST WIND SPEED    13   HIGHEST WIND DIRECTION    SW (210)
  HIGHEST GUST SPEED    15   HIGHEST GUST DIRECTION    SW (210)
  AVERAGE WIND SPEED     6.0


SKY COVER
  POSSIBLE SUNSHINE  MM
  AVERAGE SKY COVER 0.4


WEATHER CONDITIONS
 THE FOLLOWING WEATHER WAS RECORDED TODAY.
  LIGHT RAIN
  FOG
  HAZE


RELATIVE HUMIDITY (PERCENT)
 HIGHEST   100           700 AM
 LOWEST     74          1200 PM
 AVERAGE    87

..........................................................


THE LEXINGTON KY CLIMATE NORMALS FOR TOMORROW
                         NORMAL    RECORD    YEAR
 MAXIMUM TEMPERATURE (F)   86        97      2012
                                             1970
                                             1935
 MINIMUM TEMPERATURE (F)   66        47      1937


SUNRISE AND SUNSET
JULY  1 2015..........SUNRISE   619 AM EDT   SUNSET   905 PM EDT
JULY  2 2015..........SUNRISE   620 AM EDT   SUNSET   905 PM EDT


-  INDICATES NEGATIVE NUMBERS.
R  INDICATES RECORD WAS SET OR TIED.
MM INDICATES DATA IS MISSING.
T  INDICATES TRACE AMOUNT.




$$
