000
CDUS43 KLMK 020630
CLILEX


CLIMATE REPORT
NATIONAL WEATHER SERVICE LOUISVILLE KY
229 AM EDT TUE JUN 2 2015


...................................

...THE LEXINGTON KY CLIMATE SUMMARY FOR JUNE 1 2015...

CLIMATE NORMAL PERIOD 1981 TO 2010
CLIMATE RECORD PERIOD 1872 TO 2015


WEATHER ITEM   OBSERVED TIME   RECORD YEAR NORMAL DEPARTURE LAST
                VALUE   (LST)  VALUE       VALUE  FROM      YEAR
                                                  NORMAL
..................................................................
TEMPERATURE (F)
 YESTERDAY
  MAXIMUM         62    107 AM  95    1937  79    -17       86
  MINIMUM         53   1033 AM  39    1966  59     -6       60
  AVERAGE         58                        69    -11       73

PRECIPITATION (IN)
  YESTERDAY        0.91          1.53 1974   0.17   0.74      T
  MONTH TO DATE    0.91                      0.17   0.74      T
  SINCE JUN 1      0.91                      0.17   0.74      T
  SINCE JAN 1     26.70                     19.50   7.20    21.35

SNOWFALL (IN)
  YESTERDAY        0.0          MM      MM   0.0    0.0      0.0
  MONTH TO DATE    0.0                       0.0    0.0      0.0
  SINCE JUN 1      0.0                       0.0    0.0      0.0
  SINCE JUL 1     40.0                      13.0   27.0     27.1
  SNOW DEPTH       0

DEGREE DAYS
 HEATING
  YESTERDAY        7                         1      6        0
  MONTH TO DATE    7                         1      6        0
  SINCE JUN 1      7                         1      6        0
  SINCE JUL 1   4953                      4601    352     4855

 COOLING
  YESTERDAY        0                         5     -5        8
  MONTH TO DATE    0                         5     -5        8
  SINCE JUN 1      0                         5     -5        8
  SINCE JAN 1    168                       112     56      169
..................................................................


WIND (MPH)
  HIGHEST WIND SPEED    16   HIGHEST WIND DIRECTION    NE (40)
  HIGHEST GUST SPEED    19   HIGHEST GUST DIRECTION    NE (50)
  AVERAGE WIND SPEED    10.0


SKY COVER
  POSSIBLE SUNSHINE  MM
  AVERAGE SKY COVER 1.0


WEATHER CONDITIONS
 THE FOLLOWING WEATHER WAS RECORDED YESTERDAY.
  HEAVY RAIN
  RAIN
  LIGHT RAIN
  FOG


RELATIVE HUMIDITY (PERCENT)
 HIGHEST    93           400 AM
 LOWEST     84          1200 AM
 AVERAGE    89

..........................................................


THE LEXINGTON KY CLIMATE NORMALS FOR TODAY
                         NORMAL    RECORD    YEAR
 MAXIMUM TEMPERATURE (F)   79        96      1951
 MINIMUM TEMPERATURE (F)   59        45      1993
                                             1910


SUNRISE AND SUNSET
JUNE  2 2015..........SUNRISE   617 AM EDT   SUNSET   856 PM EDT
JUNE  3 2015..........SUNRISE   617 AM EDT   SUNSET   857 PM EDT


-  INDICATES NEGATIVE NUMBERS.
R  INDICATES RECORD WAS SET OR TIED.
MM INDICATES DATA IS MISSING.
T  INDICATES TRACE AMOUNT.




$$
