000
CDUS43 KLMK 210629
CLILEX


CLIMATE REPORT
NATIONAL WEATHER SERVICE LOUISVILLE KY
128 AM EST TUE FEB 21 2017


...................................

...THE LEXINGTON KY CLIMATE SUMMARY FOR FEBRUARY 20 2017...

CLIMATE NORMAL PERIOD 1981 TO 2010
CLIMATE RECORD PERIOD 1872 TO 2017


WEATHER ITEM   OBSERVED TIME   RECORD YEAR NORMAL DEPARTURE LAST
                VALUE   (LST)  VALUE       VALUE  FROM      YEAR
                                                  NORMAL
..................................................................
TEMPERATURE (F)
 YESTERDAY
  MAXIMUM         71    500 PM  72    2016  47     24       72
                                      1997
                                      1891
  MINIMUM         36    333 AM -18    2015  29      7       49
  AVERAGE         54                        38     16       61

PRECIPITATION (IN)
  YESTERDAY        0.00          1.22 1897   0.11  -0.11     0.00
  MONTH TO DATE    1.48                      2.26  -0.78     2.81
  SINCE DEC 1     12.37                      9.39   2.98    11.26
  SINCE JAN 1      6.19                      5.46   0.73     4.05

SNOWFALL (IN)
  YESTERDAY        0.0           5.0  1927   0.1   -0.1      0.0
  MONTH TO DATE    T                         3.6   -3.6      5.0
  SINCE DEC 1      3.4                      10.0   -6.6     14.6
  SINCE JUL 1      3.4                      10.3   -6.9     14.6
  SNOW DEPTH       0

DEGREE DAYS
 HEATING
  YESTERDAY       11                        27    -16        4
  MONTH TO DATE  426                       583   -157      590
  SINCE DEC 1   2044                      2479   -435     2108
  SINCE JUL 1   2630                      3366   -736     2794

 COOLING
  YESTERDAY        0                         0      0        0
  MONTH TO DATE    0                         0      0        0
  SINCE DEC 1      0                         0      0        0
  SINCE JAN 1      0                         0      0        0
..................................................................


WIND (MPH)
  HIGHEST WIND SPEED    12   HIGHEST WIND DIRECTION     E (110)
  HIGHEST GUST SPEED    14   HIGHEST GUST DIRECTION     E (110)
  AVERAGE WIND SPEED     5.8


SKY COVER
  POSSIBLE SUNSHINE  MM
  AVERAGE SKY COVER 0.1


WEATHER CONDITIONS
 THE FOLLOWING WEATHER WAS RECORDED YESTERDAY.
  FOG
  FOG W/VISIBILITY <= 1/4 MILE
  HAZE


RELATIVE HUMIDITY (PERCENT)
 HIGHEST   100           300 AM
 LOWEST     32           600 PM
 AVERAGE    66

..........................................................


THE LEXINGTON KY CLIMATE NORMALS FOR TODAY
                         NORMAL    RECORD    YEAR
 MAXIMUM TEMPERATURE (F)   47        71      1874
 MINIMUM TEMPERATURE (F)   30        -2      1896


SUNRISE AND SUNSET
FEBRUARY 21 2017......SUNRISE   721 AM EST   SUNSET   624 PM EST
FEBRUARY 22 2017......SUNRISE   719 AM EST   SUNSET   625 PM EST


-  INDICATES NEGATIVE NUMBERS.
R  INDICATES RECORD WAS SET OR TIED.
MM INDICATES DATA IS MISSING.
T  INDICATES TRACE AMOUNT.

$$

SCHOETTMER
