367
CDUS43 KLMK 010626
CLILEX


CLIMATE REPORT
NATIONAL WEATHER SERVICE LOUISVILLE KY
226 AM EDT SUN MAY 1 2016


...................................

...THE LEXINGTON KY CLIMATE SUMMARY FOR APRIL 30 2016...

CLIMATE NORMAL PERIOD 1981 TO 2010
CLIMATE RECORD PERIOD 1872 TO 2016


WEATHER ITEM   OBSERVED TIME   RECORD YEAR NORMAL DEPARTURE LAST
                VALUE   (LST)  VALUE       VALUE  FROM      YEAR
                                                  NORMAL
..................................................................
TEMPERATURE (F)
 YESTERDAY
  MAXIMUM         63   1159 PM  91    1942  70     -7       64
  MINIMUM         58    640 AM  32    1908  49      9       45
  AVERAGE         61                        60      1       55

PRECIPITATION (IN)
  YESTERDAY        0.44          3.21 1909   0.13   0.31     0.17
  MONTH TO DATE    3.31                      3.60  -0.29    11.41
  SINCE MAR 1      6.10                      7.67  -1.57    18.87
  SINCE JAN 1     11.80                     14.07  -2.27    23.72

SNOWFALL (IN)
  YESTERDAY        0.0           2.5  1908   0.0    0.0      0.0
  MONTH TO DATE    T                         0.3   -0.3      0.0
  SINCE MAR 1      0.7                       1.7   -1.0     17.1
  SINCE JUL 1     15.3                      13.0    2.3     40.0
  SNOW DEPTH       0

DEGREE DAYS
 HEATING
  YESTERDAY        4                         6     -2       10
  MONTH TO DATE  262                       312    -50      260
  SINCE MAR 1    656                       918   -262      909
  SINCE JUL 1   3627                      4489   -862     4887

 COOLING
  YESTERDAY        0                         1     -1        0
  MONTH TO DATE   25                        20      5       12
  SINCE MAR 1     28                        22      6       12
  SINCE JAN 1     28                        22      6       12
..................................................................


WIND (MPH)
  HIGHEST WIND SPEED    16   HIGHEST WIND DIRECTION     E (80)
  HIGHEST GUST SPEED    20   HIGHEST GUST DIRECTION     E (70)
  AVERAGE WIND SPEED     9.4


SKY COVER
  POSSIBLE SUNSHINE  MM
  AVERAGE SKY COVER 0.9


WEATHER CONDITIONS
 THE FOLLOWING WEATHER WAS RECORDED YESTERDAY.
  RAIN
  LIGHT RAIN
  FOG


RELATIVE HUMIDITY (PERCENT)
 HIGHEST    93          1100 AM
 LOWEST     72          1200 AM
 AVERAGE    83

..........................................................


THE LEXINGTON KY CLIMATE NORMALS FOR TODAY
                         NORMAL    RECORD    YEAR
 MAXIMUM TEMPERATURE (F)   70        90      1951
 MINIMUM TEMPERATURE (F)   50        29      1963


SUNRISE AND SUNSET
MAY  1 2016...........SUNRISE   642 AM EDT   SUNSET   830 PM EDT
MAY  2 2016...........SUNRISE   640 AM EDT   SUNSET   831 PM EDT


-  INDICATES NEGATIVE NUMBERS.
R  INDICATES RECORD WAS SET OR TIED.
MM INDICATES DATA IS MISSING.
T  INDICATES TRACE AMOUNT.




$$
