000
CDUS43 KLMK 310627
CLILEX


CLIMATE REPORT
NATIONAL WEATHER SERVICE LOUISVILLE KY
127 AM EST SAT JAN 31 2015


...................................

...THE LEXINGTON KY CLIMATE SUMMARY FOR JANUARY 30 2015...

CLIMATE NORMAL PERIOD 1981 TO 2010
CLIMATE RECORD PERIOD 1872 TO 2015


WEATHER ITEM   OBSERVED TIME   RECORD YEAR NORMAL DEPARTURE LAST
                VALUE   (LST)  VALUE       VALUE  FROM      YEAR
                                                  NORMAL
..................................................................
TEMPERATURE (F)
 YESTERDAY
  MAXIMUM         36    429 PM  69    1916  42     -6       38
  MINIMUM         22   1044 PM -10    1966  25     -3       10
  AVERAGE         29                        34     -5       24

PRECIPITATION (IN)
  YESTERDAY        T             1.59 1947   0.11  -0.11     0.00
  MONTH TO DATE    1.85                      3.08  -1.23     2.31
  SINCE DEC 1      5.15                      7.01  -1.86     7.89
  SINCE JAN 1      1.85                      3.08  -1.23     2.31

SNOWFALL (IN)
  YESTERDAY        T             5.7  1980   0.1   -0.1      0.0
  MONTH TO DATE    5.9                       3.7    2.2      8.6
  SINCE DEC 1      5.9                       6.2   -0.3      9.2
  SINCE JUL 1      7.5                       6.5    1.0     10.6
  SNOW DEPTH       0

DEGREE DAYS
 HEATING
  YESTERDAY       36                        31      5       41
  MONTH TO DATE 1009                       959     50     1147
  SINCE DEC 1   1820                      1860    -40     1978
  SINCE JUL 1   2827                      2747     80     2905

 COOLING
  YESTERDAY        0                         0      0        0
  MONTH TO DATE    0                         0      0        0
  SINCE DEC 1      0                         0      0        0
  SINCE JAN 1      0                         0      0        0
..................................................................


WIND (MPH)
  HIGHEST WIND SPEED    20   HIGHEST WIND DIRECTION     N (360)
  HIGHEST GUST SPEED    26   HIGHEST GUST DIRECTION     N (10)
  AVERAGE WIND SPEED     8.9


SKY COVER
  POSSIBLE SUNSHINE  MM
  AVERAGE SKY COVER 0.6


WEATHER CONDITIONS
 THE FOLLOWING WEATHER WAS RECORDED YESTERDAY.
  LIGHT SNOW


RELATIVE HUMIDITY (PERCENT)
 HIGHEST    89          1200 AM
 LOWEST     40           300 PM
 AVERAGE    65

..........................................................


THE LEXINGTON KY CLIMATE NORMALS FOR TODAY
                         NORMAL    RECORD    YEAR
 MAXIMUM TEMPERATURE (F)   42        71      2002
 MINIMUM TEMPERATURE (F)   25       -10      1965


SUNRISE AND SUNSET
JANUARY 31 2015.......SUNRISE   744 AM EST   SUNSET   600 PM EST
FEBRUARY  1 2015......SUNRISE   743 AM EST   SUNSET   601 PM EST


-  INDICATES NEGATIVE NUMBERS.
R  INDICATES RECORD WAS SET OR TIED.
MM INDICATES DATA IS MISSING.
T  INDICATES TRACE AMOUNT.




$$
