230
CDUS43 KLMK 230628
CLILEX


CLIMATE REPORT
NATIONAL WEATHER SERVICE LOUISVILLE KY
227 AM EDT MON OCT 23 2017


...................................

...THE LEXINGTON KY CLIMATE SUMMARY FOR OCTOBER 22 2017...

CLIMATE NORMAL PERIOD 1981 TO 2010
CLIMATE RECORD PERIOD 1872 TO 2017


WEATHER ITEM   OBSERVED TIME   RECORD YEAR NORMAL DEPARTURE LAST
                VALUE   (LST)  VALUE       VALUE  FROM      YEAR
                                                  NORMAL
..................................................................
TEMPERATURE (F)
 YESTERDAY
  MAXIMUM         77    238 PM  85    1947  66     11       59
  MINIMUM         56    711 AM  26    1987  45     11       42
  AVERAGE         67                        55     12       51

PRECIPITATION (IN)
  YESTERDAY        0.00          2.67 1983   0.10  -0.10     0.00
  MONTH TO DATE    4.07                      2.17   1.90     0.83
  SINCE SEP 1      7.81                      5.08   2.73     2.50
  SINCE JAN 1     42.75                     36.75   6.00    36.87

SNOWFALL (IN)
  YESTERDAY        0.0           0.0    MM   0.0    0.0      0.0
  MONTH TO DATE    0.0                       0.0    0.0      0.0
  SINCE SEP 1      0.0                       0.0    0.0      0.0
  SINCE JUL 1      0.0                       0.0    0.0      0.0
  SNOW DEPTH       0

DEGREE DAYS
 HEATING
  YESTERDAY        0                        10    -10       14
  MONTH TO DATE   54                       165   -111       65
  SINCE SEP 1     89                       217   -128       82
  SINCE JUL 1     89                       219   -130       82

 COOLING
  YESTERDAY        2                         0      2        0
  MONTH TO DATE   59                        23     36       70
  SINCE SEP 1    203                       169     34      341
  SINCE JAN 1   1284                      1186     98     1617
..................................................................


WIND (MPH)
  HIGHEST WIND SPEED    21   HIGHEST WIND DIRECTION     S (160)
  HIGHEST GUST SPEED    29   HIGHEST GUST DIRECTION     S (160)
  AVERAGE WIND SPEED    10.5


SKY COVER
  POSSIBLE SUNSHINE  MM
  AVERAGE SKY COVER 0.0


WEATHER CONDITIONS
 THE FOLLOWING WEATHER WAS RECORDED YESTERDAY.
  NO SIGNIFICANT WEATHER WAS OBSERVED.


RELATIVE HUMIDITY (PERCENT)
 HIGHEST    77           700 AM
 LOWEST     43           200 PM
 AVERAGE    60

..........................................................


THE LEXINGTON KY CLIMATE NORMALS FOR TODAY
                         NORMAL    RECORD    YEAR
 MAXIMUM TEMPERATURE (F)   65        84      1963
 MINIMUM TEMPERATURE (F)   45        26      1997
                                             1917


SUNRISE AND SUNSET
OCTOBER 23 2017.......SUNRISE   755 AM EDT   SUNSET   650 PM EDT
OCTOBER 24 2017.......SUNRISE   756 AM EDT   SUNSET   648 PM EDT


-  INDICATES NEGATIVE NUMBERS.
R  INDICATES RECORD WAS SET OR TIED.
MM INDICATES DATA IS MISSING.
T  INDICATES TRACE AMOUNT.




$$
