000
CDUS43 KLMK 162135
CLILEX


CLIMATE REPORT
NATIONAL WEATHER SERVICE LOUISVILLE KY
433 PM EST FRI FEB 16 2018


...................................

...THE LEXINGTON KY CLIMATE SUMMARY FOR FEBRUARY 16 2018...
VALID TODAY AS OF 0400 PM LOCAL TIME.

CLIMATE NORMAL PERIOD 1981 TO 2010
CLIMATE RECORD PERIOD 1872 TO 2018


WEATHER ITEM   OBSERVED TIME   RECORD YEAR NORMAL DEPARTURE LAST
                VALUE   (LST)  VALUE       VALUE  FROM      YEAR
                                                  NORMAL
..................................................................
TEMPERATURE (F)
 TODAY
  MAXIMUM         69R   108 AM  69    1889  46     23       50
  MINIMUM         42    359 PM   0    1905  28     14       27
  AVERAGE         56                        37     19       39

PRECIPITATION (IN)
  TODAY            1.21R         1.05 2015   0.11   1.10     0.00
  MONTH TO DATE    4.60                      1.81   2.79     1.36
  SINCE DEC 1      9.06                      8.94   0.12    12.25
  SINCE JAN 1      6.69                      5.01   1.68     6.07

SNOWFALL (IN)
  TODAY            0.0          10.2  2015   0.2   -0.2      0.0
  MONTH TO DATE    1.3                       3.0   -1.7       T
  SINCE DEC 1      7.6                       9.4   -1.8      3.4
  SINCE JUL 1      7.6                       9.7   -2.1      3.4
  SNOW DEPTH       0

DEGREE DAYS
 HEATING
  TODAY            9                        28    -19       26
  MONTH TO DATE  421                       474    -53      375
  SINCE DEC 1   2390                      2370     20     1993
  SINCE JUL 1   3170                      3257    -87     2579

 COOLING
  TODAY            0                         0      0        0
  MONTH TO DATE    1                         0      1        0
  SINCE DEC 1      1                         0      1        0
  SINCE JAN 1      1                         0      1        0
..................................................................


WIND (MPH)
  HIGHEST WIND SPEED    31   HIGHEST WIND DIRECTION     N (340)
  HIGHEST GUST SPEED    44   HIGHEST GUST DIRECTION    NW (320)
  AVERAGE WIND SPEED    13.8


SKY COVER
  POSSIBLE SUNSHINE  MM
  AVERAGE SKY COVER 1.0


WEATHER CONDITIONS
 THE FOLLOWING WEATHER WAS RECORDED TODAY.
  HEAVY RAIN
  RAIN
  LIGHT RAIN
  FOG
  HAZE


RELATIVE HUMIDITY (PERCENT)
 HIGHEST    93           700 AM
 LOWEST     70          1200 AM
 AVERAGE    82

..........................................................


THE LEXINGTON KY CLIMATE NORMALS FOR TOMORROW
                         NORMAL    RECORD    YEAR
 MAXIMUM TEMPERATURE (F)   46        72      1927
 MINIMUM TEMPERATURE (F)   29        -6      1958


SUNRISE AND SUNSET
FEBRUARY 16 2018......SUNRISE   727 AM EST   SUNSET   618 PM EST
FEBRUARY 17 2018......SUNRISE   726 AM EST   SUNSET   619 PM EST


-  INDICATES NEGATIVE NUMBERS.
R  INDICATES RECORD WAS SET OR TIED.
MM INDICATES DATA IS MISSING.
T  INDICATES TRACE AMOUNT.

$$

SCHOETTMER
