252
CDUS43 KLMK 082127
CLILEX


CLIMATE REPORT
NATIONAL WEATHER SERVICE LOUISVILLE KY
427 PM EST MON FEB 8 2016


...................................

...THE LEXINGTON KY CLIMATE SUMMARY FOR FEBRUARY 8 2016...
VALID TODAY AS OF 0400 PM LOCAL TIME.

CLIMATE NORMAL PERIOD 1981 TO 2010
CLIMATE RECORD PERIOD 1872 TO 2016


WEATHER ITEM   OBSERVED TIME   RECORD YEAR NORMAL DEPARTURE LAST
                VALUE   (LST)  VALUE       VALUE  FROM      YEAR
                                                  NORMAL
..................................................................
TEMPERATURE (F)
 TODAY
  MAXIMUM         44   1230 AM  74    1937  44      0       56
  MINIMUM         32    810 AM -13    1895  27      5       48
  AVERAGE         38                        35      3       52

PRECIPITATION (IN)
  TODAY            0.20          1.00 1994   0.11   0.09     0.01
  MONTH TO DATE    1.58                      0.92   0.66     0.61
  SINCE DEC 1     10.03                      8.05   1.98     5.76
  SINCE JAN 1      2.82                      4.12  -1.30     2.46

SNOWFALL (IN)
  TODAY            T             7.3  1971   0.2   -0.2      0.0
  MONTH TO DATE    T                         1.5   -1.5      0.3
  SINCE DEC 1      9.6                       7.9    1.7      6.2
  SINCE JUL 1      9.6                       8.2    1.4      7.8
  SNOW DEPTH       0

DEGREE DAYS
 HEATING
  TODAY           27                        30     -3       13
  MONTH TO DATE  186                       244    -58      230
  SINCE DEC 1   1704                      2140   -436     2085
  SINCE JUL 1   2390                      3027   -637     3092

 COOLING
  TODAY            0                         0      0        0
  MONTH TO DATE    0                         0      0        0
  SINCE DEC 1      0                         0      0        0
  SINCE JAN 1      0                         0      0        0
..................................................................


WIND (MPH)
  HIGHEST WIND SPEED    16   HIGHEST WIND DIRECTION     W (250)
  HIGHEST GUST SPEED    22   HIGHEST GUST DIRECTION     W (280)
  AVERAGE WIND SPEED     9.3


SKY COVER
  POSSIBLE SUNSHINE  MM
  AVERAGE SKY COVER 1.0


WEATHER CONDITIONS
 THE FOLLOWING WEATHER WAS RECORDED TODAY.
  RAIN
  LIGHT RAIN
  SNOW
  LIGHT SNOW
  FOG


RELATIVE HUMIDITY (PERCENT)
 HIGHEST    96           900 AM
 LOWEST     45          1200 AM
 AVERAGE    71

..........................................................


THE LEXINGTON KY CLIMATE NORMALS FOR TOMORROW
                         NORMAL    RECORD    YEAR
 MAXIMUM TEMPERATURE (F)   44        70      2001
 MINIMUM TEMPERATURE (F)   27       -15      1899


SUNRISE AND SUNSET
FEBRUARY  8 2016......SUNRISE   737 AM EST   SUNSET   609 PM EST
FEBRUARY  9 2016......SUNRISE   736 AM EST   SUNSET   610 PM EST


-  INDICATES NEGATIVE NUMBERS.
R  INDICATES RECORD WAS SET OR TIED.
MM INDICATES DATA IS MISSING.
T  INDICATES TRACE AMOUNT.




$$
