000
CDUS43 KLMK 292038
CLILEX


CLIMATE REPORT
NATIONAL WEATHER SERVICE LOUISVILLE KY
438 PM EDT SAT AUG 29 2015


...................................

...THE LEXINGTON KY CLIMATE SUMMARY FOR AUGUST 29 2015...
VALID TODAY AS OF 0400 PM LOCAL TIME.

CLIMATE NORMAL PERIOD 1981 TO 2010
CLIMATE RECORD PERIOD 1872 TO 2015


WEATHER ITEM   OBSERVED TIME   RECORD YEAR NORMAL DEPARTURE LAST
                VALUE   (LST)  VALUE       VALUE  FROM      YEAR
                                                  NORMAL
..................................................................
TEMPERATURE (F)
 TODAY
  MAXIMUM         88    213 PM  98    1953  84      4       92
  MINIMUM         65    627 AM  42    1965  63      2       70
  AVERAGE         77                        74      3       81

PRECIPITATION (IN)
  TODAY            0.00          2.16 1990   0.10  -0.10     0.00
  MONTH TO DATE    1.73                      3.07  -1.34     9.16
  SINCE JUN 1     17.03                     12.16   4.87    17.98
  SINCE JAN 1     42.82                     31.49  11.33    39.33

SNOWFALL (IN)
  TODAY            0.0          MM      MM   0.0    0.0      0.0
  MONTH TO DATE    0.0                       0.0    0.0      0.0
  SINCE JUN 1      0.0                       0.0    0.0      0.0
  SINCE JUL 1      0.0                       0.0    0.0      0.0
  SNOW DEPTH       0

DEGREE DAYS
 HEATING
  TODAY            0                         0      0        0
  MONTH TO DATE    0                         0      0        0
  SINCE JUN 1     18                        11      7        2
  SINCE JUL 1      0                         0      0        2

 COOLING
  TODAY           12                         9      3       16
  MONTH TO DATE  233                       304    -71      319
  SINCE JUN 1    871                       893    -22      894
  SINCE JAN 1   1039                      1000     39     1055
..................................................................


WIND (MPH)
  HIGHEST WIND SPEED    15   HIGHEST WIND DIRECTION     S (190)
  HIGHEST GUST SPEED    20   HIGHEST GUST DIRECTION     S (200)
  AVERAGE WIND SPEED     8.2


SKY COVER
  POSSIBLE SUNSHINE  MM
  AVERAGE SKY COVER 0.3


WEATHER CONDITIONS
 THE FOLLOWING WEATHER WAS RECORDED TODAY.
  NO SIGNIFICANT WEATHER WAS OBSERVED.


RELATIVE HUMIDITY (PERCENT)
 HIGHEST    93           600 AM
 LOWEST     51           200 PM
 AVERAGE    72

..........................................................


THE LEXINGTON KY CLIMATE NORMALS FOR TOMORROW
                         NORMAL    RECORD    YEAR
 MAXIMUM TEMPERATURE (F)   84        97      1953
 MINIMUM TEMPERATURE (F)   63        47      1946


SUNRISE AND SUNSET
AUGUST 29 2015........SUNRISE   705 AM EDT   SUNSET   813 PM EDT
AUGUST 30 2015........SUNRISE   706 AM EDT   SUNSET   811 PM EDT


-  INDICATES NEGATIVE NUMBERS.
R  INDICATES RECORD WAS SET OR TIED.
MM INDICATES DATA IS MISSING.
T  INDICATES TRACE AMOUNT.




$$
