000
CDUS43 KLMK 200633
CLILEX


CLIMATE REPORT
NATIONAL WEATHER SERVICE LOUISVILLE KY
133 AM EST FRI JAN 20 2017


...................................

...THE LEXINGTON KY CLIMATE SUMMARY FOR JANUARY 19 2017...

CLIMATE NORMAL PERIOD 1981 TO 2010
CLIMATE RECORD PERIOD 1872 TO 2017


WEATHER ITEM   OBSERVED TIME   RECORD YEAR NORMAL DEPARTURE LAST
                VALUE   (LST)  VALUE       VALUE  FROM      YEAR
                                                  NORMAL
..................................................................
TEMPERATURE (F)
 YESTERDAY
  MAXIMUM         57    217 PM  68    1907  41     16       21
  MINIMUM         35    148 AM -20    1994  25     10        8
  AVERAGE         46                        33     13       15

PRECIPITATION (IN)
  YESTERDAY        0.23          1.60 1988   0.10   0.13     0.00
  MONTH TO DATE    3.76                      1.95   1.81     0.59
  SINCE DEC 1      9.94                      5.88   4.06     7.80
  SINCE JAN 1      3.76                      1.95   1.81     0.59

SNOWFALL (IN)
  YESTERDAY        0.0           8.9  1936   0.1   -0.1      0.0
  MONTH TO DATE    2.5                       2.2    0.3      0.3
  SINCE DEC 1      2.6                       4.7   -2.1      0.3
  SINCE JUL 1      2.6                       5.0   -2.4      0.3
  SNOW DEPTH       0

DEGREE DAYS
 HEATING
  YESTERDAY       19                        32    -13       50
  MONTH TO DATE  498                       608   -110      627
  SINCE DEC 1   1355                      1509   -154     1123
  SINCE JUL 1   1941                      2396   -455     1809

 COOLING
  YESTERDAY        0                         0      0        0
  MONTH TO DATE    0                         0      0        0
  SINCE DEC 1      0                         0      0        0
  SINCE JAN 1      0                         0      0        0
..................................................................


WIND (MPH)
  HIGHEST WIND SPEED    14   HIGHEST WIND DIRECTION    SE (130)
  HIGHEST GUST SPEED    25   HIGHEST GUST DIRECTION    SE (140)
  AVERAGE WIND SPEED     7.4


SKY COVER
  POSSIBLE SUNSHINE  MM
  AVERAGE SKY COVER 0.6


WEATHER CONDITIONS
 THE FOLLOWING WEATHER WAS RECORDED YESTERDAY.
  LIGHT RAIN
  FOG


RELATIVE HUMIDITY (PERCENT)
 HIGHEST    92           100 AM
 LOWEST     47           200 PM
 AVERAGE    70

..........................................................


THE LEXINGTON KY CLIMATE NORMALS FOR TODAY
                         NORMAL    RECORD    YEAR
 MAXIMUM TEMPERATURE (F)   41        70      1906
 MINIMUM TEMPERATURE (F)   25       -18      1985


SUNRISE AND SUNSET
JANUARY 20 2017.......SUNRISE   751 AM EST   SUNSET   548 PM EST
JANUARY 21 2017.......SUNRISE   750 AM EST   SUNSET   550 PM EST


-  INDICATES NEGATIVE NUMBERS.
R  INDICATES RECORD WAS SET OR TIED.
MM INDICATES DATA IS MISSING.
T  INDICATES TRACE AMOUNT.




$$
