000
CDUS43 KLMK 192032
CLILEX

CLIMATE REPORT
NATIONAL WEATHER SERVICE LOUISVILLE KY
427 PM EDT SUN OCT 19 2014


...................................

...THE LEXINGTON KY CLIMATE SUMMARY FOR OCTOBER 19 2014...
VALID TODAY AS OF 0400 PM LOCAL TIME.

CLIMATE NORMAL PERIOD 1981 TO 2010
CLIMATE RECORD PERIOD 1872 TO 2014


WEATHER ITEM   OBSERVED TIME   RECORD YEAR NORMAL DEPARTURE LAST
                VALUE   (LST)  VALUE       VALUE  FROM      YEAR
                                                  NORMAL
..................................................................
TEMPERATURE (F)
 TODAY
  MAXIMUM         61    248 PM  84    2005  67     -6       53
                                      1963
                                      1953
  MINIMUM         48    324 AM  26    1992  46      2       39
  AVERAGE         55                        56     -1       46

PRECIPITATION (IN)
  TODAY            0.00          1.30 1960   0.11  -0.11     0.19
  MONTH TO DATE    3.66                      1.87   1.79     4.53
  SINCE SEP 1      8.01                      4.78   3.23     6.16
  SINCE JAN 1     47.74                     36.45  11.29    49.80

SNOWFALL (IN)
  TODAY            0.0           0.2  1972   0.0    0.0      0.0
  MONTH TO DATE    0.0                       0.0    0.0      0.0
  SINCE SEP 1      0.0                       0.0    0.0      0.0
  SINCE JUL 1      0.0                       0.0    0.0      0.0
  SNOW DEPTH       0

DEGREE DAYS
 HEATING
  TODAY           10                         9      1       19
  MONTH TO DATE   97                       135    -38       81
  SINCE SEP 1    125                       187    -62       98
  SINCE JUL 1    127                       189    -62      101

 COOLING
  TODAY            0                         1     -1        0
  MONTH TO DATE   25                        23      2       44
  SINCE SEP 1    191                       169     22      207
  SINCE JAN 1   1272                      1186     86     1245
..................................................................


WIND (MPH)
  HIGHEST WIND SPEED    10   HIGHEST WIND DIRECTION    NW (330)
  HIGHEST GUST SPEED    13   HIGHEST GUST DIRECTION    NW (330)
  AVERAGE WIND SPEED     3.5


SKY COVER
  POSSIBLE SUNSHINE  MM
  AVERAGE SKY COVER 0.6


WEATHER CONDITIONS
 THE FOLLOWING WEATHER WAS RECORDED TODAY.
  NO SIGNIFICANT WEATHER WAS OBSERVED.


RELATIVE HUMIDITY (PERCENT)
 HIGHEST    80          1200 AM
 LOWEST     44           200 PM
 AVERAGE    62

..........................................................


THE LEXINGTON KY CLIMATE NORMALS FOR TOMORROW
                         NORMAL    RECORD    YEAR
 MAXIMUM TEMPERATURE (F)   66        86      1963
 MINIMUM TEMPERATURE (F)   45        25      1972


SUNRISE AND SUNSET
OCTOBER 19 2014.......SUNRISE   751 AM EDT   SUNSET   655 PM EDT
OCTOBER 20 2014.......SUNRISE   752 AM EDT   SUNSET   654 PM EDT


-  INDICATES NEGATIVE NUMBERS.
R  INDICATES RECORD WAS SET OR TIED.
MM INDICATES DATA IS MISSING.
T  INDICATES TRACE AMOUNT.




$$
