000
CDUS43 KLMK 030626
CLILEX


CLIMATE REPORT
NATIONAL WEATHER SERVICE LOUISVILLE KY
226 AM EDT TUE MAY 3 2016


...................................

...THE LEXINGTON KY CLIMATE SUMMARY FOR MAY 2 2016...

CLIMATE NORMAL PERIOD 1981 TO 2010
CLIMATE RECORD PERIOD 1872 TO 2016


WEATHER ITEM   OBSERVED TIME   RECORD YEAR NORMAL DEPARTURE LAST
                VALUE   (LST)  VALUE       VALUE  FROM      YEAR
                                                  NORMAL
..................................................................
TEMPERATURE (F)
 YESTERDAY
  MAXIMUM         70   1124 AM  88    1959  71     -1       74
  MINIMUM         57   1159 PM  33    1961  50      7       44
                                      1929
                                      1909
  AVERAGE         64                        60      4       59

PRECIPITATION (IN)
  YESTERDAY        0.10          4.31 2010   0.15  -0.05     0.00
  MONTH TO DATE    0.44                      0.31   0.13     0.00
  SINCE MAR 1      6.54                      7.98  -1.44    18.87
  SINCE JAN 1     12.24                     14.38  -2.14    23.72

SNOWFALL (IN)
  YESTERDAY        0.0           1.5  1897   0.0    0.0      0.0
  MONTH TO DATE    0.0                       0.0    0.0      0.0
  SINCE MAR 1      0.7                       1.7   -1.0     17.1
  SINCE JUL 1     15.3                      13.0    2.3     40.0
  SNOW DEPTH       0

DEGREE DAYS
 HEATING
  YESTERDAY        1                         6     -5        6
  MONTH TO DATE    1                        12    -11       15
  SINCE MAR 1    657                       930   -273      924
  SINCE JUL 1   3628                      4501   -873     4902

 COOLING
  YESTERDAY        0                         1     -1        0
  MONTH TO DATE    6                         2      4        0
  SINCE MAR 1     34                        24     10       12
  SINCE JAN 1     34                        24     10       12
..................................................................


WIND (MPH)
  HIGHEST WIND SPEED    16   HIGHEST WIND DIRECTION     S (200)
  HIGHEST GUST SPEED    20   HIGHEST GUST DIRECTION     S (200)
  AVERAGE WIND SPEED     6.0


SKY COVER
  POSSIBLE SUNSHINE  MM
  AVERAGE SKY COVER 0.5


WEATHER CONDITIONS
 THE FOLLOWING WEATHER WAS RECORDED YESTERDAY.
  LIGHT RAIN
  FOG


RELATIVE HUMIDITY (PERCENT)
 HIGHEST    93           400 AM
 LOWEST     53          1100 AM
 AVERAGE    73

..........................................................


THE LEXINGTON KY CLIMATE NORMALS FOR TODAY
                         NORMAL    RECORD    YEAR
 MAXIMUM TEMPERATURE (F)   71        88      1959
 MINIMUM TEMPERATURE (F)   50        32      2005


SUNRISE AND SUNSET
MAY  3 2016...........SUNRISE   639 AM EDT   SUNSET   832 PM EDT
MAY  4 2016...........SUNRISE   638 AM EDT   SUNSET   833 PM EDT


-  INDICATES NEGATIVE NUMBERS.
R  INDICATES RECORD WAS SET OR TIED.
MM INDICATES DATA IS MISSING.
T  INDICATES TRACE AMOUNT.




$$
