000
CDUS43 KLMK 270630
CLILEX


CLIMATE REPORT
NATIONAL WEATHER SERVICE LOUISVILLE KY
228 AM EDT WED MAY 27 2015


...................................

...THE LEXINGTON KY CLIMATE SUMMARY FOR MAY 26 2015...

CLIMATE NORMAL PERIOD 1981 TO 2010
CLIMATE RECORD PERIOD 1872 TO 2015


WEATHER ITEM   OBSERVED TIME   RECORD YEAR NORMAL DEPARTURE LAST
                VALUE   (LST)  VALUE       VALUE  FROM      YEAR
                                                  NORMAL
..................................................................
TEMPERATURE (F)
 YESTERDAY
  MAXIMUM         84   1212 PM  94    1939  77      7       87
  MINIMUM         64    327 AM  38    1925  57      7       58
  AVERAGE         74                        67      7       73

PRECIPITATION (IN)
  YESTERDAY        0.45          1.58 1968   0.17   0.28     0.00
  MONTH TO DATE    1.42                      4.37  -2.95     5.10
  SINCE MAR 1     20.29                     12.04   8.25    13.98
  SINCE JAN 1     25.14                     18.44   6.70    21.02

SNOWFALL (IN)
  YESTERDAY        0.0          MM      MM   0.0    0.0      0.0
  MONTH TO DATE    0.0                       0.0    0.0      0.0
  SINCE MAR 1     17.1                       1.7   15.4      7.8
  SINCE JUL 1     40.0                      13.0   27.0     27.1
  SNOW DEPTH       0

DEGREE DAYS
 HEATING
  YESTERDAY        0                         2     -2        0
  MONTH TO DATE   59                       103    -44       90
  SINCE MAR 1    968                      1021    -53     1012
  SINCE JUL 1   4946                      4592    354     4855

 COOLING
  YESTERDAY        9                         4      5        8
  MONTH TO DATE  117                        61     56       96
  SINCE MAR 1    129                        83     46      111
  SINCE JAN 1    129                        83     46      111
..................................................................


WIND (MPH)
  HIGHEST WIND SPEED    26   HIGHEST WIND DIRECTION     W (260)
  HIGHEST GUST SPEED    35   HIGHEST GUST DIRECTION     W (270)
  AVERAGE WIND SPEED    11.2


SKY COVER
  POSSIBLE SUNSHINE  MM
  AVERAGE SKY COVER 0.5


WEATHER CONDITIONS
 THE FOLLOWING WEATHER WAS RECORDED YESTERDAY.
  THUNDERSTORM
  HEAVY RAIN
  RAIN
  LIGHT RAIN
  FOG


RELATIVE HUMIDITY (PERCENT)
 HIGHEST   100          1200 AM
 LOWEST     55           400 PM
 AVERAGE    78

..........................................................


THE LEXINGTON KY CLIMATE NORMALS FOR TODAY
                         NORMAL    RECORD    YEAR
 MAXIMUM TEMPERATURE (F)   78        93      1911
 MINIMUM TEMPERATURE (F)   57        35      1961


SUNRISE AND SUNSET
MAY 27 2015...........SUNRISE   620 AM EDT   SUNSET   852 PM EDT
MAY 28 2015...........SUNRISE   619 AM EDT   SUNSET   852 PM EDT


-  INDICATES NEGATIVE NUMBERS.
R  INDICATES RECORD WAS SET OR TIED.
MM INDICATES DATA IS MISSING.
T  INDICATES TRACE AMOUNT.




$$
