000
CDUS43 KLMK 250631
CLILEX


CLIMATE REPORT
NATIONAL WEATHER SERVICE LOUISVILLE KY
131 AM EST WED FEB 25 2015


...................................

...THE LEXINGTON KY CLIMATE SUMMARY FOR FEBRUARY 24 2015...

CLIMATE NORMAL PERIOD 1981 TO 2010
CLIMATE RECORD PERIOD 1872 TO 2015


WEATHER ITEM   OBSERVED TIME   RECORD YEAR NORMAL DEPARTURE LAST
                VALUE   (LST)  VALUE       VALUE  FROM      YEAR
                                                  NORMAL
..................................................................
TEMPERATURE (F)
 YESTERDAY
  MAXIMUM         28    540 PM  71    1944  48    -20       39
  MINIMUM          5    706 AM   1    1967  30    -25       22
  AVERAGE         17                        39    -22       31

PRECIPITATION (IN)
  YESTERDAY        0.00          1.77 2011   0.12  -0.12     0.00
  MONTH TO DATE    3.00                      2.73   0.27     4.71
  SINCE DEC 1      8.15                      9.86  -1.71    12.60
  SINCE JAN 1      4.85                      5.93  -1.08     7.02

SNOWFALL (IN)
  YESTERDAY        0.0           1.8  1913   0.1   -0.1      0.0
  MONTH TO DATE   15.4                       4.2   11.2      8.3
  SINCE DEC 1     21.3                      10.6   10.7     17.5
  SINCE JUL 1     22.9                      10.9   12.0     18.9
  SNOW DEPTH       5

DEGREE DAYS
 HEATING
  YESTERDAY       48                        26     22       34
  MONTH TO DATE  949                       688    261      759
  SINCE DEC 1   2804                      2584    220     2766
  SINCE JUL 1   3811                      3471    340     3693

 COOLING
  YESTERDAY        0                         0      0        0
  MONTH TO DATE    0                         0      0        0
  SINCE DEC 1      0                         0      0        0
  SINCE JAN 1      0                         0      0        0
..................................................................


WIND (MPH)
  HIGHEST WIND SPEED    21   HIGHEST WIND DIRECTION    SW (220)
  HIGHEST GUST SPEED    24   HIGHEST GUST DIRECTION    SW (210)
  AVERAGE WIND SPEED     8.4


SKY COVER
  POSSIBLE SUNSHINE  MM
  AVERAGE SKY COVER 0.2


WEATHER CONDITIONS
 THE FOLLOWING WEATHER WAS RECORDED YESTERDAY.
  NO SIGNIFICANT WEATHER WAS OBSERVED.


RELATIVE HUMIDITY (PERCENT)
 HIGHEST    83           700 AM
 LOWEST     42           300 PM
 AVERAGE    63

..........................................................


THE LEXINGTON KY CLIMATE NORMALS FOR TODAY
                         NORMAL    RECORD    YEAR
 MAXIMUM TEMPERATURE (F)   49        74      2000
 MINIMUM TEMPERATURE (F)   31        -4      1900


SUNRISE AND SUNSET
FEBRUARY 25 2015......SUNRISE   716 AM EST   SUNSET   627 PM EST
FEBRUARY 26 2015......SUNRISE   715 AM EST   SUNSET   628 PM EST


-  INDICATES NEGATIVE NUMBERS.
R  INDICATES RECORD WAS SET OR TIED.
MM INDICATES DATA IS MISSING.
T  INDICATES TRACE AMOUNT.




$$
