000
CDUS43 KLMK 262026
CLILEX


CLIMATE REPORT
NATIONAL WEATHER SERVICE LOUISVILLE KY
426 PM EDT FRI MAY 26 2017


...................................

...THE LEXINGTON KY CLIMATE SUMMARY FOR MAY 26 2017...
VALID TODAY AS OF 0400 PM LOCAL TIME.

CLIMATE NORMAL PERIOD 1981 TO 2010
CLIMATE RECORD PERIOD 1872 TO 2017


WEATHER ITEM   OBSERVED TIME   RECORD YEAR NORMAL DEPARTURE LAST
                VALUE   (LST)  VALUE       VALUE  FROM      YEAR
                                                  NORMAL
..................................................................
TEMPERATURE (F)
 TODAY
  MAXIMUM         78    255 PM  94    1939  77      1       81
  MINIMUM         54    456 AM  38    1925  57     -3       62
  AVERAGE         66                        67     -1       72

PRECIPITATION (IN)
  TODAY            0.00          1.58 1968   0.17  -0.17     0.89
  MONTH TO DATE    5.23                      4.37   0.86     6.49
  SINCE MAR 1     10.35                     12.04  -1.69    12.59
  SINCE JAN 1     18.45                     18.44   0.01    18.29

SNOWFALL (IN)
  TODAY            0.0          MM      MM   0.0    0.0      0.0
  MONTH TO DATE    0.0                       0.0    0.0      0.0
  SINCE MAR 1      T                         1.7   -1.7      0.7
  SINCE JUL 1      3.4                      13.0   -9.6     15.3
  SNOW DEPTH       0

DEGREE DAYS
 HEATING
  TODAY            0                         2     -2        0
  MONTH TO DATE   99                       103     -4      137
  SINCE MAR 1    761                      1021   -260      793
  SINCE JUL 1   3471                      4592  -1121     3764

 COOLING
  TODAY            1                         4     -3        7
  MONTH TO DATE   88                        61     27       37
  SINCE MAR 1    159                        83     76       65
  SINCE JAN 1    163                        83     80       65
..................................................................


WIND (MPH)
  HIGHEST WIND SPEED    18   HIGHEST WIND DIRECTION     W (250)
  HIGHEST GUST SPEED    22   HIGHEST GUST DIRECTION    SW (220)
  AVERAGE WIND SPEED     8.5


SKY COVER
  POSSIBLE SUNSHINE  MM
  AVERAGE SKY COVER 0.1


WEATHER CONDITIONS
 THE FOLLOWING WEATHER WAS RECORDED TODAY.
  FOG


RELATIVE HUMIDITY (PERCENT)
 HIGHEST    93           100 AM
 LOWEST     48           300 PM
 AVERAGE    71

..........................................................


THE LEXINGTON KY CLIMATE NORMALS FOR TOMORROW
                         NORMAL    RECORD    YEAR
 MAXIMUM TEMPERATURE (F)   78        93      1911
 MINIMUM TEMPERATURE (F)   57        35      1961


SUNRISE AND SUNSET
MAY 26 2017...........SUNRISE   620 AM EDT   SUNSET   851 PM EDT
MAY 27 2017...........SUNRISE   620 AM EDT   SUNSET   852 PM EDT


-  INDICATES NEGATIVE NUMBERS.
R  INDICATES RECORD WAS SET OR TIED.
MM INDICATES DATA IS MISSING.
T  INDICATES TRACE AMOUNT.




$$
