000
CDUS43 KLMK 240630
CLILEX


CLIMATE REPORT
NATIONAL WEATHER SERVICE LOUISVILLE KY
129 AM EST WED DEC 24 2014


...................................

...THE LEXINGTON KY CLIMATE SUMMARY FOR DECEMBER 23 2014...

CLIMATE NORMAL PERIOD 1981 TO 2010
CLIMATE RECORD PERIOD 1872 TO 2014


WEATHER ITEM   OBSERVED TIME   RECORD YEAR NORMAL DEPARTURE LAST
                VALUE   (LST)  VALUE       VALUE  FROM      YEAR
                                                  NORMAL
..................................................................
TEMPERATURE (F)
 YESTERDAY
  MAXIMUM         58    939 PM  68    1970  42     16       42
  MINIMUM         50    202 AM -11    1989  26     24       27
  AVERAGE         54                        34     20       35

PRECIPITATION (IN)
  YESTERDAY        0.39          1.02 1921   0.13   0.26     0.03
  MONTH TO DATE    3.04                      2.97   0.07     4.96
  SINCE DEC 1      3.04                      2.97   0.07     4.96
  SINCE JAN 1     53.95                     44.21   9.74    58.91

SNOWFALL (IN)
  YESTERDAY        0.0           5.3  1963   0.1   -0.1      0.0
  MONTH TO DATE    T                         1.6   -1.6      0.6
  SINCE DEC 1      T                         1.6   -1.6      0.6
  SINCE JUL 1      1.6                       1.9   -0.3      2.0
  SNOW DEPTH       0

DEGREE DAYS
 HEATING
  YESTERDAY       11                        31    -20       30
  MONTH TO DATE  594                       649    -55      576
  SINCE DEC 1    594                       649    -55      576
  SINCE JUL 1   1601                      1536     65     1503

 COOLING
  YESTERDAY        0                         0      0        0
  MONTH TO DATE    0                         0      0        0
  SINCE DEC 1      0                         0      0        0
  SINCE JAN 1   1274                      1190     84     1245
..................................................................


WIND (MPH)
  HIGHEST WIND SPEED    29   HIGHEST WIND DIRECTION    SE (140)
  HIGHEST GUST SPEED    40   HIGHEST GUST DIRECTION    SE (130)
  AVERAGE WIND SPEED    11.1


SKY COVER
  POSSIBLE SUNSHINE  MM
  AVERAGE SKY COVER 1.0


WEATHER CONDITIONS
 THE FOLLOWING WEATHER WAS RECORDED YESTERDAY.
  RAIN
  LIGHT RAIN
  FOG


RELATIVE HUMIDITY (PERCENT)
 HIGHEST    96           500 AM
 LOWEST     71          1200 AM
 AVERAGE    84

..........................................................


THE LEXINGTON KY CLIMATE NORMALS FOR TODAY
                         NORMAL    RECORD    YEAR
 MAXIMUM TEMPERATURE (F)   42        68      1964
                                             1889
 MINIMUM TEMPERATURE (F)   26       -10      1989
                                             1983


SUNRISE AND SUNSET
DECEMBER 24 2014......SUNRISE   752 AM EST   SUNSET   524 PM EST
DECEMBER 25 2014......SUNRISE   753 AM EST   SUNSET   524 PM EST


-  INDICATES NEGATIVE NUMBERS.
R  INDICATES RECORD WAS SET OR TIED.
MM INDICATES DATA IS MISSING.
T  INDICATES TRACE AMOUNT.

$$

SCHOETTMER
