397
CDUS43 KLMK 200627
CLILEX


CLIMATE REPORT
NATIONAL WEATHER SERVICE LOUISVILLE KY
127 AM EST TUE FEB 20 2018


...................................

...THE LEXINGTON KY CLIMATE SUMMARY FOR FEBRUARY 19 2018...

CLIMATE NORMAL PERIOD 1981 TO 2010
CLIMATE RECORD PERIOD 1872 TO 2018


WEATHER ITEM   OBSERVED TIME   RECORD YEAR NORMAL DEPARTURE LAST
                VALUE   (LST)  VALUE       VALUE  FROM      YEAR
                                                  NORMAL
..................................................................
TEMPERATURE (F)
 YESTERDAY
  MAXIMUM         74    258 PM  75    1939  47     27       60
  MINIMUM         49   1204 AM  -8    2015  29     20       39
  AVERAGE         62                        38     24       50

PRECIPITATION (IN)
  YESTERDAY        T             1.26 1924   0.12  -0.12     0.01
  MONTH TO DATE    5.11                      2.15   2.96     1.48
  SINCE DEC 1      9.57                      9.28   0.29    12.37
  SINCE JAN 1      7.20                      5.35   1.85     6.19

SNOWFALL (IN)
  YESTERDAY        0.0           8.0  1921   0.1   -0.1      0.0
  MONTH TO DATE    1.3                       3.5   -2.2       T
  SINCE DEC 1      7.6                       9.9   -2.3      3.4
  SINCE JUL 1      7.6                      10.2   -2.6      3.4
  SNOW DEPTH       0

DEGREE DAYS
 HEATING
  YESTERDAY        3                        27    -24       15
  MONTH TO DATE  478                       556    -78      415
  SINCE DEC 1   2447                      2452     -5     2033
  SINCE JUL 1   3227                      3339   -112     2619

 COOLING
  YESTERDAY        0                         0      0        0
  MONTH TO DATE    1                         0      1        0
  SINCE DEC 1      1                         0      1        0
  SINCE JAN 1      1                         0      1        0
..................................................................


WIND (MPH)
  HIGHEST WIND SPEED    29   HIGHEST WIND DIRECTION     S (200)
  HIGHEST GUST SPEED    40   HIGHEST GUST DIRECTION     S (200)
  AVERAGE WIND SPEED    15.9


SKY COVER
  POSSIBLE SUNSHINE  MM
  AVERAGE SKY COVER 0.6


WEATHER CONDITIONS
 THE FOLLOWING WEATHER WAS RECORDED YESTERDAY.
  LIGHT RAIN


RELATIVE HUMIDITY (PERCENT)
 HIGHEST    86           600 AM
 LOWEST     54           100 AM
 AVERAGE    70

..........................................................


THE LEXINGTON KY CLIMATE NORMALS FOR TODAY
                         NORMAL    RECORD    YEAR
 MAXIMUM TEMPERATURE (F)   47        72      2016
                                             1997
                                             1891
 MINIMUM TEMPERATURE (F)   29       -18      2015


SUNRISE AND SUNSET
FEBRUARY 20 2018......SUNRISE   722 AM EST   SUNSET   622 PM EST
FEBRUARY 21 2018......SUNRISE   721 AM EST   SUNSET   624 PM EST


-  INDICATES NEGATIVE NUMBERS.
R  INDICATES RECORD WAS SET OR TIED.
MM INDICATES DATA IS MISSING.
T  INDICATES TRACE AMOUNT.




$$
