000
CDUS43 KLMK 190627
CLILEX


CLIMATE REPORT
NATIONAL WEATHER SERVICE LOUISVILLE KY
227 AM EDT TUE MAY 19 2015


...................................

...THE LEXINGTON KY CLIMATE SUMMARY FOR MAY 18 2015...

CLIMATE NORMAL PERIOD 1981 TO 2010
CLIMATE RECORD PERIOD 1872 TO 2015


WEATHER ITEM   OBSERVED TIME   RECORD YEAR NORMAL DEPARTURE LAST
                VALUE   (LST)  VALUE       VALUE  FROM      YEAR
                                                  NORMAL
..................................................................
TEMPERATURE (F)
 YESTERDAY
  MAXIMUM         78    522 PM  92    1962  75      3       66
  MINIMUM         66   1159 PM  37    1973  55     11       39
  AVERAGE         72                        65      7       53

PRECIPITATION (IN)
  YESTERDAY        0.01          2.02 2001   0.17  -0.16     0.00
  MONTH TO DATE    0.91                      3.03  -2.12     3.35
  SINCE MAR 1     19.78                     10.70   9.08    12.23
  SINCE JAN 1     24.63                     17.10   7.53    19.27

SNOWFALL (IN)
  YESTERDAY        0.0          MM      MM   0.0    0.0      0.0
  MONTH TO DATE    0.0                       0.0    0.0      0.0
  SINCE MAR 1     17.1                       1.7   15.4      7.8
  SINCE JUL 1     40.0                      13.0   27.0     27.1
  SNOW DEPTH       0

DEGREE DAYS
 HEATING
  YESTERDAY        0                         3     -3       12
  MONTH TO DATE   30                        82    -52       83
  SINCE MAR 1    939                      1000    -61     1005
  SINCE JUL 1   4917                      4571    346     4848

 COOLING
  YESTERDAY        7                         3      4        0
  MONTH TO DATE   94                        33     61       61
  SINCE MAR 1    106                        55     51       76
  SINCE JAN 1    106                        55     51       76
..................................................................


WIND (MPH)
  HIGHEST WIND SPEED    13   HIGHEST WIND DIRECTION    SW (230)
  HIGHEST GUST SPEED    16   HIGHEST GUST DIRECTION    SW (220)
  AVERAGE WIND SPEED     6.7


SKY COVER
  POSSIBLE SUNSHINE  MM
  AVERAGE SKY COVER 0.3


WEATHER CONDITIONS
 THE FOLLOWING WEATHER WAS RECORDED YESTERDAY.
  LIGHT RAIN
  FOG


RELATIVE HUMIDITY (PERCENT)
 HIGHEST    93           200 AM
 LOWEST     64           600 PM
 AVERAGE    79

..........................................................


THE LEXINGTON KY CLIMATE NORMALS FOR TODAY
                         NORMAL    RECORD    YEAR
 MAXIMUM TEMPERATURE (F)   75        91      1944
 MINIMUM TEMPERATURE (F)   55        32      2002


SUNRISE AND SUNSET
MAY 19 2015...........SUNRISE   625 AM EDT   SUNSET   845 PM EDT
MAY 20 2015...........SUNRISE   624 AM EDT   SUNSET   846 PM EDT


-  INDICATES NEGATIVE NUMBERS.
R  INDICATES RECORD WAS SET OR TIED.
MM INDICATES DATA IS MISSING.
T  INDICATES TRACE AMOUNT.




$$
