000
CDUS43 KLMK 060741
CLILEX


CLIMATE REPORT
NATIONAL WEATHER SERVICE LOUISVILLE KY
241 AM EST WED DEC 6 2017


...................................

...THE LEXINGTON KY CLIMATE SUMMARY FOR DECEMBER 5 2017...

CLIMATE NORMAL PERIOD 1981 TO 2010
CLIMATE RECORD PERIOD 1872 TO 2017


WEATHER ITEM   OBSERVED TIME   RECORD YEAR NORMAL DEPARTURE LAST
                VALUE   (LST)  VALUE       VALUE  FROM      YEAR
                                                  NORMAL
..................................................................
TEMPERATURE (F)
 YESTERDAY
  MAXIMUM         61        MM  72    2001  47     14       45
  MINIMUM         30        MM  11    1895  31     -1       38
  AVERAGE         46                        39      7       42

PRECIPITATION (IN)
  YESTERDAY        0.71          1.88 2011   0.13   0.58      T
  MONTH TO DATE    0.71                      0.64   0.07     0.08
  SINCE DEC 1      0.71                      0.64   0.07     0.08
  SINCE JAN 1     47.51                     41.88   5.63    38.29

SNOWFALL (IN)
  YESTERDAY       MM             4.9  1984   0.0   MM        0.0
  MONTH TO DATE    0.0                       0.2   -0.2      0.0
  SINCE DEC 1      0.0                       0.2   -0.2      0.0
  SINCE JUL 1      T                         0.5   -0.5      0.0
  SNOW DEPTH       0

DEGREE DAYS
 HEATING
  YESTERDAY       19                        26     -7       23
  MONTH TO DATE   95                       128    -33      121
  SINCE DEC 1     95                       128    -33      121
  SINCE JUL 1    875                      1015   -140      707

 COOLING
  YESTERDAY        0                         0      0        0
  MONTH TO DATE    0                         0      0        0
  SINCE DEC 1      0                         0      0        0
  SINCE JAN 1   1290                      1190    100     1640
..................................................................


WIND (MPH)
  HIGHEST WIND SPEED    23   HIGHEST WIND DIRECTION     S (180)
  HIGHEST GUST SPEED    36   HIGHEST GUST DIRECTION     S (180)
  AVERAGE WIND SPEED    13.0


SKY COVER
  POSSIBLE SUNSHINE  MM
  AVERAGE SKY COVER 0.6


WEATHER CONDITIONS
 THE FOLLOWING WEATHER WAS RECORDED YESTERDAY.
  HEAVY RAIN
  RAIN
  LIGHT RAIN
  FOG


RELATIVE HUMIDITY (PERCENT)
 HIGHEST    86           700 AM
 LOWEST     57          1200 AM
 AVERAGE    72

..........................................................


THE LEXINGTON KY CLIMATE NORMALS FOR TODAY
                         NORMAL    RECORD    YEAR
 MAXIMUM TEMPERATURE (F)   46        72      1998
 MINIMUM TEMPERATURE (F)   30         2      1977


SUNRISE AND SUNSET
DECEMBER  6 2017......SUNRISE   740 AM EST   SUNSET   519 PM EST
DECEMBER  7 2017......SUNRISE   741 AM EST   SUNSET   519 PM EST


-  INDICATES NEGATIVE NUMBERS.
R  INDICATES RECORD WAS SET OR TIED.
MM INDICATES DATA IS MISSING.
T  INDICATES TRACE AMOUNT.




$$
