178
CDUS43 KLMK 120628
CLILEX


CLIMATE REPORT
NATIONAL WEATHER SERVICE LOUISVILLE KY
127 AM EST FRI FEB 12 2016


...................................

...THE LEXINGTON KY CLIMATE SUMMARY FOR FEBRUARY 11 2016...

CLIMATE NORMAL PERIOD 1981 TO 2010
CLIMATE RECORD PERIOD 1872 TO 2016


WEATHER ITEM   OBSERVED TIME   RECORD YEAR NORMAL DEPARTURE LAST
                VALUE   (LST)  VALUE       VALUE  FROM      YEAR
                                                  NORMAL
..................................................................
TEMPERATURE (F)
 YESTERDAY
  MAXIMUM         29    513 PM  74    1999  44    -15       46
  MINIMUM         15    810 AM  -4    1899  27    -12       19
  AVERAGE         22                        36    -14       33

PRECIPITATION (IN)
  YESTERDAY        0.00          0.66 1910   0.11  -0.11     0.00
  MONTH TO DATE    1.65                      1.26   0.39     0.62
  SINCE DEC 1     10.10                      8.39   1.71     5.77
  SINCE JAN 1      2.89                      4.46  -1.57     2.47

SNOWFALL (IN)
  YESTERDAY        0.0           6.8  1910   0.2   -0.2      0.0
  MONTH TO DATE    1.7                       2.1   -0.4      0.4
  SINCE DEC 1     11.3                       8.5    2.8      6.3
  SINCE JUL 1     11.3                       8.8    2.5      7.9
  SNOW DEPTH       1

DEGREE DAYS
 HEATING
  YESTERDAY       43                        29     14       32
  MONTH TO DATE  323                       332     -9      325
  SINCE DEC 1   1841                      2228   -387     2180
  SINCE JUL 1   2527                      3115   -588     3187

 COOLING
  YESTERDAY        0                         0      0        0
  MONTH TO DATE    0                         0      0        0
  SINCE DEC 1      0                         0      0        0
  SINCE JAN 1      0                         0      0        0
..................................................................


WIND (MPH)
  HIGHEST WIND SPEED     8   HIGHEST WIND DIRECTION    NE (50)
  HIGHEST GUST SPEED    11   HIGHEST GUST DIRECTION    NW (300)
  AVERAGE WIND SPEED     2.8


SKY COVER
  POSSIBLE SUNSHINE  MM
  AVERAGE SKY COVER 0.5


WEATHER CONDITIONS
 THE FOLLOWING WEATHER WAS RECORDED YESTERDAY.
  NO SIGNIFICANT WEATHER WAS OBSERVED.


RELATIVE HUMIDITY (PERCENT)
 HIGHEST    88           800 AM
 LOWEST     50           400 PM
 AVERAGE    69

..........................................................


THE LEXINGTON KY CLIMATE NORMALS FOR TODAY
                         NORMAL    RECORD    YEAR
 MAXIMUM TEMPERATURE (F)   45        73      1938
 MINIMUM TEMPERATURE (F)   27       -12      1899


SUNRISE AND SUNSET
FEBRUARY 12 2016......SUNRISE   732 AM EST   SUNSET   613 PM EST
FEBRUARY 13 2016......SUNRISE   731 AM EST   SUNSET   614 PM EST


-  INDICATES NEGATIVE NUMBERS.
R  INDICATES RECORD WAS SET OR TIED.
MM INDICATES DATA IS MISSING.
T  INDICATES TRACE AMOUNT.




$$
