000
CDUS43 KLMK 202126
CLILEX


CLIMATE REPORT
NATIONAL WEATHER SERVICE LOUISVILLE KY
426 PM EST THU NOV 20 2014


...................................

...THE LEXINGTON KY CLIMATE SUMMARY FOR NOVEMBER 20 2014...
VALID TODAY AS OF 0400 PM LOCAL TIME.

CLIMATE NORMAL PERIOD 1981 TO 2010
CLIMATE RECORD PERIOD 1872 TO 2014


WEATHER ITEM   OBSERVED TIME   RECORD YEAR NORMAL DEPARTURE LAST
                VALUE   (LST)  VALUE       VALUE  FROM      YEAR
                                                  NORMAL
..................................................................
TEMPERATURE (F)
 TODAY
  MAXIMUM         34    338 PM  78    1942  53    -19       57
  MINIMUM         22    753 AM   6    1873  36    -14       28
  AVERAGE         28                        44    -16       43

PRECIPITATION (IN)
  TODAY            0.00          1.49 1900   0.12  -0.12     0.00
  MONTH TO DATE    1.37                      2.27  -0.90     1.74
  SINCE SEP 1     10.19                      8.31   1.88     9.60
  SINCE JAN 1     49.92                     39.98   9.94    53.24

SNOWFALL (IN)
  TODAY            0.0           0.6  1937   0.0    0.0      0.0
  MONTH TO DATE    1.6                       0.1    1.5      0.4
  SINCE SEP 1      1.6                       0.1    1.5      0.4
  SINCE JUL 1      1.6                       0.1    1.5      0.4
  SNOW DEPTH       0

DEGREE DAYS
 HEATING
  TODAY           37                        20     17       22
  MONTH TO DATE  530                       334    196      347
  SINCE SEP 1    776                       658    118      629
  SINCE JUL 1    778                       660    118      632

 COOLING
  TODAY            0                         0      0        0
  MONTH TO DATE    0                         0      0        0
  SINCE SEP 1    193                       171     22      207
  SINCE JAN 1   1274                      1188     86     1245
..................................................................


WIND (MPH)
  HIGHEST WIND SPEED    17   HIGHEST WIND DIRECTION     W (250)
  HIGHEST GUST SPEED    22   HIGHEST GUST DIRECTION     W (260)
  AVERAGE WIND SPEED     9.7


SKY COVER
  POSSIBLE SUNSHINE  MM
  AVERAGE SKY COVER 0.5


WEATHER CONDITIONS
 THE FOLLOWING WEATHER WAS RECORDED TODAY.
  NO SIGNIFICANT WEATHER WAS OBSERVED.


RELATIVE HUMIDITY (PERCENT)
 HIGHEST    81           600 AM
 LOWEST     47           200 PM
 AVERAGE    64

..........................................................


THE LEXINGTON KY CLIMATE NORMALS FOR TOMORROW
                         NORMAL    RECORD    YEAR
 MAXIMUM TEMPERATURE (F)   53        77      1934
 MINIMUM TEMPERATURE (F)   35         9      1887


SUNRISE AND SUNSET
NOVEMBER 20 2014......SUNRISE   724 AM EST   SUNSET   523 PM EST
NOVEMBER 21 2014......SUNRISE   726 AM EST   SUNSET   523 PM EST


-  INDICATES NEGATIVE NUMBERS.
R  INDICATES RECORD WAS SET OR TIED.
MM INDICATES DATA IS MISSING.
T  INDICATES TRACE AMOUNT.




$$
