709
CDUS43 KLMK 012126
CLILEX


CLIMATE REPORT
NATIONAL WEATHER SERVICE LOUISVILLE KY
426 PM EST THU DEC 1 2016


...................................

...THE LEXINGTON KY CLIMATE SUMMARY FOR DECEMBER 1 2016...
VALID TODAY AS OF 0400 PM LOCAL TIME.

CLIMATE NORMAL PERIOD 1981 TO 2010
CLIMATE RECORD PERIOD 1872 TO 2016


WEATHER ITEM   OBSERVED TIME   RECORD YEAR NORMAL DEPARTURE LAST
                VALUE   (LST)  VALUE       VALUE  FROM      YEAR
                                                  NORMAL
..................................................................
TEMPERATURE (F)
 TODAY
  MAXIMUM         48    340 PM  70    1970  48      0       61
  MINIMUM         36    151 AM   5    1964  32      4       45
  AVERAGE         42                        40      2       53

PRECIPITATION (IN)
  TODAY            0.00          0.90 1982   0.12  -0.12     0.79
  MONTH TO DATE    0.00                      0.12  -0.12     0.79
  SINCE DEC 1      0.00                      0.12  -0.12     0.79
  SINCE JAN 1     38.21                     41.36  -3.15    53.47

SNOWFALL (IN)
  TODAY            0.0           0.9  1952   0.0    0.0      0.0
                                      1974
  MONTH TO DATE    0.0                       0.0    0.0      0.0
  SINCE DEC 1      0.0                       0.0    0.0      0.0
  SINCE JUL 1      0.0                       0.3   -0.3       T
  SNOW DEPTH       0

DEGREE DAYS
 HEATING
  TODAY           23                        25     -2       12
  MONTH TO DATE   23                        25     -2       12
  SINCE DEC 1     23                        25     -2       12
  SINCE JUL 1    609                       912   -303      698

 COOLING
  TODAY            0                         0      0        0
  MONTH TO DATE    0                         0      0        0
  SINCE DEC 1      0                         0      0        0
  SINCE JAN 1   1640                      1190    450     1284
..................................................................


WIND (MPH)
  HIGHEST WIND SPEED    18   HIGHEST WIND DIRECTION     W (270)
  HIGHEST GUST SPEED    23   HIGHEST GUST DIRECTION     W (270)
  AVERAGE WIND SPEED    10.4


SKY COVER
  POSSIBLE SUNSHINE  MM
  AVERAGE SKY COVER 0.6


WEATHER CONDITIONS
 THE FOLLOWING WEATHER WAS RECORDED TODAY.
  NO SIGNIFICANT WEATHER WAS OBSERVED.


RELATIVE HUMIDITY (PERCENT)
 HIGHEST    76          1200 AM
 LOWEST     49           100 PM
 AVERAGE    63

..........................................................


THE LEXINGTON KY CLIMATE NORMALS FOR TOMORROW
                         NORMAL    RECORD    YEAR
 MAXIMUM TEMPERATURE (F)   48        75      1982
 MINIMUM TEMPERATURE (F)   32         4      1929


SUNRISE AND SUNSET
DECEMBER  1 2016......SUNRISE   736 AM EST   SUNSET   519 PM EST
DECEMBER  2 2016......SUNRISE   737 AM EST   SUNSET   519 PM EST


-  INDICATES NEGATIVE NUMBERS.
R  INDICATES RECORD WAS SET OR TIED.
MM INDICATES DATA IS MISSING.
T  INDICATES TRACE AMOUNT.




$$
