000
CDUS43 KLMK 112127
CLILEX


CLIMATE REPORT
NATIONAL WEATHER SERVICE LOUISVILLE KY
427 PM EST SUN FEB 11 2018


...................................

...THE LEXINGTON KY CLIMATE SUMMARY FOR FEBRUARY 11 2018...
VALID TODAY AS OF 0400 PM LOCAL TIME.

CLIMATE NORMAL PERIOD 1981 TO 2010
CLIMATE RECORD PERIOD 1872 TO 2018


WEATHER ITEM   OBSERVED TIME   RECORD YEAR NORMAL DEPARTURE LAST
                VALUE   (LST)  VALUE       VALUE  FROM      YEAR
                                                  NORMAL
..................................................................
TEMPERATURE (F)
 TODAY
  MAXIMUM         60   1128 AM  74    1999  44     16       65
  MINIMUM         41    359 PM  -4    1899  27     14       53
  AVERAGE         51                        36     15       59

PRECIPITATION (IN)
  TODAY            0.50          0.66 1910   0.11   0.39      T
  MONTH TO DATE    2.55                      1.26   1.29     1.36
  SINCE DEC 1      7.01                      8.39  -1.38    12.25
  SINCE JAN 1      4.64                      4.46   0.18     6.07

SNOWFALL (IN)
  TODAY            0.0           6.8  1910   0.2   -0.2      0.0
  MONTH TO DATE    1.3                       2.1   -0.8       T
  SINCE DEC 1      7.6                       8.5   -0.9      3.4
  SINCE JUL 1      7.6                       8.8   -1.2      3.4
  SNOW DEPTH       0

DEGREE DAYS
 HEATING
  TODAY           14                        29    -15        6
  MONTH TO DATE  338                       332      6      266
  SINCE DEC 1   2307                      2228     79     1884
  SINCE JUL 1   3087                      3115    -28     2470

 COOLING
  TODAY            0                         0      0        0
  MONTH TO DATE    0                         0      0        0
  SINCE DEC 1      0                         0      0        0
  SINCE JAN 1      0                         0      0        0
..................................................................


WIND (MPH)
  HIGHEST WIND SPEED    20   HIGHEST WIND DIRECTION     W (270)
  HIGHEST GUST SPEED    28   HIGHEST GUST DIRECTION     W (280)
  AVERAGE WIND SPEED     9.6


SKY COVER
  POSSIBLE SUNSHINE  MM
  AVERAGE SKY COVER 0.9


WEATHER CONDITIONS
 THE FOLLOWING WEATHER WAS RECORDED TODAY.
  HEAVY RAIN
  RAIN
  LIGHT RAIN
  FOG


RELATIVE HUMIDITY (PERCENT)
 HIGHEST    93           100 PM
 LOWEST     82           400 PM
 AVERAGE    88

..........................................................


THE LEXINGTON KY CLIMATE NORMALS FOR TOMORROW
                         NORMAL    RECORD    YEAR
 MAXIMUM TEMPERATURE (F)   45        73      1938
 MINIMUM TEMPERATURE (F)   27       -12      1899


SUNRISE AND SUNSET
FEBRUARY 11 2018......SUNRISE   733 AM EST   SUNSET   613 PM EST
FEBRUARY 12 2018......SUNRISE   732 AM EST   SUNSET   614 PM EST


-  INDICATES NEGATIVE NUMBERS.
R  INDICATES RECORD WAS SET OR TIED.
MM INDICATES DATA IS MISSING.
T  INDICATES TRACE AMOUNT.




$$
