000
CDUS43 KLMK 152026
CLILEX


CLIMATE REPORT
NATIONAL WEATHER SERVICE LOUISVILLE KY
426 PM EDT TUE AUG 15 2017


...................................

...THE LEXINGTON KY CLIMATE SUMMARY FOR AUGUST 15 2017...
VALID TODAY AS OF 0400 PM LOCAL TIME.

CLIMATE NORMAL PERIOD 1981 TO 2010
CLIMATE RECORD PERIOD 1872 TO 2017


WEATHER ITEM   OBSERVED TIME   RECORD YEAR NORMAL DEPARTURE LAST
                VALUE   (LST)  VALUE       VALUE  FROM      YEAR
                                                  NORMAL
..................................................................
TEMPERATURE (F)
 TODAY
  MAXIMUM         86    259 PM 101    2007  86      0       90
  MINIMUM         70    604 AM  51    2004  65      5       72
                                      1964
  AVERAGE         78                        76      2       81

PRECIPITATION (IN)
  TODAY            T             1.44 1916   0.10  -0.10     0.45
  MONTH TO DATE    2.12                      1.68   0.44     4.20
  SINCE JUN 1     13.13                     10.77   2.36    13.74
  SINCE JAN 1     31.99                     30.10   1.89    32.03

SNOWFALL (IN)
  TODAY            0.0          MM      MM   0.0    0.0      0.0
  MONTH TO DATE    0.0                       0.0    0.0      0.0
  SINCE JUN 1      0.0                       0.0    0.0      0.0
  SINCE JUL 1      0.0                       0.0    0.0      0.0
  SNOW DEPTH       0

DEGREE DAYS
 HEATING
  TODAY            0                         0      0        0
  MONTH TO DATE    0                         0      0        0
  SINCE JUN 1      5                        11     -6        1
  SINCE JUL 1      0                         0      0        0

 COOLING
  TODAY           13                        11      2       16
  MONTH TO DATE  119                       165    -46      227
  SINCE JUN 1    748                       754     -6      957
  SINCE JAN 1    945                       861     84     1071
..................................................................


WIND (MPH)
  HIGHEST WIND SPEED     9   HIGHEST WIND DIRECTION    NW (300)
  HIGHEST GUST SPEED    13   HIGHEST GUST DIRECTION     W (280)
  AVERAGE WIND SPEED     3.0


SKY COVER
  POSSIBLE SUNSHINE  MM
  AVERAGE SKY COVER 0.6


WEATHER CONDITIONS
 THE FOLLOWING WEATHER WAS RECORDED TODAY.
  LIGHT RAIN
  FOG


RELATIVE HUMIDITY (PERCENT)
 HIGHEST    93           700 AM
 LOWEST     51           300 PM
 AVERAGE    72

..........................................................


THE LEXINGTON KY CLIMATE NORMALS FOR TOMORROW
                         NORMAL    RECORD    YEAR
 MAXIMUM TEMPERATURE (F)   86       102      2007
 MINIMUM TEMPERATURE (F)   65        51      1979


SUNRISE AND SUNSET
AUGUST 15 2017........SUNRISE   654 AM EDT   SUNSET   831 PM EDT
AUGUST 16 2017........SUNRISE   655 AM EDT   SUNSET   830 PM EDT


-  INDICATES NEGATIVE NUMBERS.
R  INDICATES RECORD WAS SET OR TIED.
MM INDICATES DATA IS MISSING.
T  INDICATES TRACE AMOUNT.




$$
