168
CDUS43 KLMK 140727
CLILEX


CLIMATE REPORT
NATIONAL WEATHER SERVICE LOUISVILLE KY
223 AM EST SAT JAN 14 2017


...................................

...THE LEXINGTON KY CLIMATE SUMMARY FOR JANUARY 13 2017...

CLIMATE NORMAL PERIOD 1981 TO 2010
CLIMATE RECORD PERIOD 1872 TO 2017


WEATHER ITEM   OBSERVED TIME   RECORD YEAR NORMAL DEPARTURE LAST
                VALUE   (LST)  VALUE       VALUE  FROM      YEAR
                                                  NORMAL
..................................................................
TEMPERATURE (F)
 YESTERDAY
  MAXIMUM         41   1238 AM  69    1995  41      0       31
  MINIMUM         36   1257 PM -12    1895  25     11        9
  AVERAGE         39                        33      6       20

PRECIPITATION (IN)
  YESTERDAY        0.15          2.58 1899   0.10   0.05     0.00
  MONTH TO DATE    1.70                      1.34   0.36     0.48
  SINCE DEC 1      7.88                      5.27   2.61     7.69
  SINCE JAN 1      1.70                      1.34   0.36     0.48

SNOWFALL (IN)
  YESTERDAY        0.0          11.2  1917   0.1   -0.1      0.0
  MONTH TO DATE    2.5                       1.5    1.0      0.3
  SINCE DEC 1      2.6                       4.0   -1.4      0.3
  SINCE JUL 1      2.6                       4.3   -1.7      0.3
  SNOW DEPTH       0

DEGREE DAYS
 HEATING
  YESTERDAY       26                        32     -6       45
  MONTH TO DATE  384                       416    -32      415
  SINCE DEC 1   1241                      1317    -76      911
  SINCE JUL 1   1827                      2204   -377     1597

 COOLING
  YESTERDAY        0                         0      0        0
  MONTH TO DATE    0                         0      0        0
  SINCE DEC 1      0                         0      0        0
  SINCE JAN 1      0                         0      0        0
..................................................................


WIND (MPH)
  HIGHEST WIND SPEED    20   HIGHEST WIND DIRECTION    NE (60)
  HIGHEST GUST SPEED    23   HIGHEST GUST DIRECTION    NE (60)
  AVERAGE WIND SPEED    12.3


SKY COVER
  POSSIBLE SUNSHINE  MM
  AVERAGE SKY COVER 1.0


WEATHER CONDITIONS
 THE FOLLOWING WEATHER WAS RECORDED YESTERDAY.
  RAIN
  LIGHT RAIN
  FOG


RELATIVE HUMIDITY (PERCENT)
 HIGHEST    92           100 AM
 LOWEST     82          1000 AM
 AVERAGE    87

..........................................................


THE LEXINGTON KY CLIMATE NORMALS FOR TODAY
                         NORMAL    RECORD    YEAR
 MAXIMUM TEMPERATURE (F)   41        68      1932
 MINIMUM TEMPERATURE (F)   25        -2      1964


SUNRISE AND SUNSET
JANUARY 14 2017.......SUNRISE   753 AM EST   SUNSET   542 PM EST
JANUARY 15 2017.......SUNRISE   753 AM EST   SUNSET   543 PM EST


-  INDICATES NEGATIVE NUMBERS.
R  INDICATES RECORD WAS SET OR TIED.
MM INDICATES DATA IS MISSING.
T  INDICATES TRACE AMOUNT.




$$
