000
CDUS43 KLMK 170645
CLILEX


CLIMATE REPORT
NATIONAL WEATHER SERVICE LOUISVILLE KY
145 AM EST FRI FEB 17 2017


...................................

...THE LEXINGTON KY CLIMATE SUMMARY FOR FEBRUARY 16 2017...

CLIMATE NORMAL PERIOD 1981 TO 2010
CLIMATE RECORD PERIOD 1872 TO 2017


WEATHER ITEM   OBSERVED TIME   RECORD YEAR NORMAL DEPARTURE LAST
                VALUE   (LST)  VALUE       VALUE  FROM      YEAR
                                                  NORMAL
..................................................................
TEMPERATURE (F)
 YESTERDAY
  MAXIMUM         50    439 PM  69    1889  46      4       36
  MINIMUM         27    434 AM   0    1905  28     -1       32
  AVERAGE         39                        37      2       34

PRECIPITATION (IN)
  YESTERDAY        0.00          1.05 2015   0.11  -0.11     0.19
  MONTH TO DATE    1.36                      1.81  -0.45     2.81
  SINCE DEC 1     12.25                      8.94   3.31    11.26
  SINCE JAN 1      6.07                      5.01   1.06     4.05

SNOWFALL (IN)
  YESTERDAY        0.0          10.2  2015   0.2   -0.2      0.5
  MONTH TO DATE    T                         3.0   -3.0      5.0
  SINCE DEC 1      3.4                       9.4   -6.0     14.6
  SINCE JUL 1      3.4                       9.7   -6.3     14.6
  SNOW DEPTH       0

DEGREE DAYS
 HEATING
  YESTERDAY       26                        28     -2       31
  MONTH TO DATE  375                       474    -99      516
  SINCE DEC 1   1993                      2370   -377     2034
  SINCE JUL 1   2579                      3257   -678     2720

 COOLING
  YESTERDAY        0                         0      0        0
  MONTH TO DATE    0                         0      0        0
  SINCE DEC 1      0                         0      0        0
  SINCE JAN 1      0                         0      0        0
..................................................................


WIND (MPH)
  HIGHEST WIND SPEED    14   HIGHEST WIND DIRECTION     W (250)
  HIGHEST GUST SPEED    18   HIGHEST GUST DIRECTION     W (250)
  AVERAGE WIND SPEED     6.5


SKY COVER
  POSSIBLE SUNSHINE  MM
  AVERAGE SKY COVER 0.4


WEATHER CONDITIONS
 THE FOLLOWING WEATHER WAS RECORDED YESTERDAY.
  NO SIGNIFICANT WEATHER WAS OBSERVED.


RELATIVE HUMIDITY (PERCENT)
 HIGHEST    63           500 AM
 LOWEST     21           400 PM
 AVERAGE    42

..........................................................


THE LEXINGTON KY CLIMATE NORMALS FOR TODAY
                         NORMAL    RECORD    YEAR
 MAXIMUM TEMPERATURE (F)   46        72      1927
 MINIMUM TEMPERATURE (F)   29        -6      1958


SUNRISE AND SUNSET
FEBRUARY 17 2017......SUNRISE   726 AM EST   SUNSET   620 PM EST
FEBRUARY 18 2017......SUNRISE   724 AM EST   SUNSET   621 PM EST


-  INDICATES NEGATIVE NUMBERS.
R  INDICATES RECORD WAS SET OR TIED.
MM INDICATES DATA IS MISSING.
T  INDICATES TRACE AMOUNT.




$$
