000
CDUS43 KLMK 220634
CLILEX


CLIMATE REPORT
NATIONAL WEATHER SERVICE LOUISVILLE KY
234 AM EDT THU SEP 22 2016


...................................

...THE LEXINGTON KY CLIMATE SUMMARY FOR SEPTEMBER 21 2016...

CLIMATE NORMAL PERIOD 1981 TO 2010
CLIMATE RECORD PERIOD 1872 TO 2016


WEATHER ITEM   OBSERVED TIME   RECORD YEAR NORMAL DEPARTURE LAST
                VALUE   (LST)  VALUE       VALUE  FROM      YEAR
                                                  NORMAL
..................................................................
TEMPERATURE (F)
 YESTERDAY
  MAXIMUM         91    329 PM  97    1940  77     14       78
  MINIMUM         59    634 AM  40    1918  55      4       49
                                      1897
                                      1875
  AVERAGE         75                        66      9       64

PRECIPITATION (IN)
  YESTERDAY        0.00          4.13 1979   0.10  -0.10     0.00
  MONTH TO DATE    0.65                      2.03  -1.38     0.98
  SINCE SEP 1      0.65                      2.03  -1.38     0.98
  SINCE JAN 1     35.02                     33.70   1.32    44.27

SNOWFALL (IN)
  YESTERDAY        0.0          MM      MM   0.0    0.0      0.0
  MONTH TO DATE    0.0                       0.0    0.0      0.0
  SINCE SEP 1      0.0                       0.0    0.0      0.0
  SINCE JUL 1      0.0                       0.0    0.0      0.0
  SNOW DEPTH       0

DEGREE DAYS
 HEATING
  YESTERDAY        0                         2     -2        1
  MONTH TO DATE    0                        18    -18       15
  SINCE SEP 1      0                        18    -18       15
  SINCE JUL 1      0                        20    -20       15

 COOLING
  YESTERDAY       10                         3      7        0
  MONTH TO DATE  222                       121    101      165
  SINCE SEP 1    222                       121    101      165
  SINCE JAN 1   1498                      1138    360     1226
..................................................................


WIND (MPH)
  HIGHEST WIND SPEED    15   HIGHEST WIND DIRECTION    NE (50)
  HIGHEST GUST SPEED    19   HIGHEST GUST DIRECTION    NE (40)
  AVERAGE WIND SPEED     4.7


SKY COVER
  POSSIBLE SUNSHINE  MM
  AVERAGE SKY COVER 0.0


WEATHER CONDITIONS
 THE FOLLOWING WEATHER WAS RECORDED YESTERDAY.
  NO SIGNIFICANT WEATHER WAS OBSERVED.


RELATIVE HUMIDITY (PERCENT)
 HIGHEST    87           500 AM
 LOWEST     24           300 PM
 AVERAGE    56

..........................................................


THE LEXINGTON KY CLIMATE NORMALS FOR TODAY
                         NORMAL    RECORD    YEAR
 MAXIMUM TEMPERATURE (F)   76        97      1936
 MINIMUM TEMPERATURE (F)   55        38      1983
                                             1976


SUNRISE AND SUNSET
SEPTEMBER 22 2016.....SUNRISE   727 AM EDT   SUNSET   735 PM EDT
SEPTEMBER 23 2016.....SUNRISE   727 AM EDT   SUNSET   733 PM EDT


-  INDICATES NEGATIVE NUMBERS.
R  INDICATES RECORD WAS SET OR TIED.
MM INDICATES DATA IS MISSING.
T  INDICATES TRACE AMOUNT.




$$
