000
CDUS43 KLMK 170628
CLILEX


CLIMATE REPORT
NATIONAL WEATHER SERVICE LOUISVILLE KY
228 AM EDT THU APR 17 2014


...................................

...THE LEXINGTON KY CLIMATE SUMMARY FOR APRIL 16 2014...

CLIMATE NORMAL PERIOD 1981 TO 2010
CLIMATE RECORD PERIOD 1872 TO 2014


WEATHER ITEM   OBSERVED TIME   RECORD YEAR NORMAL DEPARTURE LAST
                VALUE   (LST)  VALUE       VALUE  FROM      YEAR
                                                  NORMAL
..................................................................
TEMPERATURE (F)
 YESTERDAY
  MAXIMUM         54    536 PM  85    1896  66    -12       81
  MINIMUM         27    448 AM  20    1875  45    -18       58
  AVERAGE         41                        56    -15       70

PRECIPITATION (IN)
  YESTERDAY        0.00          1.99 1954   0.11  -0.11     0.38
  MONTH TO DATE    2.00                      1.80   0.20     1.58
  SINCE MAR 1      4.89                      5.87  -0.98     6.93
  SINCE JAN 1     11.93                     12.27  -0.34    12.91

SNOWFALL (IN)
  YESTERDAY        0.0           0.8  1905   0.0    0.0      0.0
  MONTH TO DATE    0.3                       0.3    0.0      0.0
  SINCE MAR 1      7.8                       1.7    6.1      4.0
  SINCE JUL 1     27.1                      13.0   14.1     12.5
  SNOW DEPTH       0

DEGREE DAYS
 HEATING
  YESTERDAY       24                        10     14        0
  MONTH TO DATE  142                       198    -56      162
  SINCE MAR 1    858                       803     55      945
  SINCE JUL 1   4701                      4374    327     4453

 COOLING
  YESTERDAY        0                         1     -1        5
  MONTH TO DATE   11                         7      4       20
  SINCE MAR 1     11                         9      2       20
  SINCE JAN 1     11                         9      2       20
..................................................................


WIND (MPH)
  HIGHEST WIND SPEED    17   HIGHEST WIND DIRECTION     E (80)
  HIGHEST GUST SPEED    24   HIGHEST GUST DIRECTION     E (80)
  AVERAGE WIND SPEED     9.0


SKY COVER
  POSSIBLE SUNSHINE  MM
  AVERAGE SKY COVER 0.0


WEATHER CONDITIONS
 THE FOLLOWING WEATHER WAS RECORDED YESTERDAY.
  NO SIGNIFICANT WEATHER WAS OBSERVED.


RELATIVE HUMIDITY (PERCENT)
 HIGHEST    69          1200 AM
 LOWEST     28           200 PM
 AVERAGE    49

..........................................................


THE LEXINGTON KY CLIMATE NORMALS FOR TODAY
                         NORMAL    RECORD    YEAR
 MAXIMUM TEMPERATURE (F)   66        87      1891
 MINIMUM TEMPERATURE (F)   45        17      1875


SUNRISE AND SUNSET
APRIL 17 2014.........SUNRISE   700 AM EDT   SUNSET   816 PM EDT
APRIL 18 2014.........SUNRISE   659 AM EDT   SUNSET   817 PM EDT


-  INDICATES NEGATIVE NUMBERS.
R  INDICATES RECORD WAS SET OR TIED.
MM INDICATES DATA IS MISSING.
T  INDICATES TRACE AMOUNT.




$$
