000
CDUS43 KLMK 200643
CLILEX


CLIMATE REPORT
NATIONAL WEATHER SERVICE LOUISVILLE KY
243 AM EDT SUN AUG 20 2017


...................................

...THE LEXINGTON KY CLIMATE SUMMARY FOR AUGUST 19 2017...

CLIMATE NORMAL PERIOD 1981 TO 2010
CLIMATE RECORD PERIOD 1872 TO 2017


WEATHER ITEM   OBSERVED TIME   RECORD YEAR NORMAL DEPARTURE LAST
                VALUE   (LST)  VALUE       VALUE  FROM      YEAR
                                                  NORMAL
..................................................................
TEMPERATURE (F)
 YESTERDAY
  MAXIMUM         87    439 PM 105    1936  86      1       82
  MINIMUM         65    250 AM  53    1982  65      0       71
  AVERAGE         76                        75      1       77

PRECIPITATION (IN)
  YESTERDAY        T             2.94 1969   0.10  -0.10      T
  MONTH TO DATE    3.13                      2.10   1.03     5.60
  SINCE JUN 1     14.14                     11.19   2.95    15.14
  SINCE JAN 1     33.00                     30.52   2.48    33.43

SNOWFALL (IN)
  YESTERDAY        0.0          MM      MM   0.0    0.0      0.0
  MONTH TO DATE    0.0                       0.0    0.0      0.0
  SINCE JUN 1      0.0                       0.0    0.0      0.0
  SINCE JUL 1      0.0                       0.0    0.0      0.0
  SNOW DEPTH       0

DEGREE DAYS
 HEATING
  YESTERDAY        0                         0      0        0
  MONTH TO DATE    0                         0      0        0
  SINCE JUN 1      5                        11     -6        1
  SINCE JUL 1      0                         0      0        0

 COOLING
  YESTERDAY       11                        10      1       12
  MONTH TO DATE  173                       207    -34      276
  SINCE JUN 1    802                       796      6     1006
  SINCE JAN 1    999                       903     96     1120
..................................................................


WIND (MPH)
  HIGHEST WIND SPEED    13   HIGHEST WIND DIRECTION    SW (230)
  HIGHEST GUST SPEED    17   HIGHEST GUST DIRECTION    SW (240)
  AVERAGE WIND SPEED     5.7


SKY COVER
  POSSIBLE SUNSHINE  MM
  AVERAGE SKY COVER 0.1


WEATHER CONDITIONS
 THE FOLLOWING WEATHER WAS RECORDED YESTERDAY.
  LIGHT RAIN


RELATIVE HUMIDITY (PERCENT)
 HIGHEST    87           300 AM
 LOWEST     46           400 PM
 AVERAGE    67

..........................................................


THE LEXINGTON KY CLIMATE NORMALS FOR TODAY
                         NORMAL    RECORD    YEAR
 MAXIMUM TEMPERATURE (F)   86       104      1936
 MINIMUM TEMPERATURE (F)   65        52      2012


SUNRISE AND SUNSET
AUGUST 20 2017........SUNRISE   658 AM EDT   SUNSET   825 PM EDT
AUGUST 21 2017........SUNRISE   659 AM EDT   SUNSET   823 PM EDT


-  INDICATES NEGATIVE NUMBERS.
R  INDICATES RECORD WAS SET OR TIED.
MM INDICATES DATA IS MISSING.
T  INDICATES TRACE AMOUNT.




$$
