000
CDUS43 KLMK 142137
CLILEX


CLIMATE REPORT
NATIONAL WEATHER SERVICE LOUISVILLE KY
435 PM EST WED FEB 14 2018


...................................

...THE LEXINGTON KY CLIMATE SUMMARY FOR FEBRUARY 14 2018...
VALID TODAY AS OF 0400 PM LOCAL TIME.

CLIMATE NORMAL PERIOD 1981 TO 2010
CLIMATE RECORD PERIOD 1872 TO 2018


WEATHER ITEM   OBSERVED TIME   RECORD YEAR NORMAL DEPARTURE LAST
                VALUE   (LST)  VALUE       VALUE  FROM      YEAR
                                                  NORMAL
..................................................................
TEMPERATURE (F)
 TODAY
  MAXIMUM         61    359 PM  70    1918  45     16       55
                                      1911
  MINIMUM         42   1203 AM  -7    1905  28     14       35
  AVERAGE         52                        36     16       45

PRECIPITATION (IN)
  TODAY            0.61          2.28 1908   0.11   0.50     0.00
  MONTH TO DATE    3.20                      1.58   1.62     1.36
  SINCE DEC 1      7.66                      8.71  -1.05    12.25
  SINCE JAN 1      5.29                      4.78   0.51     6.07

SNOWFALL (IN)
  TODAY            0.0           5.0  1970   0.2   -0.2      0.0
  MONTH TO DATE    1.3                       2.7   -1.4       T
  SINCE DEC 1      7.6                       9.1   -1.5      3.4
  SINCE JUL 1      7.6                       9.4   -1.8      3.4
  SNOW DEPTH       0

DEGREE DAYS
 HEATING
  TODAY           13                        28    -15       20
  MONTH TO DATE  412                       418     -6      324
  SINCE DEC 1   2381                      2314     67     1942
  SINCE JUL 1   3161                      3201    -40     2528

 COOLING
  TODAY            0                         0      0        0
  MONTH TO DATE    0                         0      0        0
  SINCE DEC 1      0                         0      0        0
  SINCE JAN 1      0                         0      0        0
..................................................................


WIND (MPH)
  HIGHEST WIND SPEED    20   HIGHEST WIND DIRECTION     S (200)
  HIGHEST GUST SPEED    31   HIGHEST GUST DIRECTION     S (200)
  AVERAGE WIND SPEED     9.8


SKY COVER
  POSSIBLE SUNSHINE  MM
  AVERAGE SKY COVER 1.0


WEATHER CONDITIONS
 THE FOLLOWING WEATHER WAS RECORDED TODAY.
  HEAVY RAIN
  RAIN
  LIGHT RAIN
  FOG
  FOG W/VISIBILITY <= 1/4 MILE


RELATIVE HUMIDITY (PERCENT)
 HIGHEST    96           800 AM
 LOWEST     82          1200 AM
 AVERAGE    89

..........................................................


THE LEXINGTON KY CLIMATE NORMALS FOR TOMORROW
                         NORMAL    RECORD    YEAR
 MAXIMUM TEMPERATURE (F)   46        76      1945
 MINIMUM TEMPERATURE (F)   28         2      1943
                                             1905


SUNRISE AND SUNSET
FEBRUARY 14 2018......SUNRISE   730 AM EST   SUNSET   616 PM EST
FEBRUARY 15 2018......SUNRISE   728 AM EST   SUNSET   617 PM EST


-  INDICATES NEGATIVE NUMBERS.
R  INDICATES RECORD WAS SET OR TIED.
MM INDICATES DATA IS MISSING.
T  INDICATES TRACE AMOUNT.

$$

SCHOETTMER
