000
CDUS43 KLMK 202036
CLILEX


CLIMATE REPORT
NATIONAL WEATHER SERVICE LOUISVILLE KY
435 PM EDT SUN JUL 20 2014


...................................

...THE LEXINGTON KY CLIMATE SUMMARY FOR JULY 20 2014...
VALID TODAY AS OF 0400 PM LOCAL TIME.

CLIMATE NORMAL PERIOD 1981 TO 2010
CLIMATE RECORD PERIOD 1872 TO 2014


WEATHER ITEM   OBSERVED TIME   RECORD YEAR NORMAL DEPARTURE LAST
                VALUE   (LST)  VALUE       VALUE  FROM      YEAR
                                                  NORMAL
..................................................................
TEMPERATURE (F)
 TODAY
  MAXIMUM         84    250 PM  99    1954  86     -2       91
  MINIMUM         70    801 AM  52    1947  67      3       73
                                      1929
  AVERAGE         77                        76      1       82

PRECIPITATION (IN)
  TODAY            0.32          4.38 1998   0.15   0.17     0.00
  MONTH TO DATE    1.67                      2.99  -1.32     5.85
  SINCE JUN 1      7.26                      7.43  -0.17    13.39
  SINCE JAN 1     28.61                     26.76   1.85    35.25

SNOWFALL (IN)
  TODAY            0.0          MM      MM   0.0    0.0      0.0
  MONTH TO DATE    0.0                       0.0    0.0      0.0
  SINCE JUN 1      0.0                       0.0    0.0      0.0
  SINCE JUL 1      0.0                       0.0    0.0      0.0
  SNOW DEPTH       0

DEGREE DAYS
 HEATING
  TODAY            0                         0      0        0
  MONTH TO DATE    0                         0      0        0
  SINCE JUN 1      0                        11    -11        0
  SINCE JUL 1      0                         0      0        0

 COOLING
  TODAY           12                        11      1       17
  MONTH TO DATE  180                       220    -40      229
  SINCE JUN 1    485                       462     23      498
  SINCE JAN 1    646                       569     77      651
..................................................................


WIND (MPH)
  HIGHEST WIND SPEED     8   HIGHEST WIND DIRECTION     N (350)
  HIGHEST GUST SPEED    11   HIGHEST GUST DIRECTION     N (350)
  AVERAGE WIND SPEED     3.7


SKY COVER
  POSSIBLE SUNSHINE  MM
  AVERAGE SKY COVER 0.7


WEATHER CONDITIONS
 THE FOLLOWING WEATHER WAS RECORDED TODAY.
  RAIN
  LIGHT RAIN
  FOG


RELATIVE HUMIDITY (PERCENT)
 HIGHEST    97           400 AM
 LOWEST     63           300 PM
 AVERAGE    80

..........................................................


THE LEXINGTON KY CLIMATE NORMALS FOR TOMORROW
                         NORMAL    RECORD    YEAR
 MAXIMUM TEMPERATURE (F)   86       100      1934
 MINIMUM TEMPERATURE (F)   66        53      1970
                                             1966
                                             1944


SUNRISE AND SUNSET
JULY 20 2014..........SUNRISE   632 AM EDT   SUNSET   858 PM EDT
JULY 21 2014..........SUNRISE   632 AM EDT   SUNSET   857 PM EDT


-  INDICATES NEGATIVE NUMBERS.
R  INDICATES RECORD WAS SET OR TIED.
MM INDICATES DATA IS MISSING.
T  INDICATES TRACE AMOUNT.




$$
