000
CDUS43 KLMK 142133
CLILEX


CLIMATE REPORT
NATIONAL WEATHER SERVICE LOUISVILLE KY
432 PM EST SUN DEC 14 2014


...................................

...THE LEXINGTON KY CLIMATE SUMMARY FOR DECEMBER 14 2014...
VALID TODAY AS OF 0400 PM LOCAL TIME.

CLIMATE NORMAL PERIOD 1981 TO 2010
CLIMATE RECORD PERIOD 1872 TO 2014


WEATHER ITEM   OBSERVED TIME   RECORD YEAR NORMAL DEPARTURE LAST
                VALUE   (LST)  VALUE       VALUE  FROM      YEAR
                                                  NORMAL
..................................................................
TEMPERATURE (F)
 TODAY
  MAXIMUM         46    359 PM  69    1984  44      2       46
                                      1971
  MINIMUM         40    444 AM  -2    1914  28     12       35
  AVERAGE         43                        36      7       41

PRECIPITATION (IN)
  TODAY            0.00          1.55 1948   0.13  -0.13     0.46
  MONTH TO DATE    2.61                      1.85   0.76     2.94
  SINCE DEC 1      2.61                      1.85   0.76     2.94
  SINCE JAN 1     53.52                     43.09  10.43    56.89

SNOWFALL (IN)
  TODAY            0.0           3.6  1953   0.0    0.0      0.0
  MONTH TO DATE    T                         0.8   -0.8      0.6
  SINCE DEC 1      T                         0.8   -0.8      0.6
  SINCE JUL 1      1.6                       1.1    0.5      2.0
  SNOW DEPTH       0

DEGREE DAYS
 HEATING
  TODAY           22                        29     -7       24
  MONTH TO DATE  351                       379    -28      384
  SINCE DEC 1    351                       379    -28      384
  SINCE JUL 1   1358                      1266     92     1311

 COOLING
  TODAY            0                         0      0        0
  MONTH TO DATE    0                         0      0        0
  SINCE DEC 1      0                         0      0        0
  SINCE JAN 1   1274                      1190     84     1245
..................................................................


WIND (MPH)
  HIGHEST WIND SPEED     7   HIGHEST WIND DIRECTION     S (180)
  HIGHEST GUST SPEED     8   HIGHEST GUST DIRECTION     S (170)
  AVERAGE WIND SPEED     1.8


SKY COVER
  POSSIBLE SUNSHINE  MM
  AVERAGE SKY COVER 1.0


WEATHER CONDITIONS
 THE FOLLOWING WEATHER WAS RECORDED TODAY.
  HAZE


RELATIVE HUMIDITY (PERCENT)
 HIGHEST    85           100 AM
 LOWEST     71           200 PM
 AVERAGE    78

..........................................................


THE LEXINGTON KY CLIMATE NORMALS FOR TOMORROW
                         NORMAL    RECORD    YEAR
 MAXIMUM TEMPERATURE (F)   44        72      1984
 MINIMUM TEMPERATURE (F)   28        -8      1901


SUNRISE AND SUNSET
DECEMBER 14 2014......SUNRISE   747 AM EST   SUNSET   520 PM EST
DECEMBER 15 2014......SUNRISE   747 AM EST   SUNSET   520 PM EST


-  INDICATES NEGATIVE NUMBERS.
R  INDICATES RECORD WAS SET OR TIED.
MM INDICATES DATA IS MISSING.
T  INDICATES TRACE AMOUNT.




$$
