000
CDUS43 KLMK 132039
CLILEX


CLIMATE REPORT
NATIONAL WEATHER SERVICE LOUISVILLE KY
439 PM EDT FRI OCT 13 2017


...................................

...THE LEXINGTON KY CLIMATE SUMMARY FOR OCTOBER 13 2017...
VALID TODAY AS OF 0400 PM LOCAL TIME.

CLIMATE NORMAL PERIOD 1981 TO 2010
CLIMATE RECORD PERIOD 1872 TO 2017


WEATHER ITEM   OBSERVED TIME   RECORD YEAR NORMAL DEPARTURE LAST
                VALUE   (LST)  VALUE       VALUE  FROM      YEAR
                                                  NORMAL
..................................................................
TEMPERATURE (F)
 TODAY
  MAXIMUM         75    312 PM  88    1935  69      6       67
  MINIMUM         47    714 AM  26    1988  47      0       48
  AVERAGE         61                        58      3       58

PRECIPITATION (IN)
  TODAY            0.00          1.87 1983   0.09  -0.09     0.00
  MONTH TO DATE    4.07                      1.26   2.81     0.14
  SINCE SEP 1      7.81                      4.17   3.64     1.81
  SINCE JAN 1     42.75                     35.84   6.91    36.18

SNOWFALL (IN)
  TODAY            0.0           0.0    MM   0.0    0.0      0.0
  MONTH TO DATE    0.0                       0.0    0.0      0.0
  SINCE SEP 1      0.0                       0.0    0.0      0.0
  SINCE JUL 1      0.0                       0.0    0.0      0.0
  SNOW DEPTH       0

DEGREE DAYS
 HEATING
  TODAY            4                         8     -4        7
  MONTH TO DATE   10                        83    -73       28
  SINCE SEP 1     45                       135    -90       45
  SINCE JUL 1     45                       137    -92       45

 COOLING
  TODAY            0                         1     -1        0
  MONTH TO DATE   54                        17     37       26
  SINCE SEP 1    198                       163     35      297
  SINCE JAN 1   1279                      1180     99     1573
..................................................................


WIND (MPH)
  HIGHEST WIND SPEED     7   HIGHEST WIND DIRECTION    SW (220)
  HIGHEST GUST SPEED    10   HIGHEST GUST DIRECTION    SW (220)
  AVERAGE WIND SPEED     1.9


SKY COVER
  POSSIBLE SUNSHINE  MM
  AVERAGE SKY COVER 0.2


WEATHER CONDITIONS
 THE FOLLOWING WEATHER WAS RECORDED TODAY.
  FOG
  FOG W/VISIBILITY <= 1/4 MILE
  HAZE


RELATIVE HUMIDITY (PERCENT)
 HIGHEST    93           500 AM
 LOWEST     53           300 PM
 AVERAGE    73

..........................................................


THE LEXINGTON KY CLIMATE NORMALS FOR TOMORROW
                         NORMAL    RECORD    YEAR
 MAXIMUM TEMPERATURE (F)   68        86      1897
 MINIMUM TEMPERATURE (F)   47        29      1979
                                             1937


SUNRISE AND SUNSET
OCTOBER 13 2017.......SUNRISE   745 AM EDT   SUNSET   703 PM EDT
OCTOBER 14 2017.......SUNRISE   746 AM EDT   SUNSET   702 PM EDT


-  INDICATES NEGATIVE NUMBERS.
R  INDICATES RECORD WAS SET OR TIED.
MM INDICATES DATA IS MISSING.
T  INDICATES TRACE AMOUNT.




$$
