000
CDUS43 KLMK 070626
CLILEX


CLIMATE REPORT
NATIONAL WEATHER SERVICE LOUISVILLE KY
125 AM EST THU DEC 7 2017


...................................

...THE LEXINGTON KY CLIMATE SUMMARY FOR DECEMBER 6 2017...

CLIMATE NORMAL PERIOD 1981 TO 2010
CLIMATE RECORD PERIOD 1872 TO 2017


WEATHER ITEM   OBSERVED TIME   RECORD YEAR NORMAL DEPARTURE LAST
                VALUE   (LST)  VALUE       VALUE  FROM      YEAR
                                                  NORMAL
..................................................................
TEMPERATURE (F)
 YESTERDAY
  MAXIMUM         46    336 PM  72    1998  46      0       49
  MINIMUM         27    710 AM   2    1977  30     -3       39
  AVERAGE         37                        38     -1       44

PRECIPITATION (IN)
  YESTERDAY        0.00          3.63 1919   0.13  -0.13     0.78
  MONTH TO DATE    0.71                      0.77  -0.06     0.86
  SINCE DEC 1      0.71                      0.77  -0.06     0.86
  SINCE JAN 1     47.51                     42.01   5.50    39.07

SNOWFALL (IN)
  YESTERDAY        0.0           9.5  1910   0.1   -0.1      0.0
  MONTH TO DATE    0.0                       0.3   -0.3      0.0
  SINCE DEC 1      0.0                       0.3   -0.3      0.0
  SINCE JUL 1      T                         0.6   -0.6      0.0
  SNOW DEPTH       0

DEGREE DAYS
 HEATING
  YESTERDAY       28                        27      1       21
  MONTH TO DATE  123                       155    -32      142
  SINCE DEC 1    123                       155    -32      142
  SINCE JUL 1    903                      1042   -139      728

 COOLING
  YESTERDAY        0                         0      0        0
  MONTH TO DATE    0                         0      0        0
  SINCE DEC 1      0                         0      0        0
  SINCE JAN 1   1290                      1190    100     1640
..................................................................


WIND (MPH)
  HIGHEST WIND SPEED    23   HIGHEST WIND DIRECTION    SW (220)
  HIGHEST GUST SPEED    31   HIGHEST GUST DIRECTION    SW (210)
  AVERAGE WIND SPEED    10.3


SKY COVER
  POSSIBLE SUNSHINE  MM
  AVERAGE SKY COVER 0.0


WEATHER CONDITIONS
 THE FOLLOWING WEATHER WAS RECORDED YESTERDAY.
  NO SIGNIFICANT WEATHER WAS OBSERVED.


RELATIVE HUMIDITY (PERCENT)
 HIGHEST    78          1200 AM
 LOWEST     40           200 PM
 AVERAGE    59

..........................................................


THE LEXINGTON KY CLIMATE NORMALS FOR TODAY
                         NORMAL    RECORD    YEAR
 MAXIMUM TEMPERATURE (F)   46        68      1998
                                             1980
                                             1951
 MINIMUM TEMPERATURE (F)   30        -1      1977


SUNRISE AND SUNSET
DECEMBER  7 2017......SUNRISE   741 AM EST   SUNSET   519 PM EST
DECEMBER  8 2017......SUNRISE   742 AM EST   SUNSET   519 PM EST


-  INDICATES NEGATIVE NUMBERS.
R  INDICATES RECORD WAS SET OR TIED.
MM INDICATES DATA IS MISSING.
T  INDICATES TRACE AMOUNT.




$$
