000
CDUS43 KLMK 210633
CLILEX


CLIMATE REPORT
NATIONAL WEATHER SERVICE LOUISVILLE KY
233 AM EDT SAT MAY 21 2016


...................................

...THE LEXINGTON KY CLIMATE SUMMARY FOR MAY 20 2016...

CLIMATE NORMAL PERIOD 1981 TO 2010
CLIMATE RECORD PERIOD 1872 TO 2016


WEATHER ITEM   OBSERVED TIME   RECORD YEAR NORMAL DEPARTURE LAST
                VALUE   (LST)  VALUE       VALUE  FROM      YEAR
                                                  NORMAL
..................................................................
TEMPERATURE (F)
 YESTERDAY
  MAXIMUM         66   1153 AM  91    1944  75     -9       70
  MINIMUM         54    541 AM  32    1894  55     -1       46
  AVERAGE         60                        65     -5       58

PRECIPITATION (IN)
  YESTERDAY        0.99          2.49 1935   0.17   0.82      T
  MONTH TO DATE    5.55                      3.37   2.18     0.91
  SINCE MAR 1     11.65                     11.04   0.61    19.78
  SINCE JAN 1     17.35                     17.44  -0.09    24.63

SNOWFALL (IN)
  YESTERDAY        0.0           6.0  1894   0.0    0.0      0.0
  MONTH TO DATE    0.0                       0.0    0.0      0.0
  SINCE MAR 1      0.7                       1.7   -1.0     17.1
  SINCE JUL 1     15.3                      13.0    2.3     40.0
  SNOW DEPTH       0

DEGREE DAYS
 HEATING
  YESTERDAY        5                         3      2        7
  MONTH TO DATE  125                        88     37       37
  SINCE MAR 1    781                      1006   -225      946
  SINCE JUL 1   3752                      4577   -825     4924

 COOLING
  YESTERDAY        0                         3     -3        0
  MONTH TO DATE   21                        39    -18       94
  SINCE MAR 1     49                        61    -12      106
  SINCE JAN 1     49                        61    -12      106
..................................................................


WIND (MPH)
  HIGHEST WIND SPEED    18   HIGHEST WIND DIRECTION    NE (60)
  HIGHEST GUST SPEED    22   HIGHEST GUST DIRECTION    NE (60)
  AVERAGE WIND SPEED     7.6


SKY COVER
  POSSIBLE SUNSHINE  MM
  AVERAGE SKY COVER 0.5


WEATHER CONDITIONS
 THE FOLLOWING WEATHER WAS RECORDED YESTERDAY.
  HEAVY RAIN
  RAIN
  LIGHT RAIN
  FOG


RELATIVE HUMIDITY (PERCENT)
 HIGHEST    97           300 PM
 LOWEST     57           400 AM
 AVERAGE    77

..........................................................


THE LEXINGTON KY CLIMATE NORMALS FOR TODAY
                         NORMAL    RECORD    YEAR
 MAXIMUM TEMPERATURE (F)   76        92      1941
 MINIMUM TEMPERATURE (F)   55        37      2002


SUNRISE AND SUNSET
MAY 21 2016...........SUNRISE   623 AM EDT   SUNSET   848 PM EDT
MAY 22 2016...........SUNRISE   622 AM EDT   SUNSET   848 PM EDT


-  INDICATES NEGATIVE NUMBERS.
R  INDICATES RECORD WAS SET OR TIED.
MM INDICATES DATA IS MISSING.
T  INDICATES TRACE AMOUNT.




$$
