000
CDUS43 KLMK 142130
CLILEX


CLIMATE REPORT
NATIONAL WEATHER SERVICE LOUISVILLE KY
429 PM EST SUN JAN 14 2018


...................................

...THE LEXINGTON KY CLIMATE SUMMARY FOR JANUARY 14 2018...
VALID TODAY AS OF 0400 PM LOCAL TIME.

CLIMATE NORMAL PERIOD 1981 TO 2010
CLIMATE RECORD PERIOD 1872 TO 2018


WEATHER ITEM   OBSERVED TIME   RECORD YEAR NORMAL DEPARTURE LAST
                VALUE   (LST)  VALUE       VALUE  FROM      YEAR
                                                  NORMAL
..................................................................
TEMPERATURE (F)
 TODAY
  MAXIMUM         22    245 PM  68    1932  41    -19       45
  MINIMUM          1    748 AM  -2    1964  25    -24       38
  AVERAGE         12                        33    -21       42

PRECIPITATION (IN)
  TODAY            0.00          2.61 1951   0.10  -0.10     0.40
  MONTH TO DATE    0.75                      1.44  -0.69     2.10
  SINCE DEC 1      3.12                      5.37  -2.25     8.28
  SINCE JAN 1      0.75                      1.44  -0.69     2.10

SNOWFALL (IN)
  TODAY            0.0           3.6  1918   0.1   -0.1      0.0
  MONTH TO DATE    1.3                       1.6   -0.3      2.5
  SINCE DEC 1      1.5                       4.1   -2.6      2.6
  SINCE JUL 1      1.5                       4.4   -2.9      2.6
  SNOW DEPTH       1

DEGREE DAYS
 HEATING
  TODAY           53                        32     21       23
  MONTH TO DATE  549                       448    101      407
  SINCE DEC 1   1473                      1349    124     1264
  SINCE JUL 1   2253                      2236     17     1850

 COOLING
  TODAY            0                         0      0        0
  MONTH TO DATE    0                         0      0        0
  SINCE DEC 1      0                         0      0        0
  SINCE JAN 1      0                         0      0        0
..................................................................


WIND (MPH)
  HIGHEST WIND SPEED    15   HIGHEST WIND DIRECTION    NE (60)
  HIGHEST GUST SPEED    18   HIGHEST GUST DIRECTION    NE (60)
  AVERAGE WIND SPEED     4.3


SKY COVER
  POSSIBLE SUNSHINE  MM
  AVERAGE SKY COVER 0.0


WEATHER CONDITIONS
 THE FOLLOWING WEATHER WAS RECORDED TODAY.
  NO SIGNIFICANT WEATHER WAS OBSERVED.


RELATIVE HUMIDITY (PERCENT)
 HIGHEST    96           900 AM
 LOWEST     51           100 PM
 AVERAGE    74

..........................................................


THE LEXINGTON KY CLIMATE NORMALS FOR TOMORROW
                         NORMAL    RECORD    YEAR
 MAXIMUM TEMPERATURE (F)   41        68      1950
 MINIMUM TEMPERATURE (F)   25       -11      1893


SUNRISE AND SUNSET
JANUARY 14 2018.......SUNRISE   754 AM EST   SUNSET   542 PM EST
JANUARY 15 2018.......SUNRISE   753 AM EST   SUNSET   543 PM EST


-  INDICATES NEGATIVE NUMBERS.
R  INDICATES RECORD WAS SET OR TIED.
MM INDICATES DATA IS MISSING.
T  INDICATES TRACE AMOUNT.




$$
