000
CDUS43 KLMK 170627
CLILEX


CLIMATE REPORT
NATIONAL WEATHER SERVICE LOUISVILLE KY
227 AM EDT WED SEP 17 2014


...................................

...THE LEXINGTON KY CLIMATE SUMMARY FOR SEPTEMBER 16 2014...

CLIMATE NORMAL PERIOD 1981 TO 2010
CLIMATE RECORD PERIOD 1872 TO 2014


WEATHER ITEM   OBSERVED TIME   RECORD YEAR NORMAL DEPARTURE LAST
                VALUE   (LST)  VALUE       VALUE  FROM      YEAR
                                                  NORMAL
..................................................................
TEMPERATURE (F)
 YESTERDAY
  MAXIMUM         71    259 PM  96    1897  79     -8       73
  MINIMUM         53   1159 PM  42    1984  58     -5       59
                                      1923
  AVERAGE         62                        68     -6       66

PRECIPITATION (IN)
  YESTERDAY        T             2.33 1894   0.10  -0.10     0.04
  MONTH TO DATE    4.35                      1.56   2.79     0.18
  SINCE SEP 1      4.35                      1.56   2.79     0.18
  SINCE JAN 1     44.08                     33.23  10.85    43.82

SNOWFALL (IN)
  YESTERDAY        0.0          MM      MM   0.0    0.0      0.0
  MONTH TO DATE    0.0                       0.0    0.0      0.0
  SINCE SEP 1      0.0                       0.0    0.0      0.0
  SINCE JUL 1      0.0                       0.0    0.0      0.0
  SNOW DEPTH       0

DEGREE DAYS
 HEATING
  YESTERDAY        3                         1      2        0
  MONTH TO DATE   13                         8      5        8
  SINCE SEP 1     13                         8      5        8
  SINCE JUL 1     15                        10      5       11

 COOLING
  YESTERDAY        0                         4     -4        1
  MONTH TO DATE  121                       102     19      122
  SINCE SEP 1    121                       102     19      122
  SINCE JAN 1   1202                      1119     83     1160
..................................................................


WIND (MPH)
  HIGHEST WIND SPEED    14   HIGHEST WIND DIRECTION    NE (40)
  HIGHEST GUST SPEED    17   HIGHEST GUST DIRECTION    NE (30)
  AVERAGE WIND SPEED     6.7


SKY COVER
  POSSIBLE SUNSHINE  MM
  AVERAGE SKY COVER 0.7


WEATHER CONDITIONS
 THE FOLLOWING WEATHER WAS RECORDED YESTERDAY.
  LIGHT RAIN
  FOG


RELATIVE HUMIDITY (PERCENT)
 HIGHEST    93           600 AM
 LOWEST     61           300 PM
 AVERAGE    77

..........................................................


THE LEXINGTON KY CLIMATE NORMALS FOR TODAY
                         NORMAL    RECORD    YEAR
 MAXIMUM TEMPERATURE (F)   78        94      1954
 MINIMUM TEMPERATURE (F)   57        41      2000


SUNRISE AND SUNSET
SEPTEMBER 17 2014.....SUNRISE   722 AM EDT   SUNSET   743 PM EDT
SEPTEMBER 18 2014.....SUNRISE   723 AM EDT   SUNSET   742 PM EDT


-  INDICATES NEGATIVE NUMBERS.
R  INDICATES RECORD WAS SET OR TIED.
MM INDICATES DATA IS MISSING.
T  INDICATES TRACE AMOUNT.




$$
