611
CDUS43 KLMK 090628
CLILEX


CLIMATE REPORT
NATIONAL WEATHER SERVICE LOUISVILLE KY
126 AM EST SAT DEC 9 2017


...................................

...THE LEXINGTON KY CLIMATE SUMMARY FOR DECEMBER 8 2017...

CLIMATE NORMAL PERIOD 1981 TO 2010
CLIMATE RECORD PERIOD 1872 TO 2017


WEATHER ITEM   OBSERVED TIME   RECORD YEAR NORMAL DEPARTURE LAST
                VALUE   (LST)  VALUE       VALUE  FROM      YEAR
                                                  NORMAL
..................................................................
TEMPERATURE (F)
 YESTERDAY
  MAXIMUM         30    422 PM  68    1922  46    -16       35
  MINIMUM         20    245 AM  -4    1917  30    -10       22
  AVERAGE         25                        38    -13       29

PRECIPITATION (IN)
  YESTERDAY        0.00          2.93 1978   0.13  -0.13     0.00
  MONTH TO DATE    0.71                      1.04  -0.33     0.86
  SINCE DEC 1      0.71                      1.04  -0.33     0.86
  SINCE JAN 1     47.51                     42.28   5.23    39.07

SNOWFALL (IN)
  YESTERDAY        0.0           9.4  1917   0.0    0.0      0.0
  MONTH TO DATE    0.0                       0.4   -0.4      0.0
  SINCE DEC 1      0.0                       0.4   -0.4      0.0
  SINCE JUL 1      T                         0.7   -0.7      0.0
  SNOW DEPTH       0

DEGREE DAYS
 HEATING
  YESTERDAY       40                        27     13       36
  MONTH TO DATE  196                       209    -13      206
  SINCE DEC 1    196                       209    -13      206
  SINCE JUL 1    976                      1096   -120      792

 COOLING
  YESTERDAY        0                         0      0        0
  MONTH TO DATE    0                         0      0        0
  SINCE DEC 1      0                         0      0        0
  SINCE JAN 1   1290                      1190    100     1640
..................................................................


WIND (MPH)
  HIGHEST WIND SPEED     8   HIGHEST WIND DIRECTION    SW (220)
  HIGHEST GUST SPEED    11   HIGHEST GUST DIRECTION     S (200)
  AVERAGE WIND SPEED     3.7


SKY COVER
  POSSIBLE SUNSHINE  MM
  AVERAGE SKY COVER 0.0


WEATHER CONDITIONS
 THE FOLLOWING WEATHER WAS RECORDED YESTERDAY.
  NO SIGNIFICANT WEATHER WAS OBSERVED.


RELATIVE HUMIDITY (PERCENT)
 HIGHEST    84           900 AM
 LOWEST     53           400 PM
 AVERAGE    69

..........................................................


THE LEXINGTON KY CLIMATE NORMALS FOR TODAY
                         NORMAL    RECORD    YEAR
 MAXIMUM TEMPERATURE (F)   45        68      1952
 MINIMUM TEMPERATURE (F)   29        -9      1917


SUNRISE AND SUNSET
DECEMBER  9 2017......SUNRISE   743 AM EST   SUNSET   519 PM EST
DECEMBER 10 2017......SUNRISE   744 AM EST   SUNSET   519 PM EST


-  INDICATES NEGATIVE NUMBERS.
R  INDICATES RECORD WAS SET OR TIED.
MM INDICATES DATA IS MISSING.
T  INDICATES TRACE AMOUNT.




$$
