000
CDUS43 KLMK 240627
CLILEX


CLIMATE REPORT
NATIONAL WEATHER SERVICE LOUISVILLE KY
227 AM EDT MON APR 24 2017


...................................

...THE LEXINGTON KY CLIMATE SUMMARY FOR APRIL 23 2017...

CLIMATE NORMAL PERIOD 1981 TO 2010
CLIMATE RECORD PERIOD 1872 TO 2017


WEATHER ITEM   OBSERVED TIME   RECORD YEAR NORMAL DEPARTURE LAST
                VALUE   (LST)  VALUE       VALUE  FROM      YEAR
                                                  NORMAL
..................................................................
TEMPERATURE (F)
 YESTERDAY
  MAXIMUM         57   1159 PM  86    1946  68    -11       69
                                      1937
                                      1925
  MINIMUM         43    541 AM  24    1986  47     -4       52
  AVERAGE         50                        58     -8       61

PRECIPITATION (IN)
  YESTERDAY        0.01          2.76 1970   0.13  -0.12     0.00
  MONTH TO DATE    1.65                      2.66  -1.01     1.30
  SINCE MAR 1      4.93                      6.73  -1.80     4.09
  SINCE JAN 1     13.03                     13.13  -0.10     9.79

SNOWFALL (IN)
  YESTERDAY       MM             0.0    MM   0.0   MM        0.0
  MONTH TO DATE    0.0                       0.3   -0.3       T
  SINCE MAR 1      T                         1.7   -1.7      0.7
  SINCE JUL 1      3.4                      13.0   -9.6     15.3
  SNOW DEPTH       0

DEGREE DAYS
 HEATING
  YESTERDAY       15                         8      7        4
  MONTH TO DATE  122                       262   -140      249
  SINCE MAR 1    652                       867   -215      643
  SINCE JUL 1   3362                      4438  -1076     3614

 COOLING
  YESTERDAY        0                         1     -1        0
  MONTH TO DATE   40                        14     26       10
  SINCE MAR 1     45                        16     29       13
  SINCE JAN 1     49                        16     33       13
..................................................................


WIND (MPH)
  HIGHEST WIND SPEED    24   HIGHEST WIND DIRECTION    NE (30)
  HIGHEST GUST SPEED    31   HIGHEST GUST DIRECTION    NE (50)
  AVERAGE WIND SPEED    14.8


SKY COVER
  POSSIBLE SUNSHINE  MM
  AVERAGE SKY COVER 0.7


WEATHER CONDITIONS
 THE FOLLOWING WEATHER WAS RECORDED YESTERDAY.
  LIGHT RAIN


RELATIVE HUMIDITY (PERCENT)
 HIGHEST    82           500 AM
 LOWEST     66           900 AM
 AVERAGE    74

..........................................................


THE LEXINGTON KY CLIMATE NORMALS FOR TODAY
                         NORMAL    RECORD    YEAR
 MAXIMUM TEMPERATURE (F)   69        90      1925
 MINIMUM TEMPERATURE (F)   47        28      1910


SUNRISE AND SUNSET
APRIL 24 2017.........SUNRISE   650 AM EDT   SUNSET   823 PM EDT
APRIL 25 2017.........SUNRISE   649 AM EDT   SUNSET   824 PM EDT


-  INDICATES NEGATIVE NUMBERS.
R  INDICATES RECORD WAS SET OR TIED.
MM INDICATES DATA IS MISSING.
T  INDICATES TRACE AMOUNT.




$$
