000
CDUS43 KLMK 120627
CLILEX


CLIMATE REPORT
NATIONAL WEATHER SERVICE LOUISVILLE KY
126 AM EST THU JAN 12 2017


...................................

...THE LEXINGTON KY CLIMATE SUMMARY FOR JANUARY 11 2017...

CLIMATE NORMAL PERIOD 1981 TO 2010
CLIMATE RECORD PERIOD 1872 TO 2017


WEATHER ITEM   OBSERVED TIME   RECORD YEAR NORMAL DEPARTURE LAST
                VALUE   (LST)  VALUE       VALUE  FROM      YEAR
                                                  NORMAL
..................................................................
TEMPERATURE (F)
 YESTERDAY
  MAXIMUM         60   1159 PM  66    2013  41     19       32
                                      1890
  MINIMUM         44    509 AM  -9    1962  25     19       10
  AVERAGE         52                        33     19       21

PRECIPITATION (IN)
  YESTERDAY        0.28          3.50 1913   0.10   0.18     0.00
  MONTH TO DATE    1.20                      1.14   0.06     0.47
  SINCE DEC 1      7.38                      5.07   2.31     7.68
  SINCE JAN 1      1.20                      1.14   0.06     0.47

SNOWFALL (IN)
  YESTERDAY        0.0           2.9  1912   0.1   -0.1      0.0
  MONTH TO DATE    2.5                       1.3    1.2       T
  SINCE DEC 1      2.6                       3.8   -1.2       T
  SINCE JUL 1      2.6                       4.1   -1.5       T
  SNOW DEPTH       0

DEGREE DAYS
 HEATING
  YESTERDAY       13                        32    -19       44
  MONTH TO DATE  347                       352     -5      332
  SINCE DEC 1   1204                      1253    -49      828
  SINCE JUL 1   1790                      2140   -350     1514

 COOLING
  YESTERDAY        0                         0      0        0
  MONTH TO DATE    0                         0      0        0
  SINCE DEC 1      0                         0      0        0
  SINCE JAN 1      0                         0      0        0
..................................................................


WIND (MPH)
  HIGHEST WIND SPEED    24   HIGHEST WIND DIRECTION     S (180)
  HIGHEST GUST SPEED    32   HIGHEST GUST DIRECTION     S (180)
  AVERAGE WIND SPEED    13.7


SKY COVER
  POSSIBLE SUNSHINE  MM
  AVERAGE SKY COVER 0.7


WEATHER CONDITIONS
 THE FOLLOWING WEATHER WAS RECORDED YESTERDAY.
  RAIN
  LIGHT RAIN
  FOG


RELATIVE HUMIDITY (PERCENT)
 HIGHEST    93           400 AM
 LOWEST     75          1100 PM
 AVERAGE    84

..........................................................


THE LEXINGTON KY CLIMATE NORMALS FOR TODAY
                         NORMAL    RECORD    YEAR
 MAXIMUM TEMPERATURE (F)   41        71      1890
 MINIMUM TEMPERATURE (F)   25       -14      1918


SUNRISE AND SUNSET
JANUARY 12 2017.......SUNRISE   754 AM EST   SUNSET   540 PM EST
JANUARY 13 2017.......SUNRISE   754 AM EST   SUNSET   541 PM EST


-  INDICATES NEGATIVE NUMBERS.
R  INDICATES RECORD WAS SET OR TIED.
MM INDICATES DATA IS MISSING.
T  INDICATES TRACE AMOUNT.




$$
