000
CDUS43 KLMK 250628
CLILEX


CLIMATE REPORT
NATIONAL WEATHER SERVICE LOUISVILLE KY
228 AM EDT MON AUG 25 2014


...................................

...THE LEXINGTON KY CLIMATE SUMMARY FOR AUGUST 24 2014...

CLIMATE NORMAL PERIOD 1981 TO 2010
CLIMATE RECORD PERIOD 1872 TO 2014


WEATHER ITEM   OBSERVED TIME   RECORD YEAR NORMAL DEPARTURE LAST
                VALUE   (LST)  VALUE       VALUE  FROM      YEAR
                                                  NORMAL
..................................................................
TEMPERATURE (F)
 YESTERDAY
  MAXIMUM         91    407 PM  99    1943  85      6       88
                                      1936
  MINIMUM         72    507 AM  50    1952  64      8       64
                                      1942
  AVERAGE         82                        75      7       76

PRECIPITATION (IN)
  YESTERDAY        0.01          2.55 1926   0.10  -0.09     0.00
  MONTH TO DATE    9.13                      2.60   6.53     3.00
  SINCE JUN 1     17.95                     11.69   6.26    19.64
  SINCE JAN 1     39.30                     31.02   8.28    41.50

SNOWFALL (IN)
  YESTERDAY        0.0          MM      MM   0.0    0.0      0.0
  MONTH TO DATE    0.0                       0.0    0.0      0.0
  SINCE JUN 1      0.0                       0.0    0.0      0.0
  SINCE JUL 1      0.0                       0.0    0.0      0.0
  SNOW DEPTH       0

DEGREE DAYS
 HEATING
  YESTERDAY        0                         0      0        0
  MONTH TO DATE    0                         0      0        3
  SINCE JUN 1      2                        11     -9        3
  SINCE JUL 1      2                         0      2        3

 COOLING
  YESTERDAY       17                        10      7       11
  MONTH TO DATE  244                       257    -13      220
  SINCE JUN 1    819                       846    -27      790
  SINCE JAN 1    980                       953     27      943
..................................................................


WIND (MPH)
  HIGHEST WIND SPEED    12   HIGHEST WIND DIRECTION    NE (60)
  HIGHEST GUST SPEED    16   HIGHEST GUST DIRECTION    NE (40)
  AVERAGE WIND SPEED     5.0


SKY COVER
  POSSIBLE SUNSHINE  MM
  AVERAGE SKY COVER 0.4


WEATHER CONDITIONS
 THE FOLLOWING WEATHER WAS RECORDED YESTERDAY.
  RAIN
  FOG
  HAZE


RELATIVE HUMIDITY (PERCENT)
 HIGHEST    93           200 AM
 LOWEST     52           400 PM
 AVERAGE    73

..........................................................


THE LEXINGTON KY CLIMATE NORMALS FOR TODAY
                         NORMAL    RECORD    YEAR
 MAXIMUM TEMPERATURE (F)   85       102      1943
 MINIMUM TEMPERATURE (F)   64        48      1942


SUNRISE AND SUNSET
AUGUST 25 2014........SUNRISE   702 AM EDT   SUNSET   818 PM EDT
AUGUST 26 2014........SUNRISE   703 AM EDT   SUNSET   817 PM EDT


-  INDICATES NEGATIVE NUMBERS.
R  INDICATES RECORD WAS SET OR TIED.
MM INDICATES DATA IS MISSING.
T  INDICATES TRACE AMOUNT.




$$
