000
CDUS43 KLMK 220626
CLILEX


CLIMATE REPORT
NATIONAL WEATHER SERVICE LOUISVILLE KY
126 AM EST SAT NOV 22 2014


...................................

...THE LEXINGTON KY CLIMATE SUMMARY FOR NOVEMBER 21 2014...

CLIMATE NORMAL PERIOD 1981 TO 2010
CLIMATE RECORD PERIOD 1872 TO 2014


WEATHER ITEM   OBSERVED TIME   RECORD YEAR NORMAL DEPARTURE LAST
                VALUE   (LST)  VALUE       VALUE  FROM      YEAR
                                                  NORMAL
..................................................................
TEMPERATURE (F)
 YESTERDAY
  MAXIMUM         39    404 PM  77    1934  53    -14       63
  MINIMUM         14    727 AM   9    1887  35    -21       43
  AVERAGE         27                        44    -17       53

PRECIPITATION (IN)
  YESTERDAY        0.00          1.84 1942   0.13  -0.13      T
  MONTH TO DATE    1.37                      2.40  -1.03     1.74
  SINCE SEP 1     10.19                      8.44   1.75     9.60
  SINCE JAN 1     49.92                     40.11   9.81    53.24

SNOWFALL (IN)
  YESTERDAY        0.0           2.3  1926   0.0    0.0      0.0
  MONTH TO DATE    1.6                       0.1    1.5      0.4
  SINCE SEP 1      1.6                       0.1    1.5      0.4
  SINCE JUL 1      1.6                       0.1    1.5      0.4
  SNOW DEPTH       0

DEGREE DAYS
 HEATING
  YESTERDAY       38                        21     17       12
  MONTH TO DATE  568                       355    213      359
  SINCE SEP 1    814                       679    135      641
  SINCE JUL 1    816                       681    135      644

 COOLING
  YESTERDAY        0                         0      0        0
  MONTH TO DATE    0                         0      0        0
  SINCE SEP 1    193                       171     22      207
  SINCE JAN 1   1274                      1188     86     1245
..................................................................


WIND (MPH)
  HIGHEST WIND SPEED    10   HIGHEST WIND DIRECTION    SE (130)
  HIGHEST GUST SPEED    14   HIGHEST GUST DIRECTION    SE (130)
  AVERAGE WIND SPEED     4.5


SKY COVER
  POSSIBLE SUNSHINE  MM
  AVERAGE SKY COVER 0.0


WEATHER CONDITIONS
 THE FOLLOWING WEATHER WAS RECORDED YESTERDAY.
  FOG
  HAZE


RELATIVE HUMIDITY (PERCENT)
 HIGHEST    84           300 AM
 LOWEST     29           200 PM
 AVERAGE    57

..........................................................


THE LEXINGTON KY CLIMATE NORMALS FOR TODAY
                         NORMAL    RECORD    YEAR
 MAXIMUM TEMPERATURE (F)   52        76      1931
 MINIMUM TEMPERATURE (F)   35         9      1964


SUNRISE AND SUNSET
NOVEMBER 22 2014......SUNRISE   727 AM EST   SUNSET   522 PM EST
NOVEMBER 23 2014......SUNRISE   728 AM EST   SUNSET   522 PM EST


-  INDICATES NEGATIVE NUMBERS.
R  INDICATES RECORD WAS SET OR TIED.
MM INDICATES DATA IS MISSING.
T  INDICATES TRACE AMOUNT.




$$
