000
CDUS43 KLMK 280632
CLILEX


CLIMATE REPORT
NATIONAL WEATHER SERVICE LOUISVILLE KY
131 AM EST MON NOV 28 2016


...................................

...THE LEXINGTON KY CLIMATE SUMMARY FOR NOVEMBER 27 2016...

CLIMATE NORMAL PERIOD 1981 TO 2010
CLIMATE RECORD PERIOD 1872 TO 2016


WEATHER ITEM   OBSERVED TIME   RECORD YEAR NORMAL DEPARTURE LAST
                VALUE   (LST)  VALUE       VALUE  FROM      YEAR
                                                  NORMAL
..................................................................
TEMPERATURE (F)
 YESTERDAY
  MAXIMUM         53    245 PM  76    1990  50      3       66
  MINIMUM         25    351 AM   3    1930  33     -8       50
  AVERAGE         39                        42     -3       58

PRECIPITATION (IN)
  YESTERDAY        0.00          2.45 1973   0.13  -0.13      T
  MONTH TO DATE    0.54                      3.15  -2.61     1.87
  SINCE SEP 1      3.04                      9.19  -6.15     8.03
  SINCE JAN 1     37.41                     40.86  -3.45    51.32

SNOWFALL (IN)
  YESTERDAY        0.0           2.5  1887   0.0    0.0      0.0
  MONTH TO DATE    0.0                       0.2   -0.2       T
  SINCE SEP 1      0.0                       0.2   -0.2       T
  SINCE JUL 1      0.0                       0.2   -0.2       T
  SNOW DEPTH       0

DEGREE DAYS
 HEATING
  YESTERDAY       26                        23      3        7
  MONTH TO DATE  418                       489    -71      389
  SINCE SEP 1    551                       813   -262      641
  SINCE JUL 1    551                       815   -264      641

 COOLING
  YESTERDAY        0                         0      0        0
  MONTH TO DATE   15                         0     15        4
  SINCE SEP 1    364                       171    193      223
  SINCE JAN 1   1640                      1188    452     1284
..................................................................


WIND (MPH)
  HIGHEST WIND SPEED    13   HIGHEST WIND DIRECTION     S (160)
  HIGHEST GUST SPEED    17   HIGHEST GUST DIRECTION     S (160)
  AVERAGE WIND SPEED     6.6


SKY COVER
  POSSIBLE SUNSHINE  MM
  AVERAGE SKY COVER 0.0


WEATHER CONDITIONS
 THE FOLLOWING WEATHER WAS RECORDED YESTERDAY.
  FOG


RELATIVE HUMIDITY (PERCENT)
 HIGHEST    92           200 AM
 LOWEST     39          1000 PM
 AVERAGE    66

..........................................................


THE LEXINGTON KY CLIMATE NORMALS FOR TODAY
                         NORMAL    RECORD    YEAR
 MAXIMUM TEMPERATURE (F)   50        71      2005
 MINIMUM TEMPERATURE (F)   33         6      1887


SUNRISE AND SUNSET
NOVEMBER 28 2016......SUNRISE   733 AM EST   SUNSET   520 PM EST
NOVEMBER 29 2016......SUNRISE   734 AM EST   SUNSET   519 PM EST


-  INDICATES NEGATIVE NUMBERS.
R  INDICATES RECORD WAS SET OR TIED.
MM INDICATES DATA IS MISSING.
T  INDICATES TRACE AMOUNT.




$$
