000
CDUS43 KLMK 082037
CLILEX


CLIMATE REPORT
NATIONAL WEATHER SERVICE LOUISVILLE KY
436 PM EDT SUN OCT 8 2017


...................................

...THE LEXINGTON KY CLIMATE SUMMARY FOR OCTOBER 8 2017...
VALID TODAY AS OF 0400 PM LOCAL TIME.

CLIMATE NORMAL PERIOD 1981 TO 2010
CLIMATE RECORD PERIOD 1872 TO 2017


WEATHER ITEM   OBSERVED TIME   RECORD YEAR NORMAL DEPARTURE LAST
                VALUE   (LST)  VALUE       VALUE  FROM      YEAR
                                                  NORMAL
..................................................................
TEMPERATURE (F)
 TODAY
  MAXIMUM         77   1202 AM  91    2007  70      7       72
  MINIMUM         63   1044 AM  29    2000  49     14       51
  AVERAGE         70                        60     10       62

PRECIPITATION (IN)
  TODAY            3.25R         1.66 1959   0.09   3.16     0.00
  MONTH TO DATE    3.25                      0.78   2.47     0.14
  SINCE SEP 1      6.99                      3.69   3.30     1.81
  SINCE JAN 1     41.93                     35.36   6.57    36.18

SNOWFALL (IN)
  TODAY            0.0           0.0    MM   0.0    0.0      0.0
  MONTH TO DATE    0.0                       0.0    0.0      0.0
  SINCE SEP 1      0.0                       0.0    0.0      0.0
  SINCE JUL 1      0.0                       0.0    0.0      0.0
  SNOW DEPTH       0

DEGREE DAYS
 HEATING
  TODAY            0                         7     -7        3
  MONTH TO DATE    1                        46    -45        6
  SINCE SEP 1     36                        98    -62       23
  SINCE JUL 1     36                       100    -64       23

 COOLING
  TODAY            5                         1      4        0
  MONTH TO DATE   35                        12     23       25
  SINCE SEP 1    179                       158     21      296
  SINCE JAN 1   1260                      1175     85     1572
..................................................................


WIND (MPH)
  HIGHEST WIND SPEED    16   HIGHEST WIND DIRECTION     W (250)
  HIGHEST GUST SPEED    23   HIGHEST GUST DIRECTION     W (250)
  AVERAGE WIND SPEED     8.3


SKY COVER
  POSSIBLE SUNSHINE  MM
  AVERAGE SKY COVER 0.9


WEATHER CONDITIONS
 THE FOLLOWING WEATHER WAS RECORDED TODAY.
  HEAVY RAIN
  RAIN
  LIGHT RAIN
  FOG


RELATIVE HUMIDITY (PERCENT)
 HIGHEST    97           200 AM
 LOWEST     84           800 AM
 AVERAGE    91

..........................................................


THE LEXINGTON KY CLIMATE NORMALS FOR TOMORROW
                         NORMAL    RECORD    YEAR
 MAXIMUM TEMPERATURE (F)   70        91      1939
 MINIMUM TEMPERATURE (F)   49        31      2000


SUNRISE AND SUNSET
OCTOBER  8 2017.......SUNRISE   741 AM EDT   SUNSET   710 PM EDT
OCTOBER  9 2017.......SUNRISE   742 AM EDT   SUNSET   709 PM EDT


-  INDICATES NEGATIVE NUMBERS.
R  INDICATES RECORD WAS SET OR TIED.
MM INDICATES DATA IS MISSING.
T  INDICATES TRACE AMOUNT.




$$
