000
CDUS43 KLMK 122134
CLILEX


CLIMATE REPORT
NATIONAL WEATHER SERVICE LOUISVILLE KY
434 PM EST MON FEB 12 2018


...................................

...THE LEXINGTON KY CLIMATE SUMMARY FOR FEBRUARY 12 2018...
VALID TODAY AS OF 0400 PM LOCAL TIME.

CLIMATE NORMAL PERIOD 1981 TO 2010
CLIMATE RECORD PERIOD 1872 TO 2018


WEATHER ITEM   OBSERVED TIME   RECORD YEAR NORMAL DEPARTURE LAST
                VALUE   (LST)  VALUE       VALUE  FROM      YEAR
                                                  NORMAL
..................................................................
TEMPERATURE (F)
 TODAY
  MAXIMUM         42    347 PM  73    1938  45     -3       68
  MINIMUM         28    852 AM -12    1899  27      1       38
  AVERAGE         35                        36     -1       53

PRECIPITATION (IN)
  TODAY            0.04          1.49 1923   0.11  -0.07     0.00
  MONTH TO DATE    2.59                      1.37   1.22     1.36
  SINCE DEC 1      7.05                      8.50  -1.45    12.25
  SINCE JAN 1      4.68                      4.57   0.11     6.07

SNOWFALL (IN)
  TODAY            T             3.4  1982   0.2   -0.2      0.0
  MONTH TO DATE    1.3                       2.3   -1.0       T
  SINCE DEC 1      7.6                       8.7   -1.1      3.4
  SINCE JUL 1      7.6                       9.0   -1.4      3.4
  SNOW DEPTH       0

DEGREE DAYS
 HEATING
  TODAY           30                        29      1       12
  MONTH TO DATE  373                       361     12      278
  SINCE DEC 1   2342                      2257     85     1896
  SINCE JUL 1   3122                      3144    -22     2482

 COOLING
  TODAY            0                         0      0        0
  MONTH TO DATE    0                         0      0        0
  SINCE DEC 1      0                         0      0        0
  SINCE JAN 1      0                         0      0        0
..................................................................


WIND (MPH)
  HIGHEST WIND SPEED    17   HIGHEST WIND DIRECTION    NE (40)
  HIGHEST GUST SPEED    23   HIGHEST GUST DIRECTION    NE (40)
  AVERAGE WIND SPEED    11.5


SKY COVER
  POSSIBLE SUNSHINE  MM
  AVERAGE SKY COVER 0.8


WEATHER CONDITIONS
 THE FOLLOWING WEATHER WAS RECORDED TODAY.
  FREEZING RAIN
  LT FREEZING RAIN
  LIGHT SNOW
  FOG


RELATIVE HUMIDITY (PERCENT)
 HIGHEST    85          1200 AM
 LOWEST     51           400 PM
 AVERAGE    68

..........................................................


THE LEXINGTON KY CLIMATE NORMALS FOR TOMORROW
                         NORMAL    RECORD    YEAR
 MAXIMUM TEMPERATURE (F)   45        71      1962
                                             1938
 MINIMUM TEMPERATURE (F)   28       -20      1899


SUNRISE AND SUNSET
FEBRUARY 12 2018......SUNRISE   732 AM EST   SUNSET   614 PM EST
FEBRUARY 13 2018......SUNRISE   731 AM EST   SUNSET   615 PM EST


-  INDICATES NEGATIVE NUMBERS.
R  INDICATES RECORD WAS SET OR TIED.
MM INDICATES DATA IS MISSING.
T  INDICATES TRACE AMOUNT.




$$
