000
CDUS43 KLMK 200633
CLILEX


CLIMATE REPORT
NATIONAL WEATHER SERVICE LOUISVILLE KY
233 AM EDT TUE SEP 20 2016


...................................

...THE LEXINGTON KY CLIMATE SUMMARY FOR SEPTEMBER 19 2016...

CLIMATE NORMAL PERIOD 1981 TO 2010
CLIMATE RECORD PERIOD 1872 TO 2016


WEATHER ITEM   OBSERVED TIME   RECORD YEAR NORMAL DEPARTURE LAST
                VALUE   (LST)  VALUE       VALUE  FROM      YEAR
                                                  NORMAL
..................................................................
TEMPERATURE (F)
 YESTERDAY
  MAXIMUM         86    351 PM  95    1954  78      8       84
  MINIMUM         63   1146 PM  38    1973  56      7       62
  AVERAGE         75                        67      8       73

PRECIPITATION (IN)
  YESTERDAY        0.00          3.84 1910   0.09  -0.09      T
  MONTH TO DATE    0.65                      1.84  -1.19     0.98
  SINCE SEP 1      0.65                      1.84  -1.19     0.98
  SINCE JAN 1     35.02                     33.51   1.51    44.27

SNOWFALL (IN)
  YESTERDAY        0.0          MM      MM   0.0    0.0      0.0
  MONTH TO DATE    0.0                       0.0    0.0      0.0
  SINCE SEP 1      0.0                       0.0    0.0      0.0
  SINCE JUL 1      0.0                       0.0    0.0      0.0
  SNOW DEPTH       0

DEGREE DAYS
 HEATING
  YESTERDAY        0                         2     -2        0
  MONTH TO DATE    0                        14    -14       14
  SINCE SEP 1      0                        14    -14       14
  SINCE JUL 1      0                        16    -16       14

 COOLING
  YESTERDAY       10                         4      6        8
  MONTH TO DATE  202                       114     88      165
  SINCE SEP 1    202                       114     88      165
  SINCE JAN 1   1478                      1131    347     1226
..................................................................


WIND (MPH)
  HIGHEST WIND SPEED     9   HIGHEST WIND DIRECTION     N (340)
  HIGHEST GUST SPEED    12   HIGHEST GUST DIRECTION    NE (60)
  AVERAGE WIND SPEED     3.0


SKY COVER
  POSSIBLE SUNSHINE  MM
  AVERAGE SKY COVER 0.3


WEATHER CONDITIONS
 THE FOLLOWING WEATHER WAS RECORDED YESTERDAY.
  FOG
  FOG W/VISIBILITY <= 1/4 MILE
  HAZE


RELATIVE HUMIDITY (PERCENT)
 HIGHEST   100           800 AM
 LOWEST     40           500 PM
 AVERAGE    70

..........................................................


THE LEXINGTON KY CLIMATE NORMALS FOR TODAY
                         NORMAL    RECORD    YEAR
 MAXIMUM TEMPERATURE (F)   77        96      1940
 MINIMUM TEMPERATURE (F)   56        40      1896


SUNRISE AND SUNSET
SEPTEMBER 20 2016.....SUNRISE   725 AM EDT   SUNSET   738 PM EDT
SEPTEMBER 21 2016.....SUNRISE   726 AM EDT   SUNSET   736 PM EDT


-  INDICATES NEGATIVE NUMBERS.
R  INDICATES RECORD WAS SET OR TIED.
MM INDICATES DATA IS MISSING.
T  INDICATES TRACE AMOUNT.




$$
