000
CDUS43 KLMK 220640
CLILEX


CLIMATE REPORT
NATIONAL WEATHER SERVICE LOUISVILLE KY
240 AM EDT MON MAY 22 2017


...................................

...THE LEXINGTON KY CLIMATE SUMMARY FOR MAY 21 2017...

CLIMATE NORMAL PERIOD 1981 TO 2010
CLIMATE RECORD PERIOD 1872 TO 2017


WEATHER ITEM   OBSERVED TIME   RECORD YEAR NORMAL DEPARTURE LAST
                VALUE   (LST)  VALUE       VALUE  FROM      YEAR
                                                  NORMAL
..................................................................
TEMPERATURE (F)
 YESTERDAY
  MAXIMUM         80    423 PM  92    1941  76      4       64
  MINIMUM         62   1159 PM  37    2002  55      7       53
  AVERAGE         71                        66      5       59

PRECIPITATION (IN)
  YESTERDAY        0.59          2.11 2010   0.17   0.42     0.05
  MONTH TO DATE    4.24                      3.54   0.70     5.60
  SINCE MAR 1      9.36                     11.21  -1.85    11.70
  SINCE JAN 1     17.46                     17.61  -0.15    17.40

SNOWFALL (IN)
  YESTERDAY        0.0          MM      MM   0.0    0.0      0.0
  MONTH TO DATE    0.0                       0.0    0.0      0.0
  SINCE MAR 1      T                         1.7   -1.7      0.7
  SINCE JUL 1      3.4                      13.0   -9.6     15.3
  SNOW DEPTH       0

DEGREE DAYS
 HEATING
  YESTERDAY        0                         3     -3        6
  MONTH TO DATE   89                        91     -2      131
  SINCE MAR 1    751                      1009   -258      787
  SINCE JUL 1   3461                      4580  -1119     3758

 COOLING
  YESTERDAY        6                         3      3        0
  MONTH TO DATE   87                        42     45       21
  SINCE MAR 1    158                        64     94       49
  SINCE JAN 1    162                        64     98       49
..................................................................


WIND (MPH)
  HIGHEST WIND SPEED    21   HIGHEST WIND DIRECTION     N (350)
  HIGHEST GUST SPEED    28   HIGHEST GUST DIRECTION     N (350)
  AVERAGE WIND SPEED     8.6


SKY COVER
  POSSIBLE SUNSHINE  MM
  AVERAGE SKY COVER 0.7


WEATHER CONDITIONS
 THE FOLLOWING WEATHER WAS RECORDED YESTERDAY.
  THUNDERSTORM
  HEAVY RAIN
  RAIN
  LIGHT RAIN
  FOG
  HAZE


RELATIVE HUMIDITY (PERCENT)
 HIGHEST    93           400 AM
 LOWEST     67           400 PM
 AVERAGE    80

..........................................................


THE LEXINGTON KY CLIMATE NORMALS FOR TODAY
                         NORMAL    RECORD    YEAR
 MAXIMUM TEMPERATURE (F)   76        96      1941
 MINIMUM TEMPERATURE (F)   56        37      2002


SUNRISE AND SUNSET
MAY 22 2017...........SUNRISE   622 AM EDT   SUNSET   848 PM EDT
MAY 23 2017...........SUNRISE   622 AM EDT   SUNSET   849 PM EDT


-  INDICATES NEGATIVE NUMBERS.
R  INDICATES RECORD WAS SET OR TIED.
MM INDICATES DATA IS MISSING.
T  INDICATES TRACE AMOUNT.




$$
