000
CDUS43 KLMK 260626
CLILEX


CLIMATE REPORT
NATIONAL WEATHER SERVICE LOUISVILLE KY
226 AM EDT TUE MAY 26 2015


...................................

...THE LEXINGTON KY CLIMATE SUMMARY FOR MAY 25 2015...

CLIMATE NORMAL PERIOD 1981 TO 2010
CLIMATE RECORD PERIOD 1872 TO 2015


WEATHER ITEM   OBSERVED TIME   RECORD YEAR NORMAL DEPARTURE LAST
                VALUE   (LST)  VALUE       VALUE  FROM      YEAR
                                                  NORMAL
..................................................................
TEMPERATURE (F)
 YESTERDAY
  MAXIMUM         80   1246 PM  91    1953  77      3       79
  MINIMUM         64   1053 PM  36    1925  57      7       53
  AVERAGE         72                        67      5       66

PRECIPITATION (IN)
  YESTERDAY        0.06          1.68 1997   0.17  -0.11     0.00
  MONTH TO DATE    0.97                      4.20  -3.23     5.10
  SINCE MAR 1     19.84                     11.87   7.97    13.98
  SINCE JAN 1     24.69                     18.27   6.42    21.02

SNOWFALL (IN)
  YESTERDAY        0.0          MM      MM   0.0    0.0      0.0
  MONTH TO DATE    0.0                       0.0    0.0      0.0
  SINCE MAR 1     17.1                       1.7   15.4      7.8
  SINCE JUL 1     40.0                      13.0   27.0     27.1
  SNOW DEPTH       0

DEGREE DAYS
 HEATING
  YESTERDAY        0                         2     -2        0
  MONTH TO DATE   59                       101    -42       90
  SINCE MAR 1    968                      1019    -51     1012
  SINCE JUL 1   4946                      4590    356     4855

 COOLING
  YESTERDAY        7                         4      3        1
  MONTH TO DATE  108                        57     51       88
  SINCE MAR 1    120                        79     41      103
  SINCE JAN 1    120                        79     41      103
..................................................................


WIND (MPH)
  HIGHEST WIND SPEED    24   HIGHEST WIND DIRECTION    SW (210)
  HIGHEST GUST SPEED    32   HIGHEST GUST DIRECTION     S (180)
  AVERAGE WIND SPEED    10.3


SKY COVER
  POSSIBLE SUNSHINE  MM
  AVERAGE SKY COVER 0.5


WEATHER CONDITIONS
 THE FOLLOWING WEATHER WAS RECORDED YESTERDAY.
  THUNDERSTORM
  LIGHT RAIN
  FOG


RELATIVE HUMIDITY (PERCENT)
 HIGHEST   100          1000 PM
 LOWEST     54           900 AM
 AVERAGE    77

..........................................................


THE LEXINGTON KY CLIMATE NORMALS FOR TODAY
                         NORMAL    RECORD    YEAR
 MAXIMUM TEMPERATURE (F)   77        94      1939
 MINIMUM TEMPERATURE (F)   57        38      1925


SUNRISE AND SUNSET
MAY 26 2015...........SUNRISE   620 AM EDT   SUNSET   851 PM EDT
MAY 27 2015...........SUNRISE   620 AM EDT   SUNSET   852 PM EDT


-  INDICATES NEGATIVE NUMBERS.
R  INDICATES RECORD WAS SET OR TIED.
MM INDICATES DATA IS MISSING.
T  INDICATES TRACE AMOUNT.




$$
