000
CDUS43 KLMK 280627
CLILEX


CLIMATE REPORT
NATIONAL WEATHER SERVICE LOUISVILLE KY
227 AM EDT THU APR 28 2016


...................................

...THE LEXINGTON KY CLIMATE SUMMARY FOR APRIL 27 2016...

CLIMATE NORMAL PERIOD 1981 TO 2010
CLIMATE RECORD PERIOD 1872 TO 2016


WEATHER ITEM   OBSERVED TIME   RECORD YEAR NORMAL DEPARTURE LAST
                VALUE   (LST)  VALUE       VALUE  FROM      YEAR
                                                  NORMAL
..................................................................
TEMPERATURE (F)
 YESTERDAY
  MAXIMUM         69   1157 AM  87    1986  69      0       63
  MINIMUM         60   1159 PM  32    1996  48     12       35
                                      1976
  AVERAGE         65                        59      6       49

PRECIPITATION (IN)
  YESTERDAY        0.95          1.52 2011   0.14   0.81     0.00
  MONTH TO DATE    2.79                      3.20  -0.41    11.24
  SINCE MAR 1      5.58                      7.27  -1.69    18.70
  SINCE JAN 1     11.28                     13.67  -2.39    23.55

SNOWFALL (IN)
  YESTERDAY        0.0           0.0    MM   0.0    0.0      0.0
  MONTH TO DATE    T                         0.3   -0.3      0.0
  SINCE MAR 1      0.7                       1.7   -1.0     17.1
  SINCE JUL 1     15.3                      13.0    2.3     40.0
  SNOW DEPTH       0

DEGREE DAYS
 HEATING
  YESTERDAY        0                         7     -7       16
  MONTH TO DATE  254                       292    -38      224
  SINCE MAR 1    648                       897   -249      873
  SINCE JUL 1   3619                      4468   -849     4851

 COOLING
  YESTERDAY        0                         1     -1        0
  MONTH TO DATE   22                        18      4       12
  SINCE MAR 1     25                        20      5       12
  SINCE JAN 1     25                        20      5       12
..................................................................


WIND (MPH)
  HIGHEST WIND SPEED    32   HIGHEST WIND DIRECTION     W (280)
  HIGHEST GUST SPEED    44   HIGHEST GUST DIRECTION     W (290)
  AVERAGE WIND SPEED     6.9


SKY COVER
  POSSIBLE SUNSHINE  MM
  AVERAGE SKY COVER 0.9


WEATHER CONDITIONS
 THE FOLLOWING WEATHER WAS RECORDED YESTERDAY.
  THUNDERSTORM
  HEAVY RAIN
  RAIN
  LIGHT RAIN
  FOG
  HAZE


RELATIVE HUMIDITY (PERCENT)
 HIGHEST    97           200 AM
 LOWEST     73          1200 PM
 AVERAGE    85

..........................................................


THE LEXINGTON KY CLIMATE NORMALS FOR TODAY
                         NORMAL    RECORD    YEAR
 MAXIMUM TEMPERATURE (F)   70        86      1957
 MINIMUM TEMPERATURE (F)   49        28      1976


SUNRISE AND SUNSET
APRIL 28 2016.........SUNRISE   645 AM EDT   SUNSET   827 PM EDT
APRIL 29 2016.........SUNRISE   644 AM EDT   SUNSET   828 PM EDT


-  INDICATES NEGATIVE NUMBERS.
R  INDICATES RECORD WAS SET OR TIED.
MM INDICATES DATA IS MISSING.
T  INDICATES TRACE AMOUNT.




$$
