000
CDUS43 KLMK 160627
CLILEX


CLIMATE REPORT
NATIONAL WEATHER SERVICE LOUISVILLE KY
127 AM EST SAT DEC 16 2017


...................................

...THE LEXINGTON KY CLIMATE SUMMARY FOR DECEMBER 15 2017...

CLIMATE NORMAL PERIOD 1981 TO 2010
CLIMATE RECORD PERIOD 1872 TO 2017


WEATHER ITEM   OBSERVED TIME   RECORD YEAR NORMAL DEPARTURE LAST
                VALUE   (LST)  VALUE       VALUE  FROM      YEAR
                                                  NORMAL
..................................................................
TEMPERATURE (F)
 YESTERDAY
  MAXIMUM         36    246 PM  72    1984  44     -8       23
  MINIMUM         25    702 AM  -8    1901  28     -3       11
  AVERAGE         31                        36     -5       17

PRECIPITATION (IN)
  YESTERDAY        0.00          1.91 1982   0.12  -0.12     0.00
  MONTH TO DATE    0.73                      1.97  -1.24     1.61
  SINCE DEC 1      0.73                      1.97  -1.24     1.61
  SINCE JAN 1     47.53                     43.21   4.32    39.82

SNOWFALL (IN)
  YESTERDAY        0.0           6.5  1905   0.1   -0.1      0.0
  MONTH TO DATE    0.2                       0.9   -0.7      0.1
  SINCE DEC 1      0.2                       0.9   -0.7      0.1
  SINCE JUL 1      0.2                       1.2   -1.0      0.1
  SNOW DEPTH       0

DEGREE DAYS
 HEATING
  YESTERDAY       34                        29      5       48
  MONTH TO DATE  427                       408     19      451
  SINCE DEC 1    427                       408     19      451
  SINCE JUL 1   1207                      1295    -88     1037

 COOLING
  YESTERDAY        0                         0      0        0
  MONTH TO DATE    0                         0      0        0
  SINCE DEC 1      0                         0      0        0
  SINCE JAN 1   1290                      1190    100     1640
..................................................................


WIND (MPH)
  HIGHEST WIND SPEED    18   HIGHEST WIND DIRECTION     W (260)
  HIGHEST GUST SPEED    25   HIGHEST GUST DIRECTION     W (260)
  AVERAGE WIND SPEED     6.9


SKY COVER
  POSSIBLE SUNSHINE  MM
  AVERAGE SKY COVER 0.9


WEATHER CONDITIONS
 THE FOLLOWING WEATHER WAS RECORDED YESTERDAY.
  NO SIGNIFICANT WEATHER WAS OBSERVED.


RELATIVE HUMIDITY (PERCENT)
 HIGHEST    81           500 AM
 LOWEST     52           300 PM
 AVERAGE    67

..........................................................


THE LEXINGTON KY CLIMATE NORMALS FOR TODAY
                         NORMAL    RECORD    YEAR
 MAXIMUM TEMPERATURE (F)   43        70      1984
 MINIMUM TEMPERATURE (F)   28        -6      1989


SUNRISE AND SUNSET
DECEMBER 16 2017......SUNRISE   748 AM EST   SUNSET   520 PM EST
DECEMBER 17 2017......SUNRISE   749 AM EST   SUNSET   521 PM EST


-  INDICATES NEGATIVE NUMBERS.
R  INDICATES RECORD WAS SET OR TIED.
MM INDICATES DATA IS MISSING.
T  INDICATES TRACE AMOUNT.




$$
