619
CDUS43 KLMK 010627
CLILEX


CLIMATE REPORT
NATIONAL WEATHER SERVICE LOUISVILLE KY
227 AM EDT SAT OCT 1 2016


...................................

...THE LEXINGTON KY CLIMATE SUMMARY FOR SEPTEMBER 30 2016...

CLIMATE NORMAL PERIOD 1981 TO 2010
CLIMATE RECORD PERIOD 1872 TO 2016


WEATHER ITEM   OBSERVED TIME   RECORD YEAR NORMAL DEPARTURE LAST
                VALUE   (LST)  VALUE       VALUE  FROM      YEAR
                                                  NORMAL
..................................................................
TEMPERATURE (F)
 YESTERDAY
  MAXIMUM         65    319 PM  94    1941  73     -8       69
  MINIMUM         54    915 AM  32    1899  52      2       60
  AVERAGE         60                        62     -2       65

PRECIPITATION (IN)
  YESTERDAY        T             1.75 1978   0.10  -0.10     0.04
  MONTH TO DATE    1.67                      2.91  -1.24     2.71
  SINCE SEP 1      1.67                      2.91  -1.24     2.71
  SINCE JAN 1     36.04                     34.58   1.46    46.00

SNOWFALL (IN)
  YESTERDAY        0.0          MM      MM   0.0    0.0      0.0
  MONTH TO DATE    0.0                       0.0    0.0      0.0
  SINCE SEP 1      0.0                       0.0    0.0      0.0
  SINCE JUL 1      0.0                       0.0    0.0      0.0
  SNOW DEPTH       0

DEGREE DAYS
 HEATING
  YESTERDAY        5                         5      0        0
  MONTH TO DATE   17                        51    -34       15
  SINCE SEP 1     17                        52    -35       15
  SINCE JUL 1     17                        54    -37       15

 COOLING
  YESTERDAY        0                         2     -2        0
  MONTH TO DATE  271                       146    125      201
  SINCE SEP 1    271                       146    125      201
  SINCE JAN 1   1547                      1163    384     1262
..................................................................


WIND (MPH)
  HIGHEST WIND SPEED    15   HIGHEST WIND DIRECTION    SW (210)
  HIGHEST GUST SPEED    19   HIGHEST GUST DIRECTION    SW (210)
  AVERAGE WIND SPEED     4.6


SKY COVER
  POSSIBLE SUNSHINE  MM
  AVERAGE SKY COVER 0.8


WEATHER CONDITIONS
 THE FOLLOWING WEATHER WAS RECORDED YESTERDAY.
  LIGHT RAIN
  FOG
  HAZE


RELATIVE HUMIDITY (PERCENT)
 HIGHEST    93           100 AM
 LOWEST     60           400 PM
 AVERAGE    77

..........................................................


THE LEXINGTON KY CLIMATE NORMALS FOR TODAY
                         NORMAL    RECORD    YEAR
 MAXIMUM TEMPERATURE (F)   73        89      1952
                                             1919
 MINIMUM TEMPERATURE (F)   51        34      1947


SUNRISE AND SUNSET
OCTOBER  1 2016.......SUNRISE   734 AM EDT   SUNSET   721 PM EDT
OCTOBER  2 2016.......SUNRISE   735 AM EDT   SUNSET   719 PM EDT


-  INDICATES NEGATIVE NUMBERS.
R  INDICATES RECORD WAS SET OR TIED.
MM INDICATES DATA IS MISSING.
T  INDICATES TRACE AMOUNT.




$$
