000
CDUS43 KLMK 232031
CLILEX


CLIMATE REPORT
NATIONAL WEATHER SERVICE LOUISVILLE KY
429 PM EDT TUE AUG 23 2016


...................................

...THE LEXINGTON KY CLIMATE SUMMARY FOR AUGUST 23 2016...
VALID TODAY AS OF 0400 PM LOCAL TIME.

CLIMATE NORMAL PERIOD 1981 TO 2010
CLIMATE RECORD PERIOD 1872 TO 2016


WEATHER ITEM   OBSERVED TIME   RECORD YEAR NORMAL DEPARTURE LAST
                VALUE   (LST)  VALUE       VALUE  FROM      YEAR
                                                  NORMAL
..................................................................
TEMPERATURE (F)
 TODAY
  MAXIMUM         83    306 PM  97    2007  85     -2       88
  MINIMUM         60    453 AM  51    1997  65     -5       68
                                      1952
                                      1923
  AVERAGE         72                        75     -3       78

PRECIPITATION (IN)
  TODAY            0.00          2.92 1942   0.09  -0.09     0.22
  MONTH TO DATE    6.53                      2.50   4.03     1.73
  SINCE JUN 1     16.07                     11.59   4.48    17.03
  SINCE JAN 1     34.36                     30.92   3.44    42.82

SNOWFALL (IN)
  TODAY            0.0          MM      MM   0.0    0.0      0.0
  MONTH TO DATE    0.0                       0.0    0.0      0.0
  SINCE JUN 1      0.0                       0.0    0.0      0.0
  SINCE JUL 1      0.0                       0.0    0.0      0.0
  SNOW DEPTH       0

DEGREE DAYS
 HEATING
  TODAY            0                         0      0        0
  MONTH TO DATE    0                         0      0        0
  SINCE JUN 1      1                        11    -10       18
  SINCE JUL 1      0                         0      0        0

 COOLING
  TODAY            7                        10     -3       13
  MONTH TO DATE  305                       247     58      209
  SINCE JUN 1   1035                       836    199      847
  SINCE JAN 1   1149                       943    206     1015
..................................................................


WIND (MPH)
  HIGHEST WIND SPEED    12   HIGHEST WIND DIRECTION    SE (130)
  HIGHEST GUST SPEED    14   HIGHEST GUST DIRECTION    SE (140)
  AVERAGE WIND SPEED     4.9


SKY COVER
  POSSIBLE SUNSHINE  MM
  AVERAGE SKY COVER 0.0


WEATHER CONDITIONS
 THE FOLLOWING WEATHER WAS RECORDED TODAY.
  NO SIGNIFICANT WEATHER WAS OBSERVED.


RELATIVE HUMIDITY (PERCENT)
 HIGHEST    84           100 AM
 LOWEST     43           200 PM
 AVERAGE    64

..........................................................


THE LEXINGTON KY CLIMATE NORMALS FOR TOMORROW
                         NORMAL    RECORD    YEAR
 MAXIMUM TEMPERATURE (F)   85        99      1943
                                             1936
 MINIMUM TEMPERATURE (F)   64        50      1952
                                             1942


SUNRISE AND SUNSET
AUGUST 23 2016........SUNRISE   701 AM EDT   SUNSET   820 PM EDT
AUGUST 24 2016........SUNRISE   702 AM EDT   SUNSET   819 PM EDT


-  INDICATES NEGATIVE NUMBERS.
R  INDICATES RECORD WAS SET OR TIED.
MM INDICATES DATA IS MISSING.
T  INDICATES TRACE AMOUNT.




$$
