000
CDUS43 KLMK 262031
CLILEX


CLIMATE REPORT
NATIONAL WEATHER SERVICE LOUISVILLE KY
431 PM EDT FRI SEP 26 2014


...................................

...THE LEXINGTON KY CLIMATE SUMMARY FOR SEPTEMBER 26 2014...
VALID TODAY AS OF 0400 PM LOCAL TIME.

CLIMATE NORMAL PERIOD 1981 TO 2010
CLIMATE RECORD PERIOD 1872 TO 2014


WEATHER ITEM   OBSERVED TIME   RECORD YEAR NORMAL DEPARTURE LAST
                VALUE   (LST)  VALUE       VALUE  FROM      YEAR
                                                  NORMAL
..................................................................
TEMPERATURE (F)
 TODAY
  MAXIMUM         83    259 PM  90    1939  75      8       80
                                      1900
  MINIMUM         56    514 AM  38    2001  53      3       52
                                      1940
  AVERAGE         70                        64      6       66

PRECIPITATION (IN)
  TODAY            0.00          1.71 2002   0.10  -0.10     0.00
  MONTH TO DATE    4.35                      2.51   1.84     1.63
  SINCE SEP 1      4.35                      2.51   1.84     1.63
  SINCE JAN 1     44.08                     34.18   9.90    45.27

SNOWFALL (IN)
  TODAY            0.0          MM      MM   0.0    0.0      0.0
  MONTH TO DATE    0.0                       0.0    0.0      0.0
  SINCE SEP 1      0.0                       0.0    0.0      0.0
  SINCE JUL 1      0.0                       0.0    0.0      0.0
  SNOW DEPTH       0

DEGREE DAYS
 HEATING
  TODAY            0                         4     -4        0
  MONTH TO DATE   28                        34     -6       17
  SINCE SEP 1     28                        34     -6       17
  SINCE JUL 1     30                        36     -6       20

 COOLING
  TODAY            5                         3      2        1
  MONTH TO DATE  141                       136      5      153
  SINCE SEP 1    141                       136      5      153
  SINCE JAN 1   1222                      1153     69     1191
..................................................................


WIND (MPH)
  HIGHEST WIND SPEED    14   HIGHEST WIND DIRECTION    NE (40)
  HIGHEST GUST SPEED    22   HIGHEST GUST DIRECTION     E (80)
  AVERAGE WIND SPEED     5.5


SKY COVER
  POSSIBLE SUNSHINE  MM
  AVERAGE SKY COVER 0.0


WEATHER CONDITIONS
 THE FOLLOWING WEATHER WAS RECORDED TODAY.
  FOG


RELATIVE HUMIDITY (PERCENT)
 HIGHEST    90          1200 AM
 LOWEST     33           200 PM
 AVERAGE    62

..........................................................


THE LEXINGTON KY CLIMATE NORMALS FOR TOMORROW
                         NORMAL    RECORD    YEAR
 MAXIMUM TEMPERATURE (F)   74        91      1939
 MINIMUM TEMPERATURE (F)   53        37      1942


SUNRISE AND SUNSET
SEPTEMBER 26 2014.....SUNRISE   730 AM EDT   SUNSET   729 PM EDT
SEPTEMBER 27 2014.....SUNRISE   730 AM EDT   SUNSET   728 PM EDT


-  INDICATES NEGATIVE NUMBERS.
R  INDICATES RECORD WAS SET OR TIED.
MM INDICATES DATA IS MISSING.
T  INDICATES TRACE AMOUNT.




$$
