000
CDUS43 KLMK 100632
CLILEX


CLIMATE REPORT
NATIONAL WEATHER SERVICE LOUISVILLE KY
131 AM EST FRI FEB 10 2017


...................................

...THE LEXINGTON KY CLIMATE SUMMARY FOR FEBRUARY 9 2017...

CLIMATE NORMAL PERIOD 1981 TO 2010
CLIMATE RECORD PERIOD 1872 TO 2017


WEATHER ITEM   OBSERVED TIME   RECORD YEAR NORMAL DEPARTURE LAST
                VALUE   (LST)  VALUE       VALUE  FROM      YEAR
                                                  NORMAL
..................................................................
TEMPERATURE (F)
 YESTERDAY
  MAXIMUM         33   1236 AM  70    2001  44    -11       25
  MINIMUM         18   1136 PM -15    1899  27     -9       18
  AVERAGE         26                        35     -9       22

PRECIPITATION (IN)
  YESTERDAY        0.00          1.11 1891   0.11  -0.11      T
  MONTH TO DATE    1.36                      1.03   0.33     1.64
  SINCE DEC 1     12.25                      8.16   4.09    10.09
  SINCE JAN 1      6.07                      4.23   1.84     2.88

SNOWFALL (IN)
  YESTERDAY        0.0           2.5  1896   0.2   -0.2      0.2
  MONTH TO DATE    T                         1.7   -1.7      1.2
  SINCE DEC 1      3.4                       8.1   -4.7     10.8
  SINCE JUL 1      3.4                       8.4   -5.0     10.8
  SNOW DEPTH       0

DEGREE DAYS
 HEATING
  YESTERDAY       39                        30      9       43
  MONTH TO DATE  233                       274    -41      232
  SINCE DEC 1   1851                      2170   -319     1750
  SINCE JUL 1   2437                      3057   -620     2436

 COOLING
  YESTERDAY        0                         0      0        0
  MONTH TO DATE    0                         0      0        0
  SINCE DEC 1      0                         0      0        0
  SINCE JAN 1      0                         0      0        0
..................................................................


WIND (MPH)
  HIGHEST WIND SPEED    23   HIGHEST WIND DIRECTION    NW (330)
  HIGHEST GUST SPEED    31   HIGHEST GUST DIRECTION    NW (330)
  AVERAGE WIND SPEED    12.3


SKY COVER
  POSSIBLE SUNSHINE  MM
  AVERAGE SKY COVER 0.6


WEATHER CONDITIONS
 THE FOLLOWING WEATHER WAS RECORDED YESTERDAY.
  NO SIGNIFICANT WEATHER WAS OBSERVED.


RELATIVE HUMIDITY (PERCENT)
 HIGHEST    89          1200 AM
 LOWEST     42           500 PM
 AVERAGE    66

..........................................................


THE LEXINGTON KY CLIMATE NORMALS FOR TODAY
                         NORMAL    RECORD    YEAR
 MAXIMUM TEMPERATURE (F)   44        75      1932
 MINIMUM TEMPERATURE (F)   27       -17      1899


SUNRISE AND SUNSET
FEBRUARY 10 2017......SUNRISE   734 AM EST   SUNSET   612 PM EST
FEBRUARY 11 2017......SUNRISE   733 AM EST   SUNSET   613 PM EST


-  INDICATES NEGATIVE NUMBERS.
R  INDICATES RECORD WAS SET OR TIED.
MM INDICATES DATA IS MISSING.
T  INDICATES TRACE AMOUNT.




$$
