885
CDUS43 KLMK 110641
CLILEX


CLIMATE REPORT
NATIONAL WEATHER SERVICE LOUISVILLE KY
141 AM EST MON DEC 11 2017


...................................

...THE LEXINGTON KY CLIMATE SUMMARY FOR DECEMBER 10 2017...

CLIMATE NORMAL PERIOD 1981 TO 2010
CLIMATE RECORD PERIOD 1872 TO 2017


WEATHER ITEM   OBSERVED TIME   RECORD YEAR NORMAL DEPARTURE LAST
                VALUE   (LST)  VALUE       VALUE  FROM      YEAR
                                                  NORMAL
..................................................................
TEMPERATURE (F)
 YESTERDAY
  MAXIMUM         38    455 PM  72    1971  45     -7       33
  MINIMUM         18    715 AM  -9    1917  29    -11       16
  AVERAGE         28                        37     -9       25

PRECIPITATION (IN)
  YESTERDAY        0.00          1.33 1994   0.14  -0.14     0.00
  MONTH TO DATE    0.72                      1.32  -0.60     0.86
  SINCE DEC 1      0.72                      1.32  -0.60     0.86
  SINCE JAN 1     47.52                     42.56   4.96    39.07

SNOWFALL (IN)
  YESTERDAY        0.0           3.0  1903   0.0    0.0      0.0
  MONTH TO DATE    0.2                       0.5   -0.3      0.1
  SINCE DEC 1      0.2                       0.5   -0.3      0.1
  SINCE JUL 1      0.2                       0.8   -0.6      0.1
  SNOW DEPTH       T

DEGREE DAYS
 HEATING
  YESTERDAY       37                        28      9       40
  MONTH TO DATE  272                       265      7      288
  SINCE DEC 1    272                       265      7      288
  SINCE JUL 1   1052                      1152   -100      874

 COOLING
  YESTERDAY        0                         0      0        0
  MONTH TO DATE    0                         0      0        0
  SINCE DEC 1      0                         0      0        0
  SINCE JAN 1   1290                      1190    100     1640
..................................................................


WIND (MPH)
  HIGHEST WIND SPEED    21   HIGHEST WIND DIRECTION     S (200)
  HIGHEST GUST SPEED    29   HIGHEST GUST DIRECTION     S (190)
  AVERAGE WIND SPEED     9.9


SKY COVER
  POSSIBLE SUNSHINE  MM
  AVERAGE SKY COVER 0.2


WEATHER CONDITIONS
 THE FOLLOWING WEATHER WAS RECORDED YESTERDAY.
  NO SIGNIFICANT WEATHER WAS OBSERVED.


RELATIVE HUMIDITY (PERCENT)
 HIGHEST    80           700 AM
 LOWEST     44           500 PM
 AVERAGE    62

..........................................................


THE LEXINGTON KY CLIMATE NORMALS FOR TODAY
                         NORMAL    RECORD    YEAR
 MAXIMUM TEMPERATURE (F)   45        70      2007
 MINIMUM TEMPERATURE (F)   29        -2      1917


SUNRISE AND SUNSET
DECEMBER 11 2017......SUNRISE   745 AM EST   SUNSET   519 PM EST
DECEMBER 12 2017......SUNRISE   745 AM EST   SUNSET   519 PM EST


-  INDICATES NEGATIVE NUMBERS.
R  INDICATES RECORD WAS SET OR TIED.
MM INDICATES DATA IS MISSING.
T  INDICATES TRACE AMOUNT.




$$
