000
CDUS43 KLMK 170631
CLILEX


CLIMATE REPORT
NATIONAL WEATHER SERVICE LOUISVILLE KY
229 AM EDT SUN AUG 17 2014


...................................

...THE LEXINGTON KY CLIMATE SUMMARY FOR AUGUST 16 2014...

CLIMATE NORMAL PERIOD 1981 TO 2010
CLIMATE RECORD PERIOD 1872 TO 2014


WEATHER ITEM   OBSERVED TIME   RECORD YEAR NORMAL DEPARTURE LAST
                VALUE   (LST)  VALUE       VALUE  FROM      YEAR
                                                  NORMAL
..................................................................
TEMPERATURE (F)
 YESTERDAY
  MAXIMUM         83    337 PM 102    2007  86     -3       80
  MINIMUM         58    508 AM  51    1979  65     -7       58
  AVERAGE         71                        76     -5       69

PRECIPITATION (IN)
  YESTERDAY        0.01          0.97 1969   0.11  -0.10     0.00
  MONTH TO DATE    6.70                      1.79   4.91     2.98
  SINCE JUN 1     15.52                     10.88   4.64    19.62
  SINCE JAN 1     36.87                     30.21   6.66    41.48

SNOWFALL (IN)
  YESTERDAY        0.0          MM      MM   0.0    0.0      0.0
  MONTH TO DATE    0.0                       0.0    0.0      0.0
  SINCE JUN 1      0.0                       0.0    0.0      0.0
  SINCE JUL 1      0.0                       0.0    0.0      0.0
  SNOW DEPTH       0

DEGREE DAYS
 HEATING
  YESTERDAY        0                         0      0        0
  MONTH TO DATE    0                         0      0        3
  SINCE JUN 1      2                        11     -9        3
  SINCE JUL 1      2                         0      2        3

 COOLING
  YESTERDAY        6                        11     -5        4
  MONTH TO DATE  132                       176    -44      136
  SINCE JUN 1    707                       765    -58      706
  SINCE JAN 1    868                       872     -4      859
..................................................................


WIND (MPH)
  HIGHEST WIND SPEED    12   HIGHEST WIND DIRECTION    SW (210)
  HIGHEST GUST SPEED    14   HIGHEST GUST DIRECTION     S (200)
  AVERAGE WIND SPEED     4.7


SKY COVER
  POSSIBLE SUNSHINE  MM
  AVERAGE SKY COVER 0.4


WEATHER CONDITIONS
 THE FOLLOWING WEATHER WAS RECORDED YESTERDAY.
  LIGHT RAIN
  FOG


RELATIVE HUMIDITY (PERCENT)
 HIGHEST    87          1000 PM
 LOWEST     51           200 PM
 AVERAGE    69

..........................................................


THE LEXINGTON KY CLIMATE NORMALS FOR TODAY
                         NORMAL    RECORD    YEAR
 MAXIMUM TEMPERATURE (F)   86        99      1936
 MINIMUM TEMPERATURE (F)   65        52      1979


SUNRISE AND SUNSET
AUGUST 17 2014........SUNRISE   655 AM EDT   SUNSET   829 PM EDT
AUGUST 18 2014........SUNRISE   656 AM EDT   SUNSET   828 PM EDT


-  INDICATES NEGATIVE NUMBERS.
R  INDICATES RECORD WAS SET OR TIED.
MM INDICATES DATA IS MISSING.
T  INDICATES TRACE AMOUNT.




$$
