889
CDUS43 KLMK 032135
CLILEX


CLIMATE REPORT
NATIONAL WEATHER SERVICE LOUISVILLE KY
434 PM EST WED FEB 3 2016


...................................

...THE LEXINGTON KY CLIMATE SUMMARY FOR FEBRUARY 3 2016...
VALID TODAY AS OF 0400 PM LOCAL TIME.

CLIMATE NORMAL PERIOD 1981 TO 2010
CLIMATE RECORD PERIOD 1872 TO 2016


WEATHER ITEM   OBSERVED TIME   RECORD YEAR NORMAL DEPARTURE LAST
                VALUE   (LST)  VALUE       VALUE  FROM      YEAR
                                                  NORMAL
..................................................................
TEMPERATURE (F)
 TODAY
  MAXIMUM         64   1218 AM  70    1890  43     21       37
  MINIMUM         54    916 AM  -8    1951  26     28       20
  AVERAGE         59                        34     25       29

PRECIPITATION (IN)
  TODAY            0.95R         0.91 1939   0.12   0.83     0.00
  MONTH TO DATE    1.38                      0.35   1.03     0.58
  SINCE DEC 1      9.83                      7.48   2.35     5.73
  SINCE JAN 1      2.62                      3.55  -0.93     2.43

SNOWFALL (IN)
  TODAY            0.0           3.8  2014   0.2   -0.2      0.0
  MONTH TO DATE    0.0                       0.6   -0.6       T
  SINCE DEC 1      9.6                       7.0    2.6      5.9
  SINCE JUL 1      9.6                       7.3    2.3      7.5
  SNOW DEPTH       0

DEGREE DAYS
 HEATING
  TODAY            6                        31    -25       36
  MONTH TO DATE   32                        93    -61       92
  SINCE DEC 1   1550                      1989   -439     1947
  SINCE JUL 1   2236                      2876   -640     2954

 COOLING
  TODAY            0                         0      0        0
  MONTH TO DATE    0                         0      0        0
  SINCE DEC 1      0                         0      0        0
  SINCE JAN 1      0                         0      0        0
..................................................................


WIND (MPH)
  HIGHEST WIND SPEED    29   HIGHEST WIND DIRECTION     S (180)
  HIGHEST GUST SPEED    37   HIGHEST GUST DIRECTION     S (180)
  AVERAGE WIND SPEED    18.8


SKY COVER
  POSSIBLE SUNSHINE  MM
  AVERAGE SKY COVER 0.4


WEATHER CONDITIONS
 THE FOLLOWING WEATHER WAS RECORDED TODAY.
  HEAVY RAIN
  RAIN
  LIGHT RAIN
  FOG


RELATIVE HUMIDITY (PERCENT)
 HIGHEST    90           100 AM
 LOWEST     40           200 PM
 AVERAGE    65

..........................................................


THE LEXINGTON KY CLIMATE NORMALS FOR TOMORROW
                         NORMAL    RECORD    YEAR
 MAXIMUM TEMPERATURE (F)   43        70      1962
                                             1890
 MINIMUM TEMPERATURE (F)   26       -10      1996


SUNRISE AND SUNSET
FEBRUARY  3 2016......SUNRISE   742 AM EST   SUNSET   603 PM EST
FEBRUARY  4 2016......SUNRISE   741 AM EST   SUNSET   604 PM EST


-  INDICATES NEGATIVE NUMBERS.
R  INDICATES RECORD WAS SET OR TIED.
MM INDICATES DATA IS MISSING.
T  INDICATES TRACE AMOUNT.




$$
