000
CDUS43 KLMK 260629
CLILEX


CLIMATE REPORT
NATIONAL WEATHER SERVICE LOUISVILLE KY
228 AM EDT FRI SEP 26 2014


...................................

...THE LEXINGTON KY CLIMATE SUMMARY FOR SEPTEMBER 25 2014...

CLIMATE NORMAL PERIOD 1981 TO 2010
CLIMATE RECORD PERIOD 1872 TO 2014


WEATHER ITEM   OBSERVED TIME   RECORD YEAR NORMAL DEPARTURE LAST
                VALUE   (LST)  VALUE       VALUE  FROM      YEAR
                                                  NORMAL
..................................................................
TEMPERATURE (F)
 YESTERDAY
  MAXIMUM         82    418 PM  93    2007  75      7       79
  MINIMUM         47    613 AM  35    1965  54     -7       63
  AVERAGE         65                        64      1       71

PRECIPITATION (IN)
  YESTERDAY        0.00          2.96 1970   0.10  -0.10     0.00
  MONTH TO DATE    4.35                      2.41   1.94     1.63
  SINCE SEP 1      4.35                      2.41   1.94     1.63
  SINCE JAN 1     44.08                     34.08  10.00    45.27

SNOWFALL (IN)
  YESTERDAY        0.0          MM      MM   0.0    0.0      0.0
  MONTH TO DATE    0.0                       0.0    0.0      0.0
  SINCE SEP 1      0.0                       0.0    0.0      0.0
  SINCE JUL 1      0.0                       0.0    0.0      0.0
  SNOW DEPTH       0

DEGREE DAYS
 HEATING
  YESTERDAY        0                         3     -3        0
  MONTH TO DATE   28                        30     -2       17
  SINCE SEP 1     28                        30     -2       17
  SINCE JUL 1     30                        32     -2       20

 COOLING
  YESTERDAY        0                         3     -3        6
  MONTH TO DATE  136                       133      3      152
  SINCE SEP 1    136                       133      3      152
  SINCE JAN 1   1217                      1150     67     1190
..................................................................


WIND (MPH)
  HIGHEST WIND SPEED    10   HIGHEST WIND DIRECTION    NE (40)
  HIGHEST GUST SPEED    13   HIGHEST GUST DIRECTION    NE (40)
  AVERAGE WIND SPEED     2.7


SKY COVER
  POSSIBLE SUNSHINE  MM
  AVERAGE SKY COVER 0.0


WEATHER CONDITIONS
 THE FOLLOWING WEATHER WAS RECORDED YESTERDAY.
  FOG
  HAZE


RELATIVE HUMIDITY (PERCENT)
 HIGHEST    89           400 AM
 LOWEST     42           200 PM
 AVERAGE    66

..........................................................


THE LEXINGTON KY CLIMATE NORMALS FOR TODAY
                         NORMAL    RECORD    YEAR
 MAXIMUM TEMPERATURE (F)   75        90      1939
                                             1900
 MINIMUM TEMPERATURE (F)   53        38      2001
                                             1940


SUNRISE AND SUNSET
SEPTEMBER 26 2014.....SUNRISE   730 AM EDT   SUNSET   729 PM EDT
SEPTEMBER 27 2014.....SUNRISE   730 AM EDT   SUNSET   728 PM EDT


-  INDICATES NEGATIVE NUMBERS.
R  INDICATES RECORD WAS SET OR TIED.
MM INDICATES DATA IS MISSING.
T  INDICATES TRACE AMOUNT.

$$

SCHOETTMER
