000
CDUS43 KLMK 132030
CLILEX


CLIMATE REPORT
NATIONAL WEATHER SERVICE LOUISVILLE KY
429 PM EDT TUE JUN 13 2017


...................................

...THE LEXINGTON KY CLIMATE SUMMARY FOR JUNE 13 2017...
VALID TODAY AS OF 0400 PM LOCAL TIME.

CLIMATE NORMAL PERIOD 1981 TO 2010
CLIMATE RECORD PERIOD 1872 TO 2017


WEATHER ITEM   OBSERVED TIME   RECORD YEAR NORMAL DEPARTURE LAST
                VALUE   (LST)  VALUE       VALUE  FROM      YEAR
                                                  NORMAL
..................................................................
TEMPERATURE (F)
 TODAY
  MAXIMUM         91    154 PM  96    1943  83      8       88
  MINIMUM         72    555 AM  42    1903  62     10       66
  AVERAGE         82                        72     10       77

PRECIPITATION (IN)
  TODAY            T             1.51 1946   0.15  -0.15     0.00
  MONTH TO DATE    0.72                      2.09  -1.37     2.44
  SINCE JUN 1      0.72                      2.09  -1.37     2.44
  SINCE JAN 1     19.58                     21.42  -1.84    20.73

SNOWFALL (IN)
  TODAY            0.0          MM      MM   0.0    0.0      0.0
  MONTH TO DATE    0.0                       0.0    0.0      0.0
  SINCE JUN 1      0.0                       0.0    0.0      0.0
  SINCE JUL 1      3.4                      13.0   -9.6     15.3
  SNOW DEPTH       0

DEGREE DAYS
 HEATING
  TODAY            0                         0      0        0
  MONTH TO DATE    5                         8     -3        1
  SINCE JUN 1      5                         8     -3        1
  SINCE JUL 1   3476                      4608  -1132     3765

 COOLING
  TODAY           17                         8      9       12
  MONTH TO DATE   85                        81      4      107
  SINCE JUN 1     85                        81      4      107
  SINCE JAN 1    282                       188     94      221
..................................................................


WIND (MPH)
  HIGHEST WIND SPEED    22   HIGHEST WIND DIRECTION    NE (30)
  HIGHEST GUST SPEED    31   HIGHEST GUST DIRECTION    NE (50)
  AVERAGE WIND SPEED     7.8


SKY COVER
  POSSIBLE SUNSHINE  MM
  AVERAGE SKY COVER 0.2


WEATHER CONDITIONS
 THE FOLLOWING WEATHER WAS RECORDED TODAY.
  THUNDERSTORM
  LIGHT RAIN


RELATIVE HUMIDITY (PERCENT)
 HIGHEST    90           600 AM
 LOWEST     47           200 PM
 AVERAGE    69

..........................................................


THE LEXINGTON KY CLIMATE NORMALS FOR TOMORROW
                         NORMAL    RECORD    YEAR
 MAXIMUM TEMPERATURE (F)   83        94      1988
                                             1943
 MINIMUM TEMPERATURE (F)   62        47      1933


SUNRISE AND SUNSET
JUNE 13 2017..........SUNRISE   615 AM EDT   SUNSET   902 PM EDT
JUNE 14 2017..........SUNRISE   615 AM EDT   SUNSET   902 PM EDT


-  INDICATES NEGATIVE NUMBERS.
R  INDICATES RECORD WAS SET OR TIED.
MM INDICATES DATA IS MISSING.
T  INDICATES TRACE AMOUNT.




$$
