000
CDUS43 KLMK 250630
CLILEX


CLIMATE REPORT
NATIONAL WEATHER SERVICE LOUISVILLE KY
230 AM EDT MON APR 25 2016


...................................

...THE LEXINGTON KY CLIMATE SUMMARY FOR APRIL 24 2016...

CLIMATE NORMAL PERIOD 1981 TO 2010
CLIMATE RECORD PERIOD 1872 TO 2016


WEATHER ITEM   OBSERVED TIME   RECORD YEAR NORMAL DEPARTURE LAST
                VALUE   (LST)  VALUE       VALUE  FROM      YEAR
                                                  NORMAL
..................................................................
TEMPERATURE (F)
 YESTERDAY
  MAXIMUM         76    409 PM  90    1925  69      7       61
  MINIMUM         44    603 AM  28    1910  47     -3       31
  AVERAGE         60                        58      2       46

PRECIPITATION (IN)
  YESTERDAY        0.00          2.38 1975   0.13  -0.13     0.00
  MONTH TO DATE    1.30                      2.79  -1.49    10.61
  SINCE MAR 1      4.09                      6.86  -2.77    18.07
  SINCE JAN 1      9.79                     13.26  -3.47    22.92

SNOWFALL (IN)
  YESTERDAY        0.0           0.0    MM   0.0    0.0      0.0
  MONTH TO DATE    T                         0.3   -0.3      0.0
  SINCE MAR 1      0.7                       1.7   -1.0     17.1
  SINCE JUL 1     15.3                      13.0    2.3     40.0
  SNOW DEPTH       0

DEGREE DAYS
 HEATING
  YESTERDAY        5                         8     -3       19
  MONTH TO DATE  254                       270    -16      183
  SINCE MAR 1    648                       875   -227      832
  SINCE JUL 1   3619                      4446   -827     4810

 COOLING
  YESTERDAY        0                         1     -1        0
  MONTH TO DATE   10                        15     -5       12
  SINCE MAR 1     13                        17     -4       12
  SINCE JAN 1     13                        17     -4       12
..................................................................


WIND (MPH)
  HIGHEST WIND SPEED    12   HIGHEST WIND DIRECTION     S (200)
  HIGHEST GUST SPEED    14   HIGHEST GUST DIRECTION     S (190)
  AVERAGE WIND SPEED     4.7


SKY COVER
  POSSIBLE SUNSHINE  MM
  AVERAGE SKY COVER 0.0


WEATHER CONDITIONS
 THE FOLLOWING WEATHER WAS RECORDED YESTERDAY.
  NO SIGNIFICANT WEATHER WAS OBSERVED.


RELATIVE HUMIDITY (PERCENT)
 HIGHEST    76           600 AM
 LOWEST     31           400 PM
 AVERAGE    54

..........................................................


THE LEXINGTON KY CLIMATE NORMALS FOR TODAY
                         NORMAL    RECORD    YEAR
 MAXIMUM TEMPERATURE (F)   69        88      1915
 MINIMUM TEMPERATURE (F)   48        27      1919


SUNRISE AND SUNSET
APRIL 25 2016.........SUNRISE   649 AM EDT   SUNSET   824 PM EDT
APRIL 26 2016.........SUNRISE   648 AM EDT   SUNSET   825 PM EDT


-  INDICATES NEGATIVE NUMBERS.
R  INDICATES RECORD WAS SET OR TIED.
MM INDICATES DATA IS MISSING.
T  INDICATES TRACE AMOUNT.




$$
