000
CDUS43 KLMK 142133
CLILEX


CLIMATE REPORT
NATIONAL WEATHER SERVICE LOUISVILLE KY
431 PM EST TUE FEB 14 2017


...................................

...THE LEXINGTON KY CLIMATE SUMMARY FOR FEBRUARY 14 2017...
VALID TODAY AS OF 0400 PM LOCAL TIME.

CLIMATE NORMAL PERIOD 1981 TO 2010
CLIMATE RECORD PERIOD 1872 TO 2017


WEATHER ITEM   OBSERVED TIME   RECORD YEAR NORMAL DEPARTURE LAST
                VALUE   (LST)  VALUE       VALUE  FROM      YEAR
                                                  NORMAL
..................................................................
TEMPERATURE (F)
 TODAY
  MAXIMUM         55    338 PM  70    1918  45     10       25
                                      1911
  MINIMUM         35   1249 AM  -7    1905  28      7       16
  AVERAGE         45                        36      9       21

PRECIPITATION (IN)
  TODAY            0.00          2.28 1908   0.11  -0.11     0.25
  MONTH TO DATE    1.36                      1.58  -0.22     1.90
  SINCE DEC 1     12.25                      8.71   3.54    10.35
  SINCE JAN 1      6.07                      4.78   1.29     3.14

SNOWFALL (IN)
  TODAY            0.0           5.0  1970   0.2   -0.2      2.8
  MONTH TO DATE    T                         2.7   -2.7      4.5
  SINCE DEC 1      3.4                       9.1   -5.7     14.1
  SINCE JUL 1      3.4                       9.4   -6.0     14.1
  SNOW DEPTH       0

DEGREE DAYS
 HEATING
  TODAY           20                        28     -8       44
  MONTH TO DATE  324                       418    -94      451
  SINCE DEC 1   1942                      2314   -372     1969
  SINCE JUL 1   2528                      3201   -673     2655

 COOLING
  TODAY            0                         0      0        0
  MONTH TO DATE    0                         0      0        0
  SINCE DEC 1      0                         0      0        0
  SINCE JAN 1      0                         0      0        0
..................................................................


WIND (MPH)
  HIGHEST WIND SPEED    17   HIGHEST WIND DIRECTION     W (260)
  HIGHEST GUST SPEED    21   HIGHEST GUST DIRECTION     W (260)
  AVERAGE WIND SPEED     7.4


SKY COVER
  POSSIBLE SUNSHINE  MM
  AVERAGE SKY COVER 0.7


WEATHER CONDITIONS
 THE FOLLOWING WEATHER WAS RECORDED TODAY.
  NO SIGNIFICANT WEATHER WAS OBSERVED.


RELATIVE HUMIDITY (PERCENT)
 HIGHEST    56          1200 AM
 LOWEST     37          1100 AM
 AVERAGE    47

..........................................................


THE LEXINGTON KY CLIMATE NORMALS FOR TOMORROW
                         NORMAL    RECORD    YEAR
 MAXIMUM TEMPERATURE (F)   46        76      1945
 MINIMUM TEMPERATURE (F)   28         2      1943
                                             1905


SUNRISE AND SUNSET
FEBRUARY 14 2017......SUNRISE   729 AM EST   SUNSET   616 PM EST
FEBRUARY 15 2017......SUNRISE   728 AM EST   SUNSET   617 PM EST


-  INDICATES NEGATIVE NUMBERS.
R  INDICATES RECORD WAS SET OR TIED.
MM INDICATES DATA IS MISSING.
T  INDICATES TRACE AMOUNT.




$$
