000
CDUS43 KLMK 200633
CLILEX


CLIMATE REPORT
NATIONAL WEATHER SERVICE LOUISVILLE KY
227 AM EDT MON MAR 20 2017


...................................

...THE LEXINGTON KY CLIMATE SUMMARY FOR MARCH 19 2017...

CLIMATE NORMAL PERIOD 1981 TO 2010
CLIMATE RECORD PERIOD 1872 TO 2017


WEATHER ITEM   OBSERVED TIME   RECORD YEAR NORMAL DEPARTURE LAST
                VALUE   (LST)  VALUE       VALUE  FROM      YEAR
                                                  NORMAL
..................................................................
TEMPERATURE (F)
 YESTERDAY
  MAXIMUM         52    413 PM  79    2012  57     -5       50
                                      1945
                                      1907
  MINIMUM         31    713 AM  12    1892  37     -6       37
  AVERAGE         42                        46     -4       44

PRECIPITATION (IN)
  YESTERDAY        0.00          2.25 2002   0.13  -0.13      T
  MONTH TO DATE    1.36                      2.45  -1.09     2.07
  SINCE MAR 1      1.36                      2.45  -1.09     2.07
  SINCE JAN 1      9.46                      8.85   0.61     7.77

SNOWFALL (IN)
  YESTERDAY        0.0           2.5  1896   0.1   -0.1      0.0
  MONTH TO DATE    T                         1.0   -1.0      0.7
  SINCE MAR 1      T                         1.0   -1.0      0.7
  SINCE JUL 1      3.4                      12.3   -8.9     15.3
  SNOW DEPTH       0

DEGREE DAYS
 HEATING
  YESTERDAY       23                        19      4       21
  MONTH TO DATE  431                       407     24      239
  SINCE MAR 1    431                       407     24      239
  SINCE JUL 1   3141                      3978   -837     3210

 COOLING
  YESTERDAY        0                         0      0        0
  MONTH TO DATE    0                         0      0        1
  SINCE MAR 1      0                         0      0        1
  SINCE JAN 1      4                         0      4        1
..................................................................


WIND (MPH)
  HIGHEST WIND SPEED    10   HIGHEST WIND DIRECTION     N (10)
  HIGHEST GUST SPEED    17   HIGHEST GUST DIRECTION    NE (40)
  AVERAGE WIND SPEED     4.8


SKY COVER
  POSSIBLE SUNSHINE  MM
  AVERAGE SKY COVER 0.4


WEATHER CONDITIONS
 THE FOLLOWING WEATHER WAS RECORDED YESTERDAY.
  NO SIGNIFICANT WEATHER WAS OBSERVED.


RELATIVE HUMIDITY (PERCENT)
 HIGHEST    92           700 AM
 LOWEST     41           400 PM
 AVERAGE    67

..........................................................


THE LEXINGTON KY CLIMATE NORMALS FOR TODAY
                         NORMAL    RECORD    YEAR
 MAXIMUM TEMPERATURE (F)   57        83      2012
 MINIMUM TEMPERATURE (F)   37        14      1923


SUNRISE AND SUNSET
MARCH 20 2017.........SUNRISE   742 AM EDT   SUNSET   751 PM EDT
MARCH 21 2017.........SUNRISE   740 AM EDT   SUNSET   752 PM EDT


-  INDICATES NEGATIVE NUMBERS.
R  INDICATES RECORD WAS SET OR TIED.
MM INDICATES DATA IS MISSING.
T  INDICATES TRACE AMOUNT.




$$
