000
CDUS43 KLMK 192031
CLILEX


CLIMATE REPORT
NATIONAL WEATHER SERVICE LOUISVILLE KY
430 PM EDT FRI MAY 19 2017


...................................

...THE LEXINGTON KY CLIMATE SUMMARY FOR MAY 19 2017...
VALID TODAY AS OF 0400 PM LOCAL TIME.

CLIMATE NORMAL PERIOD 1981 TO 2010
CLIMATE RECORD PERIOD 1872 TO 2017


WEATHER ITEM   OBSERVED TIME   RECORD YEAR NORMAL DEPARTURE LAST
                VALUE   (LST)  VALUE       VALUE  FROM      YEAR
                                                  NORMAL
..................................................................
TEMPERATURE (F)
 TODAY
  MAXIMUM         82    149 PM  91    1944  75      7       71
  MINIMUM         68    311 AM  32    2002  55     13       45
  AVERAGE         75                        65     10       58

PRECIPITATION (IN)
  TODAY            0.06          1.96 1890   0.17  -0.11     0.00
  MONTH TO DATE    3.24                      3.20   0.04     4.56
  SINCE MAR 1      8.36                     10.87  -2.51    10.66
  SINCE JAN 1     16.46                     17.27  -0.81    16.36

SNOWFALL (IN)
  TODAY            0.0          MM      MM   0.0    0.0      0.0
  MONTH TO DATE    0.0                       0.0    0.0      0.0
  SINCE MAR 1      T                         1.7   -1.7      0.7
  SINCE JUL 1      3.4                      13.0   -9.6     15.3
  SNOW DEPTH       0

DEGREE DAYS
 HEATING
  TODAY            0                         3     -3        7
  MONTH TO DATE   89                        85      4      120
  SINCE MAR 1    751                      1003   -252      776
  SINCE JUL 1   3461                      4574  -1113     3747

 COOLING
  TODAY           10                         3      7        0
  MONTH TO DATE   69                        36     33       21
  SINCE MAR 1    140                        58     82       49
  SINCE JAN 1    144                        58     86       49
..................................................................


WIND (MPH)
  HIGHEST WIND SPEED    24   HIGHEST WIND DIRECTION    SW (210)
  HIGHEST GUST SPEED    31   HIGHEST GUST DIRECTION     S (200)
  AVERAGE WIND SPEED     9.3


SKY COVER
  POSSIBLE SUNSHINE  MM
  AVERAGE SKY COVER 0.2


WEATHER CONDITIONS
 THE FOLLOWING WEATHER WAS RECORDED TODAY.
  THUNDERSTORM
  HEAVY RAIN


RELATIVE HUMIDITY (PERCENT)
 HIGHEST    84           200 AM
 LOWEST     55           100 PM
 AVERAGE    70

..........................................................


THE LEXINGTON KY CLIMATE NORMALS FOR TOMORROW
                         NORMAL    RECORD    YEAR
 MAXIMUM TEMPERATURE (F)   75        91      1944
 MINIMUM TEMPERATURE (F)   55        32      1894


SUNRISE AND SUNSET
MAY 19 2017...........SUNRISE   625 AM EDT   SUNSET   846 PM EDT
MAY 20 2017...........SUNRISE   624 AM EDT   SUNSET   847 PM EDT


-  INDICATES NEGATIVE NUMBERS.
R  INDICATES RECORD WAS SET OR TIED.
MM INDICATES DATA IS MISSING.
T  INDICATES TRACE AMOUNT.




$$
