000
CDUS43 KLMK 162034
CLILEX


CLIMATE REPORT
NATIONAL WEATHER SERVICE LOUISVILLE KY
434 PM EDT WED JUL 16 2014


...................................

...THE LEXINGTON KY CLIMATE SUMMARY FOR JULY 16 2014...
VALID TODAY AS OF 0400 PM LOCAL TIME.

CLIMATE NORMAL PERIOD 1981 TO 2010
CLIMATE RECORD PERIOD 1872 TO 2014


WEATHER ITEM   OBSERVED TIME   RECORD YEAR NORMAL DEPARTURE LAST
                VALUE   (LST)  VALUE       VALUE  FROM      YEAR
                                                  NORMAL
..................................................................
TEMPERATURE (F)
 TODAY
  MAXIMUM         77    259 PM 100    1980  86     -9       93
  MINIMUM         54    603 AM  50    1945  67    -13       69
  AVERAGE         66                        76    -10       81

PRECIPITATION (IN)
  TODAY            0.00          3.14 1934   0.16  -0.16     0.00
  MONTH TO DATE    0.86                      2.37  -1.51     5.85
  SINCE JUN 1      6.45                      6.81  -0.36    13.39
  SINCE JAN 1     27.80                     26.14   1.66    35.25

SNOWFALL (IN)
  TODAY            0.0          MM      MM   0.0    0.0      0.0
  MONTH TO DATE    0.0                       0.0    0.0      0.0
  SINCE JUN 1      0.0                       0.0    0.0      0.0
  SINCE JUL 1      0.0                       0.0    0.0      0.0
  SNOW DEPTH       0

DEGREE DAYS
 HEATING
  TODAY            0                         0      0        0
  MONTH TO DATE    0                         0      0        0
  SINCE JUN 1      0                        11    -11        0
  SINCE JUL 1      0                         0      0        0

 COOLING
  TODAY            1                        11    -10       16
  MONTH TO DATE  159                       176    -17      160
  SINCE JUN 1    464                       418     46      429
  SINCE JAN 1    625                       525    100      582
..................................................................


WIND (MPH)
  HIGHEST WIND SPEED     9   HIGHEST WIND DIRECTION     W (270)
  HIGHEST GUST SPEED    13   HIGHEST GUST DIRECTION     W (290)
  AVERAGE WIND SPEED     3.0


SKY COVER
  POSSIBLE SUNSHINE  MM
  AVERAGE SKY COVER 0.2


WEATHER CONDITIONS
 THE FOLLOWING WEATHER WAS RECORDED TODAY.
  NO SIGNIFICANT WEATHER WAS OBSERVED.


RELATIVE HUMIDITY (PERCENT)
 HIGHEST    89           400 AM
 LOWEST     41          1200 PM
 AVERAGE    65

..........................................................


THE LEXINGTON KY CLIMATE NORMALS FOR TOMORROW
                         NORMAL    RECORD    YEAR
 MAXIMUM TEMPERATURE (F)   86        99      1935
 MINIMUM TEMPERATURE (F)   67        53      1976


SUNRISE AND SUNSET
JULY 16 2014..........SUNRISE   629 AM EDT   SUNSET   900 PM EDT
JULY 17 2014..........SUNRISE   629 AM EDT   SUNSET   859 PM EDT


-  INDICATES NEGATIVE NUMBERS.
R  INDICATES RECORD WAS SET OR TIED.
MM INDICATES DATA IS MISSING.
T  INDICATES TRACE AMOUNT.




$$
