000
CDUS43 KLMK 100628
CLILEX


CLIMATE REPORT
NATIONAL WEATHER SERVICE LOUISVILLE KY
128 AM EST WED JAN 10 2018


...................................

...THE LEXINGTON KY CLIMATE SUMMARY FOR JANUARY 9 2018...

CLIMATE NORMAL PERIOD 1981 TO 2010
CLIMATE RECORD PERIOD 1872 TO 2018


WEATHER ITEM   OBSERVED TIME   RECORD YEAR NORMAL DEPARTURE LAST
                VALUE   (LST)  VALUE       VALUE  FROM      YEAR
                                                  NORMAL
..................................................................
TEMPERATURE (F)
 YESTERDAY
  MAXIMUM         47    251 PM  70    1930  41      6       37
  MINIMUM         35    832 AM  -8    1875  25     10       17
  AVERAGE         41                        33      8       27

PRECIPITATION (IN)
  YESTERDAY        0.00          1.53 1937   0.10  -0.10     0.00
  MONTH TO DATE    0.28                      0.94  -0.66     0.80
  SINCE DEC 1      2.65                      4.87  -2.22     6.98
  SINCE JAN 1      0.28                      0.94  -0.66     0.80

SNOWFALL (IN)
  YESTERDAY        0.0           3.0  1977   0.1   -0.1      0.0
                                      1905
  MONTH TO DATE    0.1                       1.0   -0.9      2.5
  SINCE DEC 1      0.3                       3.5   -3.2      2.6
  SINCE JUL 1      0.3                       3.8   -3.5      2.6
  SNOW DEPTH       0

DEGREE DAYS
 HEATING
  YESTERDAY       24                        32     -8       38
  MONTH TO DATE  405                       288    117      314
  SINCE DEC 1   1329                      1189    140     1171
  SINCE JUL 1   2109                      2076     33     1757

 COOLING
  YESTERDAY        0                         0      0        0
  MONTH TO DATE    0                         0      0        0
  SINCE DEC 1      0                         0      0        0
  SINCE JAN 1      0                         0      0        0
..................................................................


WIND (MPH)
  HIGHEST WIND SPEED     9   HIGHEST WIND DIRECTION    SE (140)
  HIGHEST GUST SPEED    12   HIGHEST GUST DIRECTION    SE (140)
  AVERAGE WIND SPEED     4.4


SKY COVER
  POSSIBLE SUNSHINE  MM
  AVERAGE SKY COVER 0.9


WEATHER CONDITIONS
 THE FOLLOWING WEATHER WAS RECORDED YESTERDAY.
  FOG
  FOG W/VISIBILITY <= 1/4 MILE


RELATIVE HUMIDITY (PERCENT)
 HIGHEST    92          1200 AM
 LOWEST     76           200 PM
 AVERAGE    84

..........................................................


THE LEXINGTON KY CLIMATE NORMALS FOR TODAY
                         NORMAL    RECORD    YEAR
 MAXIMUM TEMPERATURE (F)   41        64      1975
 MINIMUM TEMPERATURE (F)   25       -11      1982


SUNRISE AND SUNSET
JANUARY 10 2018.......SUNRISE   754 AM EST   SUNSET   538 PM EST
JANUARY 11 2018.......SUNRISE   754 AM EST   SUNSET   539 PM EST


-  INDICATES NEGATIVE NUMBERS.
R  INDICATES RECORD WAS SET OR TIED.
MM INDICATES DATA IS MISSING.
T  INDICATES TRACE AMOUNT.




$$
