000
CDUS43 KLMK 100626
CLILEX


CLIMATE REPORT
NATIONAL WEATHER SERVICE LOUISVILLE KY
226 AM EDT THU APR 10 2014


...................................

...THE LEXINGTON KY CLIMATE SUMMARY FOR APRIL 9 2014...

CLIMATE NORMAL PERIOD 1981 TO 2010
CLIMATE RECORD PERIOD 1872 TO 2014


WEATHER ITEM   OBSERVED TIME   RECORD YEAR NORMAL DEPARTURE LAST
                VALUE   (LST)  VALUE       VALUE  FROM      YEAR
                                                  NORMAL
..................................................................
TEMPERATURE (F)
 YESTERDAY
  MAXIMUM         64    340 PM  84    1919  64      0       81
  MINIMUM         41    645 AM  21    1997  43     -2       60
  AVERAGE         53                        53      0       71

PRECIPITATION (IN)
  YESTERDAY        0.00          1.71 1942   0.11  -0.11     0.00
  MONTH TO DATE    1.60                      1.01   0.59     0.00
  SINCE MAR 1      4.49                      5.08  -0.59     5.35
  SINCE JAN 1     11.53                     11.48   0.05    11.33

SNOWFALL (IN)
  YESTERDAY        0.0           0.2  1916   0.0    0.0      0.0
  MONTH TO DATE    0.0                       0.2   -0.2      0.0
  SINCE MAR 1      7.5                       1.6    5.9      4.0
  SINCE JUL 1     26.8                      12.9   13.9     12.5
  SNOW DEPTH       0

DEGREE DAYS
 HEATING
  YESTERDAY       12                        12      0        0
  MONTH TO DATE   80                       121    -41      120
  SINCE MAR 1    796                       726     70      903
  SINCE JUL 1   4639                      4297    342     4411

 COOLING
  YESTERDAY        0                         0      0        6
  MONTH TO DATE    2                         0      2        7
  SINCE MAR 1      2                         2      0        7
  SINCE JAN 1      2                         2      0        7
..................................................................


WIND (MPH)
  HIGHEST WIND SPEED    14   HIGHEST WIND DIRECTION    NW (310)
  HIGHEST GUST SPEED    20   HIGHEST GUST DIRECTION     W (280)
  AVERAGE WIND SPEED     6.7


SKY COVER
  POSSIBLE SUNSHINE  MM
  AVERAGE SKY COVER 0.2


WEATHER CONDITIONS
 THE FOLLOWING WEATHER WAS RECORDED YESTERDAY.
  FOG
  HAZE


RELATIVE HUMIDITY (PERCENT)
 HIGHEST    89           400 AM
 LOWEST     30           400 PM
 AVERAGE    60

..........................................................


THE LEXINGTON KY CLIMATE NORMALS FOR TODAY
                         NORMAL    RECORD    YEAR
 MAXIMUM TEMPERATURE (F)   64        84      2013
 MINIMUM TEMPERATURE (F)   43        24      1960


SUNRISE AND SUNSET
APRIL 10 2014.........SUNRISE   710 AM EDT   SUNSET   810 PM EDT
APRIL 11 2014.........SUNRISE   709 AM EDT   SUNSET   811 PM EDT


-  INDICATES NEGATIVE NUMBERS.
R  INDICATES RECORD WAS SET OR TIED.
MM INDICATES DATA IS MISSING.
T  INDICATES TRACE AMOUNT.




$$
