000
CDUS43 KLMK 150626
CLILEX


CLIMATE REPORT
NATIONAL WEATHER SERVICE LOUISVILLE KY
226 AM EDT THU SEP 15 2016


...................................

...THE LEXINGTON KY CLIMATE SUMMARY FOR SEPTEMBER 14 2016...

CLIMATE NORMAL PERIOD 1981 TO 2010
CLIMATE RECORD PERIOD 1872 TO 2016


WEATHER ITEM   OBSERVED TIME   RECORD YEAR NORMAL DEPARTURE LAST
                VALUE   (LST)  VALUE       VALUE  FROM      YEAR
                                                  NORMAL
..................................................................
TEMPERATURE (F)
 YESTERDAY
  MAXIMUM         90    404 PM 101    1936  80     10       75
  MINIMUM         60    549 AM  41    1975  58      2       45
                                      1964
                                      1937
  AVERAGE         75                        69      6       60

PRECIPITATION (IN)
  YESTERDAY        0.00          0.65 2002   0.10  -0.10     0.00
  MONTH TO DATE    0.22                      1.37  -1.15     0.98
  SINCE SEP 1      0.22                      1.37  -1.15     0.98
  SINCE JAN 1     34.59                     33.04   1.55    44.27

SNOWFALL (IN)
  YESTERDAY        0.0          MM      MM   0.0    0.0      0.0
  MONTH TO DATE    0.0                       0.0    0.0      0.0
  SINCE SEP 1      0.0                       0.0    0.0      0.0
  SINCE JUL 1      0.0                       0.0    0.0      0.0
  SNOW DEPTH       0

DEGREE DAYS
 HEATING
  YESTERDAY        0                         1     -1        5
  MONTH TO DATE    0                         6     -6       14
  SINCE SEP 1      0                         6     -6       14
  SINCE JUL 1      0                         8     -8       14

 COOLING
  YESTERDAY       10                         5      5        0
  MONTH TO DATE  139                        93     46      142
  SINCE SEP 1    139                        93     46      142
  SINCE JAN 1   1415                      1110    305     1203
..................................................................


WIND (MPH)
  HIGHEST WIND SPEED    13   HIGHEST WIND DIRECTION    NE (60)
  HIGHEST GUST SPEED    17   HIGHEST GUST DIRECTION    NE (60)
  AVERAGE WIND SPEED     3.8


SKY COVER
  POSSIBLE SUNSHINE  MM
  AVERAGE SKY COVER 0.0


WEATHER CONDITIONS
 THE FOLLOWING WEATHER WAS RECORDED YESTERDAY.
  HAZE


RELATIVE HUMIDITY (PERCENT)
 HIGHEST    90           500 AM
 LOWEST     34           100 PM
 AVERAGE    62

..........................................................


THE LEXINGTON KY CLIMATE NORMALS FOR TODAY
                         NORMAL    RECORD    YEAR
 MAXIMUM TEMPERATURE (F)   79        97      1936
 MINIMUM TEMPERATURE (F)   58        43      1985
                                             1904
                                             1873


SUNRISE AND SUNSET
SEPTEMBER 15 2016.....SUNRISE   721 AM EDT   SUNSET   746 PM EDT
SEPTEMBER 16 2016.....SUNRISE   721 AM EDT   SUNSET   744 PM EDT


-  INDICATES NEGATIVE NUMBERS.
R  INDICATES RECORD WAS SET OR TIED.
MM INDICATES DATA IS MISSING.
T  INDICATES TRACE AMOUNT.




$$
