000
CDUS43 KLMK 140627
CLILEX


CLIMATE REPORT
NATIONAL WEATHER SERVICE LOUISVILLE KY
226 AM EDT SUN SEP 14 2014


...................................

...THE LEXINGTON KY CLIMATE SUMMARY FOR SEPTEMBER 13 2014...

CLIMATE NORMAL PERIOD 1981 TO 2010
CLIMATE RECORD PERIOD 1872 TO 2014


WEATHER ITEM   OBSERVED TIME   RECORD YEAR NORMAL DEPARTURE LAST
                VALUE   (LST)  VALUE       VALUE  FROM      YEAR
                                                  NORMAL
..................................................................
TEMPERATURE (F)
 YESTERDAY
  MAXIMUM         68    507 PM  99    1939  80    -12       71
  MINIMUM         52   1159 PM  40    1902  59     -7       52
  AVERAGE         60                        69     -9       62

PRECIPITATION (IN)
  YESTERDAY        0.01          2.57 1979   0.10  -0.09     0.00
  MONTH TO DATE    4.22                      1.27   2.95     0.14
  SINCE SEP 1      4.22                      1.27   2.95     0.14
  SINCE JAN 1     43.95                     32.94  11.01    43.78

SNOWFALL (IN)
  YESTERDAY        0.0          MM      MM   0.0    0.0      0.0
  MONTH TO DATE    0.0                       0.0    0.0      0.0
  SINCE SEP 1      0.0                       0.0    0.0      0.0
  SINCE JUL 1      0.0                       0.0    0.0      0.0
  SNOW DEPTH       0

DEGREE DAYS
 HEATING
  YESTERDAY        5                         1      4        3
  MONTH TO DATE    6                         5      1        3
  SINCE SEP 1      6                         5      1        3
  SINCE JUL 1      8                         7      1        6

 COOLING
  YESTERDAY        0                         5     -5        0
  MONTH TO DATE  121                        88     33      121
  SINCE SEP 1    121                        88     33      121
  SINCE JAN 1   1202                      1105     97     1159
..................................................................


WIND (MPH)
  HIGHEST WIND SPEED    16   HIGHEST WIND DIRECTION     N (340)
  HIGHEST GUST SPEED    21   HIGHEST GUST DIRECTION     N (350)
  AVERAGE WIND SPEED     6.9


SKY COVER
  POSSIBLE SUNSHINE  MM
  AVERAGE SKY COVER 0.8


WEATHER CONDITIONS
 THE FOLLOWING WEATHER WAS RECORDED YESTERDAY.
  LIGHT RAIN
  FOG


RELATIVE HUMIDITY (PERCENT)
 HIGHEST    90           400 AM
 LOWEST     52           400 PM
 AVERAGE    71

..........................................................


THE LEXINGTON KY CLIMATE NORMALS FOR TODAY
                         NORMAL    RECORD    YEAR
 MAXIMUM TEMPERATURE (F)   80       101      1936
 MINIMUM TEMPERATURE (F)   58        41      1975
                                             1964
                                             1937


SUNRISE AND SUNSET
SEPTEMBER 14 2014.....SUNRISE   719 AM EDT   SUNSET   748 PM EDT
SEPTEMBER 15 2014.....SUNRISE   720 AM EDT   SUNSET   746 PM EDT


-  INDICATES NEGATIVE NUMBERS.
R  INDICATES RECORD WAS SET OR TIED.
MM INDICATES DATA IS MISSING.
T  INDICATES TRACE AMOUNT.




$$
