000
CDUS43 KLMK 170631
CLILEX


CLIMATE REPORT
NATIONAL WEATHER SERVICE LOUISVILLE KY
230 AM EDT FRI OCT 17 2014


...................................

...THE LEXINGTON KY CLIMATE SUMMARY FOR OCTOBER 16 2014...

CLIMATE NORMAL PERIOD 1981 TO 2010
CLIMATE RECORD PERIOD 1872 TO 2014


WEATHER ITEM   OBSERVED TIME   RECORD YEAR NORMAL DEPARTURE LAST
                VALUE   (LST)  VALUE       VALUE  FROM      YEAR
                                                  NORMAL
..................................................................
TEMPERATURE (F)
 YESTERDAY
  MAXIMUM         61    229 PM  87    1897  68     -7       66
  MINIMUM         54   1159 PM  32    1945  46      8       57
  AVERAGE         58                        57      1       62

PRECIPITATION (IN)
  YESTERDAY        0.16          2.66 1925   0.10   0.06     0.19
  MONTH TO DATE    3.65                      1.56   2.09     4.19
  SINCE SEP 1      8.00                      4.47   3.53     5.82
  SINCE JAN 1     47.73                     36.14  11.59    49.46

SNOWFALL (IN)
  YESTERDAY        0.0           0.0    MM   0.0    0.0      0.0
  MONTH TO DATE    0.0                       0.0    0.0      0.0
  SINCE SEP 1      0.0                       0.0    0.0      0.0
  SINCE JUL 1      0.0                       0.0    0.0      0.0
  SNOW DEPTH       0

DEGREE DAYS
 HEATING
  YESTERDAY        7                         9     -2        3
  MONTH TO DATE   74                       108    -34       37
  SINCE SEP 1    102                       160    -58       54
  SINCE JUL 1    104                       162    -58       57

 COOLING
  YESTERDAY        0                         1     -1        0
  MONTH TO DATE   25                        20      5       44
  SINCE SEP 1    191                       166     25      207
  SINCE JAN 1   1272                      1183     89     1245
..................................................................


WIND (MPH)
  HIGHEST WIND SPEED    16   HIGHEST WIND DIRECTION     W (250)
  HIGHEST GUST SPEED    20   HIGHEST GUST DIRECTION     W (250)
  AVERAGE WIND SPEED     8.7


SKY COVER
  POSSIBLE SUNSHINE  MM
  AVERAGE SKY COVER 1.0


WEATHER CONDITIONS
 THE FOLLOWING WEATHER WAS RECORDED YESTERDAY.
  RAIN
  LIGHT RAIN
  FOG
  HAZE


RELATIVE HUMIDITY (PERCENT)
 HIGHEST    93           400 AM
 LOWEST     72           300 PM
 AVERAGE    83

..........................................................


THE LEXINGTON KY CLIMATE NORMALS FOR TODAY
                         NORMAL    RECORD    YEAR
 MAXIMUM TEMPERATURE (F)   67        87      1938
 MINIMUM TEMPERATURE (F)   46        29      1970
                                             1948


SUNRISE AND SUNSET
OCTOBER 17 2014.......SUNRISE   749 AM EDT   SUNSET   658 PM EDT
OCTOBER 18 2014.......SUNRISE   750 AM EDT   SUNSET   657 PM EDT


-  INDICATES NEGATIVE NUMBERS.
R  INDICATES RECORD WAS SET OR TIED.
MM INDICATES DATA IS MISSING.
T  INDICATES TRACE AMOUNT.




$$
