000
CDUS43 KLMK 230625
CLILEX


CLIMATE REPORT
NATIONAL WEATHER SERVICE LOUISVILLE KY
225 AM EDT MON MAR 23 2015


...................................

...THE LEXINGTON KY CLIMATE SUMMARY FOR MARCH 22 2015...

CLIMATE NORMAL PERIOD 1981 TO 2010
CLIMATE RECORD PERIOD 1872 TO 2015


WEATHER ITEM   OBSERVED TIME   RECORD YEAR NORMAL DEPARTURE LAST
                VALUE   (LST)  VALUE       VALUE  FROM      YEAR
                                                  NORMAL
..................................................................
TEMPERATURE (F)
 YESTERDAY
  MAXIMUM         58    139 PM  82    1907  58      0       60
  MINIMUM         39    732 AM  12    1876  37      2       39
  AVERAGE         49                        47      2       50

PRECIPITATION (IN)
  YESTERDAY        0.00          2.81 1952   0.13  -0.13     0.00
  MONTH TO DATE    7.19                      2.86   4.33     1.75
  SINCE MAR 1      7.19                      2.86   4.33     1.75
  SINCE JAN 1     12.04                      9.26   2.78     8.79

SNOWFALL (IN)
  YESTERDAY        0.0           7.4  1968   0.0    0.0      0.0
  MONTH TO DATE   17.1                       1.1   16.0      5.5
  SINCE MAR 1     17.1                       1.1   16.0      5.5
  SINCE JUL 1     40.0                      12.4   27.6     24.8
  SNOW DEPTH       0

DEGREE DAYS
 HEATING
  YESTERDAY       16                        18     -2       15
  MONTH TO DATE  474                       461     13      508
  SINCE MAR 1    474                       461     13      508
  SINCE JUL 1   4452                      4032    420     4351

 COOLING
  YESTERDAY        0                         0      0        0
  MONTH TO DATE    0                         0      0        0
  SINCE MAR 1      0                         0      0        0
  SINCE JAN 1      0                         0      0        0
..................................................................


WIND (MPH)
  HIGHEST WIND SPEED    17   HIGHEST WIND DIRECTION    NE (30)
  HIGHEST GUST SPEED    22   HIGHEST GUST DIRECTION    NE (40)
  AVERAGE WIND SPEED    11.3


SKY COVER
  POSSIBLE SUNSHINE  MM
  AVERAGE SKY COVER 0.0


WEATHER CONDITIONS
 THE FOLLOWING WEATHER WAS RECORDED YESTERDAY.
  NO SIGNIFICANT WEATHER WAS OBSERVED.


RELATIVE HUMIDITY (PERCENT)
 HIGHEST    83           300 AM
 LOWEST     28           200 PM
 AVERAGE    56

..........................................................


THE LEXINGTON KY CLIMATE NORMALS FOR TODAY
                         NORMAL    RECORD    YEAR
 MAXIMUM TEMPERATURE (F)   58        82      1907
 MINIMUM TEMPERATURE (F)   38        15      1888


SUNRISE AND SUNSET
MARCH 23 2015.........SUNRISE   738 AM EDT   SUNSET   753 PM EDT
MARCH 24 2015.........SUNRISE   736 AM EDT   SUNSET   754 PM EDT


-  INDICATES NEGATIVE NUMBERS.
R  INDICATES RECORD WAS SET OR TIED.
MM INDICATES DATA IS MISSING.
T  INDICATES TRACE AMOUNT.




$$
