000
CDUS43 KLMK 180629
CLILEX


CLIMATE REPORT
NATIONAL WEATHER SERVICE LOUISVILLE KY
229 AM EDT TUE APR 18 2017


...................................

...THE LEXINGTON KY CLIMATE SUMMARY FOR APRIL 17 2017...

CLIMATE NORMAL PERIOD 1981 TO 2010
CLIMATE RECORD PERIOD 1872 TO 2017


WEATHER ITEM   OBSERVED TIME   RECORD YEAR NORMAL DEPARTURE LAST
                VALUE   (LST)  VALUE       VALUE  FROM      YEAR
                                                  NORMAL
..................................................................
TEMPERATURE (F)
 YESTERDAY
  MAXIMUM         75    257 PM  87    1891  66      9       80
  MINIMUM         60    535 AM  17    1875  45     15       46
  AVERAGE         68                        56     12       63

PRECIPITATION (IN)
  YESTERDAY        0.01          1.45 1940   0.11  -0.10     0.00
  MONTH TO DATE    1.23                      1.91  -0.68     1.04
  SINCE MAR 1      4.51                      5.98  -1.47     3.83
  SINCE JAN 1     12.61                     12.38   0.23     9.53

SNOWFALL (IN)
  YESTERDAY        0.0           0.3  2001   0.0    0.0      0.0
  MONTH TO DATE    0.0                       0.3   -0.3       T
  SINCE MAR 1      T                         1.7   -1.7      0.7
  SINCE JUL 1      3.4                      13.0   -9.6     15.3
  SNOW DEPTH       0

DEGREE DAYS
 HEATING
  YESTERDAY        0                        10    -10        2
  MONTH TO DATE   89                       208   -119      243
  SINCE MAR 1    619                       813   -194      637
  SINCE JUL 1   3329                      4384  -1055     3608

 COOLING
  YESTERDAY        3                         1      2        0
  MONTH TO DATE   23                         8     15        0
  SINCE MAR 1     28                        10     18        3
  SINCE JAN 1     32                        10     22        3
..................................................................


WIND (MPH)
  HIGHEST WIND SPEED    14   HIGHEST WIND DIRECTION     N (360)
  HIGHEST GUST SPEED    17   HIGHEST GUST DIRECTION    NE (40)
  AVERAGE WIND SPEED     7.4


SKY COVER
  POSSIBLE SUNSHINE  MM
  AVERAGE SKY COVER 0.8


WEATHER CONDITIONS
 THE FOLLOWING WEATHER WAS RECORDED YESTERDAY.
  LIGHT RAIN
  FOG


RELATIVE HUMIDITY (PERCENT)
 HIGHEST    90           200 AM
 LOWEST     40          1100 PM
 AVERAGE    65

..........................................................


THE LEXINGTON KY CLIMATE NORMALS FOR TODAY
                         NORMAL    RECORD    YEAR
 MAXIMUM TEMPERATURE (F)   67        88      1896
 MINIMUM TEMPERATURE (F)   46        15      1875


SUNRISE AND SUNSET
APRIL 18 2017.........SUNRISE   658 AM EDT   SUNSET   817 PM EDT
APRIL 19 2017.........SUNRISE   657 AM EDT   SUNSET   818 PM EDT


-  INDICATES NEGATIVE NUMBERS.
R  INDICATES RECORD WAS SET OR TIED.
MM INDICATES DATA IS MISSING.
T  INDICATES TRACE AMOUNT.




$$
