000
CDUS43 KLMK 242127
CLILEX


CLIMATE REPORT
NATIONAL WEATHER SERVICE LOUISVILLE KY
427 PM EST SAT JAN 24 2015


...................................

...THE LEXINGTON KY CLIMATE SUMMARY FOR JANUARY 24 2015...
VALID TODAY AS OF 0400 PM LOCAL TIME.

CLIMATE NORMAL PERIOD 1981 TO 2010
CLIMATE RECORD PERIOD 1872 TO 2015


WEATHER ITEM   OBSERVED TIME   RECORD YEAR NORMAL DEPARTURE LAST
                VALUE   (LST)  VALUE       VALUE  FROM      YEAR
                                                  NORMAL
..................................................................
TEMPERATURE (F)
 TODAY
  MAXIMUM         35    250 PM  80    1943  41     -6       24
  MINIMUM         22    900 AM -21    1963  25     -3       -5
  AVERAGE         29                        33     -4       10

PRECIPITATION (IN)
  TODAY            0.09          1.66 1997   0.10  -0.01     0.00
  MONTH TO DATE    1.52                      2.46  -0.94     2.21
  SINCE DEC 1      4.82                      6.39  -1.57     7.79
  SINCE JAN 1      1.52                      2.46  -0.94     2.21

SNOWFALL (IN)
  TODAY            1.5           4.4  1948   0.2    1.3      0.0
  MONTH TO DATE    5.0                       2.9    2.1      4.5
  SINCE DEC 1      5.0                       5.4   -0.4      5.1
  SINCE JUL 1      6.6                       5.7    0.9      6.5
  SNOW DEPTH       5

DEGREE DAYS
 HEATING
  TODAY           36                        32      4       55
  MONTH TO DATE  812                       768     44      883
  SINCE DEC 1   1623                      1669    -46     1714
  SINCE JUL 1   2630                      2556     74     2641

 COOLING
  TODAY            0                         0      0        0
  MONTH TO DATE    0                         0      0        0
  SINCE DEC 1      0                         0      0        0
  SINCE JAN 1      0                         0      0        0
..................................................................


WIND (MPH)
  HIGHEST WIND SPEED    20   HIGHEST WIND DIRECTION    SW (240)
  HIGHEST GUST SPEED    24   HIGHEST GUST DIRECTION     W (250)
  AVERAGE WIND SPEED    10.2


SKY COVER
  POSSIBLE SUNSHINE  MM
  AVERAGE SKY COVER 0.8


WEATHER CONDITIONS
 THE FOLLOWING WEATHER WAS RECORDED TODAY.
  LIGHT SNOW
  FOG


RELATIVE HUMIDITY (PERCENT)
 HIGHEST   100          1200 AM
 LOWEST     78           100 PM
 AVERAGE    89

..........................................................


THE LEXINGTON KY CLIMATE NORMALS FOR TOMORROW
                         NORMAL    RECORD    YEAR
 MAXIMUM TEMPERATURE (F)   41        76      1950
 MINIMUM TEMPERATURE (F)   25        -6      1905
                                             1897
                                             1894


SUNRISE AND SUNSET
JANUARY 24 2015.......SUNRISE   749 AM EST   SUNSET   552 PM EST
JANUARY 25 2015.......SUNRISE   748 AM EST   SUNSET   553 PM EST


-  INDICATES NEGATIVE NUMBERS.
R  INDICATES RECORD WAS SET OR TIED.
MM INDICATES DATA IS MISSING.
T  INDICATES TRACE AMOUNT.




$$
