000
CDUS43 KLMK 170628
CLILEX


CLIMATE REPORT
NATIONAL WEATHER SERVICE LOUISVILLE KY
128 AM EST MON NOV 17 2014


...................................

...THE LEXINGTON KY CLIMATE SUMMARY FOR NOVEMBER 16 2014...

CLIMATE NORMAL PERIOD 1981 TO 2010
CLIMATE RECORD PERIOD 1872 TO 2014


WEATHER ITEM   OBSERVED TIME   RECORD YEAR NORMAL DEPARTURE LAST
                VALUE   (LST)  VALUE       VALUE  FROM      YEAR
                                                  NORMAL
..................................................................
TEMPERATURE (F)
 YESTERDAY
  MAXIMUM         42    248 PM  77    1971  55    -13       63
  MINIMUM         31   1216 AM  15    1940  37     -6       44
  AVERAGE         37                        46     -9       54

PRECIPITATION (IN)
  YESTERDAY        0.23          1.96 1927   0.12   0.11     0.00
  MONTH TO DATE    0.78                      1.77  -0.99     0.86
  SINCE SEP 1      9.60                      7.81   1.79     8.72
  SINCE JAN 1     49.33                     39.48   9.85    52.36

SNOWFALL (IN)
  YESTERDAY        0.0           2.0  1920   0.0    0.0      0.0
  MONTH TO DATE    0.1                       0.1    0.0      0.4
  SINCE SEP 1      0.1                       0.1    0.0      0.4
  SINCE JUL 1      0.1                       0.1    0.0      0.4
  SNOW DEPTH       0

DEGREE DAYS
 HEATING
  YESTERDAY       28                        19      9       11
  MONTH TO DATE  372                       255    117      277
  SINCE SEP 1    618                       579     39      559
  SINCE JUL 1    620                       581     39      562

 COOLING
  YESTERDAY        0                         0      0        0
  MONTH TO DATE    0                         0      0        0
  SINCE SEP 1    193                       171     22      207
  SINCE JAN 1   1274                      1188     86     1245
..................................................................


WIND (MPH)
  HIGHEST WIND SPEED    15   HIGHEST WIND DIRECTION    SW (210)
  HIGHEST GUST SPEED    20   HIGHEST GUST DIRECTION    SW (230)
  AVERAGE WIND SPEED     5.7


SKY COVER
  POSSIBLE SUNSHINE  MM
  AVERAGE SKY COVER 1.0


WEATHER CONDITIONS
 THE FOLLOWING WEATHER WAS RECORDED YESTERDAY.
  LIGHT RAIN
  FOG
  HAZE


RELATIVE HUMIDITY (PERCENT)
 HIGHEST   100           600 PM
 LOWEST     53           100 PM
 AVERAGE    77

..........................................................


THE LEXINGTON KY CLIMATE NORMALS FOR TODAY
                         NORMAL    RECORD    YEAR
 MAXIMUM TEMPERATURE (F)   55        80      1958
 MINIMUM TEMPERATURE (F)   37        12      1959


SUNRISE AND SUNSET
NOVEMBER 17 2014......SUNRISE   721 AM EST   SUNSET   525 PM EST
NOVEMBER 18 2014......SUNRISE   722 AM EST   SUNSET   524 PM EST


-  INDICATES NEGATIVE NUMBERS.
R  INDICATES RECORD WAS SET OR TIED.
MM INDICATES DATA IS MISSING.
T  INDICATES TRACE AMOUNT.




$$
