000
CDUS43 KLMK 102029
CLILEX

CLIMATE REPORT
NATIONAL WEATHER SERVICE LOUISVILLE KY
427 PM EDT THU APR 10 2014


...................................

...THE LEXINGTON KY CLIMATE SUMMARY FOR APRIL 10 2014...
VALID TODAY AS OF 0400 PM LOCAL TIME.

CLIMATE NORMAL PERIOD 1981 TO 2010
CLIMATE RECORD PERIOD 1872 TO 2014


WEATHER ITEM   OBSERVED TIME   RECORD YEAR NORMAL DEPARTURE LAST
                VALUE   (LST)  VALUE       VALUE  FROM      YEAR
                                                  NORMAL
..................................................................
TEMPERATURE (F)
 TODAY
  MAXIMUM         74    259 PM  84    2013  64     10       84
  MINIMUM         43    604 AM  24    1960  43      0       62
  AVERAGE         59                        54      5       73

PRECIPITATION (IN)
  TODAY            0.00          1.39 1919   0.12  -0.12     0.00
  MONTH TO DATE    1.60                      1.13   0.47     0.00
  SINCE MAR 1      4.49                      5.20  -0.71     5.35
  SINCE JAN 1     11.53                     11.60  -0.07    11.33

SNOWFALL (IN)
  TODAY            0.0           0.3  1918   0.0    0.0      0.0
  MONTH TO DATE    0.0                       0.2   -0.2      0.0
  SINCE MAR 1      7.5                       1.6    5.9      4.0
  SINCE JUL 1     26.8                      12.9   13.9     12.5
  SNOW DEPTH       0

DEGREE DAYS
 HEATING
  TODAY            6                        12     -6        0
  MONTH TO DATE   86                       133    -47      120
  SINCE MAR 1    802                       738     64      903
  SINCE JUL 1   4645                      4309    336     4411

 COOLING
  TODAY            0                         1     -1        8
  MONTH TO DATE    2                         1      1       15
  SINCE MAR 1      2                         3     -1       15
  SINCE JAN 1      2                         3     -1       15
..................................................................


WIND (MPH)
  HIGHEST WIND SPEED    26   HIGHEST WIND DIRECTION     S (200)
  HIGHEST GUST SPEED    36   HIGHEST GUST DIRECTION     S (190)
  AVERAGE WIND SPEED    13.4


SKY COVER
  POSSIBLE SUNSHINE  MM
  AVERAGE SKY COVER 0.0


WEATHER CONDITIONS
 THE FOLLOWING WEATHER WAS RECORDED TODAY.
  HAZE


RELATIVE HUMIDITY (PERCENT)
 HIGHEST    70           600 AM
 LOWEST     27           300 PM
 AVERAGE    49

..........................................................


THE LEXINGTON KY CLIMATE NORMALS FOR TOMORROW
                         NORMAL    RECORD    YEAR
 MAXIMUM TEMPERATURE (F)   65        85      1930
 MINIMUM TEMPERATURE (F)   43        24      1989


SUNRISE AND SUNSET
APRIL 10 2014.........SUNRISE   710 AM EDT   SUNSET   810 PM EDT
APRIL 11 2014.........SUNRISE   709 AM EDT   SUNSET   811 PM EDT


-  INDICATES NEGATIVE NUMBERS.
R  INDICATES RECORD WAS SET OR TIED.
MM INDICATES DATA IS MISSING.
T  INDICATES TRACE AMOUNT.




$$
