075
CDUS43 KLMK 200627
CLILEX


CLIMATE REPORT
NATIONAL WEATHER SERVICE LOUISVILLE KY
227 AM EDT FRI MAY 20 2016


...................................

...THE LEXINGTON KY CLIMATE SUMMARY FOR MAY 19 2016...

CLIMATE NORMAL PERIOD 1981 TO 2010
CLIMATE RECORD PERIOD 1872 TO 2016


WEATHER ITEM   OBSERVED TIME   RECORD YEAR NORMAL DEPARTURE LAST
                VALUE   (LST)  VALUE       VALUE  FROM      YEAR
                                                  NORMAL
..................................................................
TEMPERATURE (F)
 YESTERDAY
  MAXIMUM         71    502 PM  91    1944  75     -4       76
  MINIMUM         45    454 AM  32    2002  55    -10       54
  AVERAGE         58                        65     -7       65

PRECIPITATION (IN)
  YESTERDAY        0.00          1.96 1890   0.17  -0.17     0.00
  MONTH TO DATE    4.56                      3.20   1.36     0.91
  SINCE MAR 1     10.66                     10.87  -0.21    19.78
  SINCE JAN 1     16.36                     17.27  -0.91    24.63

SNOWFALL (IN)
  YESTERDAY        0.0          MM      MM   0.0    0.0      0.0
  MONTH TO DATE    0.0                       0.0    0.0      0.0
  SINCE MAR 1      0.7                       1.7   -1.0     17.1
  SINCE JUL 1     15.3                      13.0    2.3     40.0
  SNOW DEPTH       0

DEGREE DAYS
 HEATING
  YESTERDAY        7                         3      4        0
  MONTH TO DATE  120                        85     35       30
  SINCE MAR 1    776                      1003   -227      939
  SINCE JUL 1   3747                      4574   -827     4917

 COOLING
  YESTERDAY        0                         3     -3        0
  MONTH TO DATE   21                        36    -15       94
  SINCE MAR 1     49                        58     -9      106
  SINCE JAN 1     49                        58     -9      106
..................................................................


WIND (MPH)
  HIGHEST WIND SPEED    16   HIGHEST WIND DIRECTION     E (70)
  HIGHEST GUST SPEED    23   HIGHEST GUST DIRECTION     E (80)
  AVERAGE WIND SPEED     6.7


SKY COVER
  POSSIBLE SUNSHINE  MM
  AVERAGE SKY COVER 0.2


WEATHER CONDITIONS
 THE FOLLOWING WEATHER WAS RECORDED YESTERDAY.
  FOG


RELATIVE HUMIDITY (PERCENT)
 HIGHEST    96          1200 AM
 LOWEST     42           300 PM
 AVERAGE    69

..........................................................


THE LEXINGTON KY CLIMATE NORMALS FOR TODAY
                         NORMAL    RECORD    YEAR
 MAXIMUM TEMPERATURE (F)   75        91      1944
 MINIMUM TEMPERATURE (F)   55        32      1894


SUNRISE AND SUNSET
MAY 20 2016...........SUNRISE   624 AM EDT   SUNSET   847 PM EDT
MAY 21 2016...........SUNRISE   623 AM EDT   SUNSET   848 PM EDT


-  INDICATES NEGATIVE NUMBERS.
R  INDICATES RECORD WAS SET OR TIED.
MM INDICATES DATA IS MISSING.
T  INDICATES TRACE AMOUNT.




$$
