000
CDUS43 KLMK 240633
CLILEX


CLIMATE REPORT
NATIONAL WEATHER SERVICE LOUISVILLE KY
233 AM EDT MON AUG 24 2015


...................................

...THE LEXINGTON KY CLIMATE SUMMARY FOR AUGUST 23 2015...

CLIMATE NORMAL PERIOD 1981 TO 2010
CLIMATE RECORD PERIOD 1872 TO 2015


WEATHER ITEM   OBSERVED TIME   RECORD YEAR NORMAL DEPARTURE LAST
                VALUE   (LST)  VALUE       VALUE  FROM      YEAR
                                                  NORMAL
..................................................................
TEMPERATURE (F)
 YESTERDAY
  MAXIMUM         88    346 PM  97    2007  85      3       92
  MINIMUM         68    622 AM  51    1997  65      3       69
                                      1952
                                      1923
  AVERAGE         78                        75      3       81

PRECIPITATION (IN)
  YESTERDAY        0.22          2.92 1942   0.09   0.13     0.64
  MONTH TO DATE    1.73                      2.50  -0.77     9.12
  SINCE JUN 1     17.03                     11.59   5.44    17.94
  SINCE JAN 1     42.82                     30.92  11.90    39.29

SNOWFALL (IN)
  YESTERDAY        0.0          MM      MM   0.0    0.0      0.0
  MONTH TO DATE    0.0                       0.0    0.0      0.0
  SINCE JUN 1      0.0                       0.0    0.0      0.0
  SINCE JUL 1      0.0                       0.0    0.0      0.0
  SNOW DEPTH       0

DEGREE DAYS
 HEATING
  YESTERDAY        0                         0      0        0
  MONTH TO DATE    0                         0      0        0
  SINCE JUN 1     18                        11      7        2
  SINCE JUL 1      0                         0      0        2

 COOLING
  YESTERDAY       13                        10      3       16
  MONTH TO DATE  210                       247    -37      227
  SINCE JUN 1    848                       836     12      802
  SINCE JAN 1   1016                       943     73      963
..................................................................


WIND (MPH)
  HIGHEST WIND SPEED    22   HIGHEST WIND DIRECTION     W (280)
  HIGHEST GUST SPEED    29   HIGHEST GUST DIRECTION     W (280)
  AVERAGE WIND SPEED     5.8


SKY COVER
  POSSIBLE SUNSHINE  MM
  AVERAGE SKY COVER 0.3


WEATHER CONDITIONS
 THE FOLLOWING WEATHER WAS RECORDED YESTERDAY.
  THUNDERSTORM
  HEAVY RAIN
  RAIN
  LIGHT RAIN
  FOG


RELATIVE HUMIDITY (PERCENT)
 HIGHEST    84           400 AM
 LOWEST     50           300 PM
 AVERAGE    67

..........................................................


THE LEXINGTON KY CLIMATE NORMALS FOR TODAY
                         NORMAL    RECORD    YEAR
 MAXIMUM TEMPERATURE (F)   85        99      1943
                                             1936
 MINIMUM TEMPERATURE (F)   64        50      1952
                                             1942


SUNRISE AND SUNSET
AUGUST 24 2015........SUNRISE   701 AM EDT   SUNSET   820 PM EDT
AUGUST 25 2015........SUNRISE   702 AM EDT   SUNSET   818 PM EDT


-  INDICATES NEGATIVE NUMBERS.
R  INDICATES RECORD WAS SET OR TIED.
MM INDICATES DATA IS MISSING.
T  INDICATES TRACE AMOUNT.




$$
