000
CDUS43 KLMK 020716
CLILEX


CLIMATE REPORT
NATIONAL WEATHER SERVICE LOUISVILLE KY
216 AM EST TUE FEB 2 2016


...................................

...THE LEXINGTON KY CLIMATE SUMMARY FOR FEBRUARY 1 2016...

CLIMATE NORMAL PERIOD 1981 TO 2010
CLIMATE RECORD PERIOD 1872 TO 2016


WEATHER ITEM   OBSERVED TIME   RECORD YEAR NORMAL DEPARTURE LAST
                VALUE   (LST)  VALUE       VALUE  FROM      YEAR
                                                  NORMAL
..................................................................
TEMPERATURE (F)
 YESTERDAY
  MAXIMUM         59    123 AM  67    1911  42     17       49
  MINIMUM         40   1159 PM  -5    1945  26     14       33
  AVERAGE         50                        34     16       41

PRECIPITATION (IN)
  YESTERDAY        0.29          1.73 1981   0.12   0.17     0.58
  MONTH TO DATE    0.29                      0.12   0.17     0.58
  SINCE DEC 1      8.74                      7.25   1.49     5.73
  SINCE JAN 1      1.53                      3.32  -1.79     2.43

SNOWFALL (IN)
  YESTERDAY        0.0           6.1  1966   0.2   -0.2      0.0
                                      1951
  MONTH TO DATE    0.0                       0.2   -0.2      0.0
  SINCE DEC 1      9.6                       6.6    3.0      5.9
  SINCE JUL 1      9.6                       6.9    2.7      7.5
  SNOW DEPTH       0

DEGREE DAYS
 HEATING
  YESTERDAY       15                        31    -16       24
  MONTH TO DATE   15                        31    -16       24
  SINCE DEC 1   1533                      1927   -394     1879
  SINCE JUL 1   2219                      2814   -595     2886

 COOLING
  YESTERDAY        0                         0      0        0
  MONTH TO DATE    0                         0      0        0
  SINCE DEC 1      0                         0      0        0
  SINCE JAN 1      0                         0      0        0
..................................................................


WIND (MPH)
  HIGHEST WIND SPEED    16   HIGHEST WIND DIRECTION     N (350)
  HIGHEST GUST SPEED    20   HIGHEST GUST DIRECTION    NW (310)
  AVERAGE WIND SPEED     8.3


SKY COVER
  POSSIBLE SUNSHINE  MM
  AVERAGE SKY COVER 0.5


WEATHER CONDITIONS
 THE FOLLOWING WEATHER WAS RECORDED YESTERDAY.
  RAIN
  LIGHT RAIN
  FOG


RELATIVE HUMIDITY (PERCENT)
 HIGHEST    89           900 AM
 LOWEST     54           500 PM
 AVERAGE    72

..........................................................


THE LEXINGTON KY CLIMATE NORMALS FOR TODAY
                         NORMAL    RECORD    YEAR
 MAXIMUM TEMPERATURE (F)   42        67      1893
 MINIMUM TEMPERATURE (F)   26       -15      1951


SUNRISE AND SUNSET
FEBRUARY  2 2016......SUNRISE   742 AM EST   SUNSET   602 PM EST
FEBRUARY  3 2016......SUNRISE   742 AM EST   SUNSET   603 PM EST


-  INDICATES NEGATIVE NUMBERS.
R  INDICATES RECORD WAS SET OR TIED.
MM INDICATES DATA IS MISSING.
T  INDICATES TRACE AMOUNT.




$$
