000
CDUS43 KLMK 080631
CLILEX

CLIMATE REPORT
NATIONAL WEATHER SERVICE LOUISVILLE KY
229 AM EDT TUE AUG 8 2017

...................................

...THE LEXINGTON KY CLIMATE SUMMARY FOR AUGUST 7 2017...

CLIMATE NORMAL PERIOD 1981 TO 2010
CLIMATE RECORD PERIOD 1872 TO 2017


WEATHER ITEM   OBSERVED TIME   RECORD YEAR NORMAL DEPARTURE LAST
                VALUE   (LST)  VALUE       VALUE  FROM      YEAR
                                                  NORMAL
..................................................................
TEMPERATURE (F)
 YESTERDAY
  MAXIMUM         74    325 PM  97    2007  86    -12       86
                                      1941
                                      1935
  MINIMUM         64   1143 PM  50    1990  66     -2       65
  AVERAGE         69                        76     -7       76

PRECIPITATION (IN)
  YESTERDAY        0.08          2.06 1955   0.11  -0.03     0.00
  MONTH TO DATE    1.70                      0.83   0.87     3.55
  SINCE JUN 1     12.71                      9.92   2.79    13.09
  SINCE JAN 1     31.57                     29.25   2.32    31.38

SNOWFALL (IN)
  YESTERDAY        0.0          MM      MM   0.0    0.0      0.0
  MONTH TO DATE    0.0                       0.0    0.0      0.0
  SINCE JUN 1      0.0                       0.0    0.0      0.0
  SINCE JUL 1      0.0                       0.0    0.0      0.0
  SNOW DEPTH       0

DEGREE DAYS
 HEATING
  YESTERDAY        0                         0      0        0
  MONTH TO DATE    0                         0      0        0
  SINCE JUN 1      5                        11     -6        1
  SINCE JUL 1      0                         0      0        0

 COOLING
  YESTERDAY        4                        11     -7       11
  MONTH TO DATE   45                        77    -32       97
  SINCE JUN 1    674                       666      8      827
  SINCE JAN 1    871                       773     98      941
..................................................................


WIND (MPH)
  HIGHEST WIND SPEED    13   HIGHEST WIND DIRECTION     N (10)
  HIGHEST GUST SPEED    16   HIGHEST GUST DIRECTION    NE (40)
  AVERAGE WIND SPEED     5.8


SKY COVER
  POSSIBLE SUNSHINE  MM
  AVERAGE SKY COVER 0.8


WEATHER CONDITIONS
 THE FOLLOWING WEATHER WAS RECORDED YESTERDAY.
  RAIN
  LIGHT RAIN
  FOG


RELATIVE HUMIDITY (PERCENT)
 HIGHEST    93           100 AM
 LOWEST     73           300 PM
 AVERAGE    83

..........................................................


THE LEXINGTON KY CLIMATE NORMALS FOR TODAY
                         NORMAL    RECORD    YEAR
 MAXIMUM TEMPERATURE (F)   86        99      1941
                                             1930
 MINIMUM TEMPERATURE (F)   66        49      1989


SUNRISE AND SUNSET
AUGUST  8 2017........SUNRISE   648 AM EDT   SUNSET   840 PM EDT
AUGUST  9 2017........SUNRISE   648 AM EDT   SUNSET   839 PM EDT


-  INDICATES NEGATIVE NUMBERS.
R  INDICATES RECORD WAS SET OR TIED.
MM INDICATES DATA IS MISSING.
T  INDICATES TRACE AMOUNT.

$$
04
