000
CDUS43 KLMK 222130
CLILEX


CLIMATE REPORT
NATIONAL WEATHER SERVICE LOUISVILLE KY
430 PM EST SUN FEB 22 2015


...................................

...THE LEXINGTON KY CLIMATE SUMMARY FOR FEBRUARY 22 2015...
VALID TODAY AS OF 0400 PM LOCAL TIME.

CLIMATE NORMAL PERIOD 1981 TO 2010
CLIMATE RECORD PERIOD 1872 TO 2015


WEATHER ITEM   OBSERVED TIME   RECORD YEAR NORMAL DEPARTURE LAST
                VALUE   (LST)  VALUE       VALUE  FROM      YEAR
                                                  NORMAL
..................................................................
TEMPERATURE (F)
 TODAY
  MAXIMUM         37    232 PM  70    1922  48    -11       62
  MINIMUM         28    839 AM  -7    1963  30     -2       34
  AVERAGE         33                        39     -6       48

PRECIPITATION (IN)
  TODAY            0.00          1.40 1994   0.11  -0.11     0.00
  MONTH TO DATE    3.00                      2.49   0.51     4.62
  SINCE DEC 1      8.15                      9.62  -1.47    12.51
  SINCE JAN 1      4.85                      5.69  -0.84     6.93

SNOWFALL (IN)
  TODAY            0.0           1.8  2003   0.1   -0.1      0.0
  MONTH TO DATE   15.4                       3.9   11.5      8.3
  SINCE DEC 1     21.3                      10.3   11.0     17.5
  SINCE JUL 1     22.9                      10.6   12.3     18.9
  SNOW DEPTH       6

DEGREE DAYS
 HEATING
  TODAY           32                        26      6       17
  MONTH TO DATE  853                       636    217      699
  SINCE DEC 1   2708                      2532    176     2706
  SINCE JUL 1   3715                      3419    296     3633

 COOLING
  TODAY            0                         0      0        0
  MONTH TO DATE    0                         0      0        0
  SINCE DEC 1      0                         0      0        0
  SINCE JAN 1      0                         0      0        0
..................................................................


WIND (MPH)
  HIGHEST WIND SPEED    10   HIGHEST WIND DIRECTION     N (360)
  HIGHEST GUST SPEED    14   HIGHEST GUST DIRECTION    NW (330)
  AVERAGE WIND SPEED     5.2


SKY COVER
  POSSIBLE SUNSHINE  MM
  AVERAGE SKY COVER 0.7


WEATHER CONDITIONS
 THE FOLLOWING WEATHER WAS RECORDED TODAY.
  FOG
  FOG W/VISIBILITY <= 1/4 MILE


RELATIVE HUMIDITY (PERCENT)
 HIGHEST   100           100 AM
 LOWEST     64           200 PM
 AVERAGE    82

..........................................................


THE LEXINGTON KY CLIMATE NORMALS FOR TOMORROW
                         NORMAL    RECORD    YEAR
 MAXIMUM TEMPERATURE (F)   48        80      1996
 MINIMUM TEMPERATURE (F)   30         1      1873


SUNRISE AND SUNSET
FEBRUARY 22 2015......SUNRISE   720 AM EST   SUNSET   624 PM EST
FEBRUARY 23 2015......SUNRISE   719 AM EST   SUNSET   625 PM EST


-  INDICATES NEGATIVE NUMBERS.
R  INDICATES RECORD WAS SET OR TIED.
MM INDICATES DATA IS MISSING.
T  INDICATES TRACE AMOUNT.




$$
