000
CDUS43 KLMK 050626
CLILEX


CLIMATE REPORT
NATIONAL WEATHER SERVICE LOUISVILLE KY
126 AM EST SUN NOV 5 2017


...................................

...THE LEXINGTON KY CLIMATE SUMMARY FOR NOVEMBER 4 2017...

CLIMATE NORMAL PERIOD 1981 TO 2010
CLIMATE RECORD PERIOD 1872 TO 2017


WEATHER ITEM   OBSERVED TIME   RECORD YEAR NORMAL DEPARTURE LAST
                VALUE   (LST)  VALUE       VALUE  FROM      YEAR
                                                  NORMAL
..................................................................
TEMPERATURE (F)
 YESTERDAY
  MAXIMUM         69    433 PM  78    2015  61      8       64
                                      1977
  MINIMUM         53    106 AM  18    1991  41     12       42
  AVERAGE         61                        51     10       53

PRECIPITATION (IN)
  YESTERDAY        0.00          1.47 1936   0.11  -0.11     0.00
  MONTH TO DATE    0.91                      0.46   0.45     0.06
  SINCE SEP 1     10.42                      6.50   3.92     2.56
  SINCE JAN 1     45.36                     38.17   7.19    36.93

SNOWFALL (IN)
  YESTERDAY        0.0           5.0  1936   0.0    0.0      0.0
  MONTH TO DATE    0.0                       0.0    0.0      0.0
  SINCE SEP 1      T                         0.0    0.0      0.0
  SINCE JUL 1      T                         0.0    0.0      0.0
  SNOW DEPTH       0

DEGREE DAYS
 HEATING
  YESTERDAY        4                        14    -10       12
  MONTH TO DATE   22                        55    -33       12
  SINCE SEP 1    274                       379   -105      145
  SINCE JUL 1    274                       381   -107      145

 COOLING
  YESTERDAY        0                         0      0        0
  MONTH TO DATE    1                         0      1       14
  SINCE SEP 1    204                       171     33      363
  SINCE JAN 1   1285                      1188     97     1639
..................................................................


WIND (MPH)
  HIGHEST WIND SPEED    14   HIGHEST WIND DIRECTION     S (170)
  HIGHEST GUST SPEED    18   HIGHEST GUST DIRECTION     S (170)
  AVERAGE WIND SPEED     7.5


SKY COVER
  POSSIBLE SUNSHINE  MM
  AVERAGE SKY COVER 0.7


WEATHER CONDITIONS
 THE FOLLOWING WEATHER WAS RECORDED YESTERDAY.
  FOG
  FOG W/VISIBILITY <= 1/4 MILE


RELATIVE HUMIDITY (PERCENT)
 HIGHEST    93           300 AM
 LOWEST     78           400 PM
 AVERAGE    86

..........................................................


THE LEXINGTON KY CLIMATE NORMALS FOR TODAY
                         NORMAL    RECORD    YEAR
 MAXIMUM TEMPERATURE (F)   60        79      1977
 MINIMUM TEMPERATURE (F)   41        16      1991


SUNRISE AND SUNSET
NOVEMBER  5 2017......SUNRISE   709 AM EST   SUNSET   535 PM EST
NOVEMBER  6 2017......SUNRISE   710 AM EST   SUNSET   534 PM EST


-  INDICATES NEGATIVE NUMBERS.
R  INDICATES RECORD WAS SET OR TIED.
MM INDICATES DATA IS MISSING.
T  INDICATES TRACE AMOUNT.




$$
