000
CDUS43 KLMK 122130
CLILEX


CLIMATE REPORT
NATIONAL WEATHER SERVICE LOUISVILLE KY
429 PM EST FRI DEC 12 2014


...................................

...THE LEXINGTON KY CLIMATE SUMMARY FOR DECEMBER 12 2014...
VALID TODAY AS OF 0400 PM LOCAL TIME.

CLIMATE NORMAL PERIOD 1981 TO 2010
CLIMATE RECORD PERIOD 1872 TO 2014


WEATHER ITEM   OBSERVED TIME   RECORD YEAR NORMAL DEPARTURE LAST
                VALUE   (LST)  VALUE       VALUE  FROM      YEAR
                                                  NORMAL
..................................................................
TEMPERATURE (F)
 TODAY
  MAXIMUM         44    354 PM  68    1873  45     -1       31
  MINIMUM         21    815 AM  -5    1962  29     -8       13
  AVERAGE         33                        36     -3       22

PRECIPITATION (IN)
  TODAY            0.00          2.96 1949   0.13  -0.13     0.00
  MONTH TO DATE    2.61                      1.59   1.02     2.47
  SINCE DEC 1      2.61                      1.59   1.02     2.47
  SINCE JAN 1     53.52                     42.83  10.69    56.42

SNOWFALL (IN)
  TODAY            0.0           2.4  2010   0.1   -0.1      0.0
  MONTH TO DATE    T                         0.7   -0.7      0.6
  SINCE DEC 1      T                         0.7   -0.7      0.6
  SINCE JUL 1      1.6                       1.0    0.6      2.0
  SNOW DEPTH       0

DEGREE DAYS
 HEATING
  TODAY           32                        28      4       43
  MONTH TO DATE  304                       321    -17      328
  SINCE DEC 1    304                       321    -17      328
  SINCE JUL 1   1311                      1208    103     1255

 COOLING
  TODAY            0                         0      0        0
  MONTH TO DATE    0                         0      0        0
  SINCE DEC 1      0                         0      0        0
  SINCE JAN 1   1274                      1190     84     1245
..................................................................


WIND (MPH)
  HIGHEST WIND SPEED    12   HIGHEST WIND DIRECTION     W (270)
  HIGHEST GUST SPEED    14   HIGHEST GUST DIRECTION     W (270)
  AVERAGE WIND SPEED     6.4


SKY COVER
  POSSIBLE SUNSHINE  MM
  AVERAGE SKY COVER 0.0


WEATHER CONDITIONS
 THE FOLLOWING WEATHER WAS RECORDED TODAY.
  FOG
  HAZE


RELATIVE HUMIDITY (PERCENT)
 HIGHEST    96           600 AM
 LOWEST     40           400 PM
 AVERAGE    68

..........................................................


THE LEXINGTON KY CLIMATE NORMALS FOR TOMORROW
                         NORMAL    RECORD    YEAR
 MAXIMUM TEMPERATURE (F)   44        70      1927
 MINIMUM TEMPERATURE (F)   28        -6      1962


SUNRISE AND SUNSET
DECEMBER 12 2014......SUNRISE   745 AM EST   SUNSET   519 PM EST
DECEMBER 13 2014......SUNRISE   746 AM EST   SUNSET   519 PM EST


-  INDICATES NEGATIVE NUMBERS.
R  INDICATES RECORD WAS SET OR TIED.
MM INDICATES DATA IS MISSING.
T  INDICATES TRACE AMOUNT.




$$
