000
CDUS43 KLMK 220627
CLILEX


CLIMATE REPORT
NATIONAL WEATHER SERVICE LOUISVILLE KY
227 AM EDT FRI APR 22 2016


...................................

...THE LEXINGTON KY CLIMATE SUMMARY FOR APRIL 21 2016...

CLIMATE NORMAL PERIOD 1981 TO 2010
CLIMATE RECORD PERIOD 1872 TO 2016


WEATHER ITEM   OBSERVED TIME   RECORD YEAR NORMAL DEPARTURE LAST
                VALUE   (LST)  VALUE       VALUE  FROM      YEAR
                                                  NORMAL
..................................................................
TEMPERATURE (F)
 YESTERDAY
  MAXIMUM         76    245 PM  86    1963  68      8       64
  MINIMUM         58   1020 PM  26    1875  46     12       41
  AVERAGE         67                        57     10       53

PRECIPITATION (IN)
  YESTERDAY        0.19          2.50 1972   0.12   0.07     0.00
  MONTH TO DATE    1.23                      2.40  -1.17    10.57
  SINCE MAR 1      4.02                      6.47  -2.45    18.03
  SINCE JAN 1      9.72                     12.87  -3.15    22.88

SNOWFALL (IN)
  YESTERDAY        0.0           1.0  1901   0.0    0.0      0.0
  MONTH TO DATE    T                         0.3   -0.3      0.0
  SINCE MAR 1      0.7                       1.7   -1.0     17.1
  SINCE JUL 1     15.3                      13.0    2.3     40.0
  SNOW DEPTH       0

DEGREE DAYS
 HEATING
  YESTERDAY        0                         9     -9       12
  MONTH TO DATE  243                       245     -2      131
  SINCE MAR 1    637                       850   -213      780
  SINCE JUL 1   3608                      4421   -813     4758

 COOLING
  YESTERDAY        2                         1      1        0
  MONTH TO DATE   10                        12     -2       12
  SINCE MAR 1     13                        14     -1       12
  SINCE JAN 1     13                        14     -1       12
..................................................................


WIND (MPH)
  HIGHEST WIND SPEED    24   HIGHEST WIND DIRECTION     W (270)
  HIGHEST GUST SPEED    32   HIGHEST GUST DIRECTION     S (200)
  AVERAGE WIND SPEED    10.8


SKY COVER
  POSSIBLE SUNSHINE  MM
  AVERAGE SKY COVER 0.5


WEATHER CONDITIONS
 THE FOLLOWING WEATHER WAS RECORDED YESTERDAY.
  RAIN
  LIGHT RAIN
  FOG


RELATIVE HUMIDITY (PERCENT)
 HIGHEST    90           800 PM
 LOWEST     41           400 PM
 AVERAGE    66

..........................................................


THE LEXINGTON KY CLIMATE NORMALS FOR TODAY
                         NORMAL    RECORD    YEAR
 MAXIMUM TEMPERATURE (F)   68        85      1987
                                             1985
                                             1944
 MINIMUM TEMPERATURE (F)   47        26      1875


SUNRISE AND SUNSET
APRIL 22 2016.........SUNRISE   653 AM EDT   SUNSET   821 PM EDT
APRIL 23 2016.........SUNRISE   651 AM EDT   SUNSET   822 PM EDT


-  INDICATES NEGATIVE NUMBERS.
R  INDICATES RECORD WAS SET OR TIED.
MM INDICATES DATA IS MISSING.
T  INDICATES TRACE AMOUNT.




$$
