000
CDUS43 KLMK 232027
CLILEX


CLIMATE REPORT
NATIONAL WEATHER SERVICE LOUISVILLE KY
427 PM EDT MON MAY 23 2016


...................................

...THE LEXINGTON KY CLIMATE SUMMARY FOR MAY 23 2016...
VALID TODAY AS OF 0400 PM LOCAL TIME.

CLIMATE NORMAL PERIOD 1981 TO 2010
CLIMATE RECORD PERIOD 1872 TO 2016


WEATHER ITEM   OBSERVED TIME   RECORD YEAR NORMAL DEPARTURE LAST
                VALUE   (LST)  VALUE       VALUE  FROM      YEAR
                                                  NORMAL
..................................................................
TEMPERATURE (F)
 TODAY
  MAXIMUM         76    258 PM  91    1939  76      0       79
                                      1936
  MINIMUM         46    524 AM  39    1963  56    -10       49
                                      1917
  AVERAGE         61                        66     -5       64

PRECIPITATION (IN)
  TODAY            0.00          1.41 2011   0.17  -0.17     0.00
  MONTH TO DATE    5.60                      3.87   1.73     0.91
  SINCE MAR 1     11.70                     11.54   0.16    19.78
  SINCE JAN 1     17.40                     17.94  -0.54    24.63

SNOWFALL (IN)
  TODAY            0.0          MM      MM   0.0    0.0      0.0
  MONTH TO DATE    0.0                       0.0    0.0      0.0
  SINCE MAR 1      0.7                       1.7   -1.0     17.1
  SINCE JUL 1     15.3                      13.0    2.3     40.0
  SNOW DEPTH       0

DEGREE DAYS
 HEATING
  TODAY            4                         3      1        1
  MONTH TO DATE  137                        97     40       59
  SINCE MAR 1    793                      1015   -222      968
  SINCE JUL 1   3764                      4586   -822     4946

 COOLING
  TODAY            0                         4     -4        0
  MONTH TO DATE   21                        49    -28       94
  SINCE MAR 1     49                        71    -22      106
  SINCE JAN 1     49                        71    -22      106
..................................................................


WIND (MPH)
  HIGHEST WIND SPEED    13   HIGHEST WIND DIRECTION    NE (50)
  HIGHEST GUST SPEED    18   HIGHEST GUST DIRECTION    NE (50)
  AVERAGE WIND SPEED     4.6


SKY COVER
  POSSIBLE SUNSHINE  MM
  AVERAGE SKY COVER 0.0


WEATHER CONDITIONS
 THE FOLLOWING WEATHER WAS RECORDED TODAY.
  NO SIGNIFICANT WEATHER WAS OBSERVED.


RELATIVE HUMIDITY (PERCENT)
 HIGHEST    86           500 AM
 LOWEST     38          1200 PM
 AVERAGE    62

..........................................................


THE LEXINGTON KY CLIMATE NORMALS FOR TOMORROW
                         NORMAL    RECORD    YEAR
 MAXIMUM TEMPERATURE (F)   77        93      1939
 MINIMUM TEMPERATURE (F)   56        37      1925


SUNRISE AND SUNSET
MAY 23 2016...........SUNRISE   622 AM EDT   SUNSET   849 PM EDT
MAY 24 2016...........SUNRISE   621 AM EDT   SUNSET   850 PM EDT


-  INDICATES NEGATIVE NUMBERS.
R  INDICATES RECORD WAS SET OR TIED.
MM INDICATES DATA IS MISSING.
T  INDICATES TRACE AMOUNT.




$$
