000
CDUS43 KLMK 150627
CLILEX


CLIMATE REPORT
NATIONAL WEATHER SERVICE LOUISVILLE KY
227 AM EDT MON MAY 15 2017


...................................

...THE LEXINGTON KY CLIMATE SUMMARY FOR MAY 14 2017...

CLIMATE NORMAL PERIOD 1981 TO 2010
CLIMATE RECORD PERIOD 1872 TO 2017


WEATHER ITEM   OBSERVED TIME   RECORD YEAR NORMAL DEPARTURE LAST
                VALUE   (LST)  VALUE       VALUE  FROM      YEAR
                                                  NORMAL
..................................................................
TEMPERATURE (F)
 YESTERDAY
  MAXIMUM         82    357 PM  88    1962  74      8       58
  MINIMUM         54    554 AM  33    1895  53      1       45
  AVERAGE         68                        64      4       52

PRECIPITATION (IN)
  YESTERDAY        0.00          2.09 2014   0.18  -0.18     0.04
  MONTH TO DATE    3.18                      2.35   0.83     3.74
  SINCE MAR 1      8.30                     10.02  -1.72     9.84
  SINCE JAN 1     16.40                     16.42  -0.02    15.54

SNOWFALL (IN)
  YESTERDAY        0.0          MM      MM   0.0    0.0     MM
  MONTH TO DATE    0.0                       0.0    0.0      0.0
  SINCE MAR 1      T                         1.7   -1.7      0.7
  SINCE JUL 1      3.4                      13.0   -9.6     15.3
  SNOW DEPTH       0

DEGREE DAYS
 HEATING
  YESTERDAY        0                         4     -4       13
  MONTH TO DATE   89                        68     21       63
  SINCE MAR 1    751                       986   -235      719
  SINCE JUL 1   3461                      4557  -1096     3690

 COOLING
  YESTERDAY        3                         2      1        0
  MONTH TO DATE   20                        21     -1       21
  SINCE MAR 1     91                        43     48       49
  SINCE JAN 1     95                        43     52       49
..................................................................


WIND (MPH)
  HIGHEST WIND SPEED    17   HIGHEST WIND DIRECTION     W (270)
  HIGHEST GUST SPEED    23   HIGHEST GUST DIRECTION     W (260)
  AVERAGE WIND SPEED     7.3


SKY COVER
  POSSIBLE SUNSHINE  MM
  AVERAGE SKY COVER 0.0


WEATHER CONDITIONS
 THE FOLLOWING WEATHER WAS RECORDED YESTERDAY.
  NO SIGNIFICANT WEATHER WAS OBSERVED.


RELATIVE HUMIDITY (PERCENT)
 HIGHEST    83           400 AM
 LOWEST     39          1200 PM
 AVERAGE    61

..........................................................


THE LEXINGTON KY CLIMATE NORMALS FOR TODAY
                         NORMAL    RECORD    YEAR
 MAXIMUM TEMPERATURE (F)   74        89      1962
 MINIMUM TEMPERATURE (F)   54        34      1888


SUNRISE AND SUNSET
MAY 15 2017...........SUNRISE   628 AM EDT   SUNSET   842 PM EDT
MAY 16 2017...........SUNRISE   627 AM EDT   SUNSET   843 PM EDT


-  INDICATES NEGATIVE NUMBERS.
R  INDICATES RECORD WAS SET OR TIED.
MM INDICATES DATA IS MISSING.
T  INDICATES TRACE AMOUNT.




$$
