000
CDUS43 KLMK 110627
CLILEX


CLIMATE REPORT
NATIONAL WEATHER SERVICE LOUISVILLE KY
226 AM EDT MON SEP 11 2017


...................................

...THE LEXINGTON KY CLIMATE SUMMARY FOR SEPTEMBER 10 2017...

CLIMATE NORMAL PERIOD 1981 TO 2010
CLIMATE RECORD PERIOD 1872 TO 2017


WEATHER ITEM   OBSERVED TIME   RECORD YEAR NORMAL DEPARTURE LAST
                VALUE   (LST)  VALUE       VALUE  FROM      YEAR
                                                  NORMAL
..................................................................
TEMPERATURE (F)
 YESTERDAY
  MAXIMUM         75    401 PM  97    1900  81     -6       91
  MINIMUM         50    648 AM  42    1943  60    -10       67
  AVERAGE         63                        70     -7       79

PRECIPITATION (IN)
  YESTERDAY        0.00          1.65 1960   0.11  -0.11     0.22
  MONTH TO DATE    2.40                      0.96   1.44     0.22
  SINCE SEP 1      2.40                      0.96   1.44     0.22
  SINCE JAN 1     37.34                     32.63   4.71    34.59

SNOWFALL (IN)
  YESTERDAY        0.0          MM      MM   0.0    0.0      0.0
  MONTH TO DATE    0.0                       0.0    0.0      0.0
  SINCE SEP 1      0.0                       0.0    0.0      0.0
  SINCE JUL 1      0.0                       0.0    0.0      0.0
  SNOW DEPTH       0

DEGREE DAYS
 HEATING
  YESTERDAY        2                         1      1        0
  MONTH TO DATE   24                         2     22        0
  SINCE SEP 1     24                         2     22        0
  SINCE JUL 1     24                         4     20        0

 COOLING
  YESTERDAY        0                         6     -6       14
  MONTH TO DATE   13                        72    -59      111
  SINCE SEP 1     13                        72    -59      111
  SINCE JAN 1   1094                      1089      5     1387
..................................................................


WIND (MPH)
  HIGHEST WIND SPEED    18   HIGHEST WIND DIRECTION    NE (40)
  HIGHEST GUST SPEED    22   HIGHEST GUST DIRECTION     E (80)
  AVERAGE WIND SPEED    10.0


SKY COVER
  POSSIBLE SUNSHINE  MM
  AVERAGE SKY COVER 0.0


WEATHER CONDITIONS
 THE FOLLOWING WEATHER WAS RECORDED YESTERDAY.
  NO SIGNIFICANT WEATHER WAS OBSERVED.


RELATIVE HUMIDITY (PERCENT)
 HIGHEST    83           700 AM
 LOWEST     44           300 PM
 AVERAGE    64

..........................................................


THE LEXINGTON KY CLIMATE NORMALS FOR TODAY
                         NORMAL    RECORD    YEAR
 MAXIMUM TEMPERATURE (F)   81        95      1983
                                             1897
 MINIMUM TEMPERATURE (F)   59        42      1917


SUNRISE AND SUNSET
SEPTEMBER 11 2017.....SUNRISE   717 AM EDT   SUNSET   752 PM EDT
SEPTEMBER 12 2017.....SUNRISE   718 AM EDT   SUNSET   751 PM EDT


-  INDICATES NEGATIVE NUMBERS.
R  INDICATES RECORD WAS SET OR TIED.
MM INDICATES DATA IS MISSING.
T  INDICATES TRACE AMOUNT.




$$
