000
CDUS43 KLMK 232034
CLILEX


CLIMATE REPORT
NATIONAL WEATHER SERVICE LOUISVILLE KY
433 PM EDT TUE JUN 23 2015


...................................

...THE LEXINGTON KY CLIMATE SUMMARY FOR JUNE 23 2015...
VALID TODAY AS OF 0400 PM LOCAL TIME.

CLIMATE NORMAL PERIOD 1981 TO 2010
CLIMATE RECORD PERIOD 1872 TO 2015


WEATHER ITEM   OBSERVED TIME   RECORD YEAR NORMAL DEPARTURE LAST
                VALUE   (LST)  VALUE       VALUE  FROM      YEAR
                                                  NORMAL
..................................................................
TEMPERATURE (F)
 TODAY
  MAXIMUM         90    132 PM  96    1988  85      5       91
                                      1953
                                      1944
  MINIMUM         75    625 AM  45    1972  65     10       69
  AVERAGE         83                        75      8       80

PRECIPITATION (IN)
  TODAY            0.00          3.89 1960   0.13  -0.13     0.02
  MONTH TO DATE    4.24                      3.52   0.72     4.69
  SINCE JUN 1      4.24                      3.52   0.72     4.69
  SINCE JAN 1     30.03                     22.85   7.18    26.04

SNOWFALL (IN)
  TODAY            0.0          MM      MM   0.0    0.0      0.0
  MONTH TO DATE    0.0                       0.0    0.0      0.0
  SINCE JUN 1      0.0                       0.0    0.0      0.0
  SINCE JUL 1     40.0                      13.0   27.0     27.1
  SNOW DEPTH       0

DEGREE DAYS
 HEATING
  TODAY            0                         0      0        0
  MONTH TO DATE   18                         8     10        0
  SINCE JUN 1     18                         8     10        0
  SINCE JUL 1   4964                      4608    356     4855

 COOLING
  TODAY           18                        10      8       15
  MONTH TO DATE  237                       170     67      212
  SINCE JUN 1    237                       170     67      212
  SINCE JAN 1    405                       277    128      373
..................................................................


WIND (MPH)
  HIGHEST WIND SPEED    17   HIGHEST WIND DIRECTION     S (190)
  HIGHEST GUST SPEED    23   HIGHEST GUST DIRECTION     S (200)
  AVERAGE WIND SPEED    11.2


SKY COVER
  POSSIBLE SUNSHINE  MM
  AVERAGE SKY COVER 0.4


WEATHER CONDITIONS
 THE FOLLOWING WEATHER WAS RECORDED TODAY.
  THUNDERSTORM


RELATIVE HUMIDITY (PERCENT)
 HIGHEST    87           600 AM
 LOWEST     64           200 PM
 AVERAGE    76

..........................................................


THE LEXINGTON KY CLIMATE NORMALS FOR TOMORROW
                         NORMAL    RECORD    YEAR
 MAXIMUM TEMPERATURE (F)   85        97      1914
 MINIMUM TEMPERATURE (F)   65        50      1974


SUNRISE AND SUNSET
JUNE 23 2015..........SUNRISE   616 AM EDT   SUNSET   905 PM EDT
JUNE 24 2015..........SUNRISE   617 AM EDT   SUNSET   905 PM EDT


-  INDICATES NEGATIVE NUMBERS.
R  INDICATES RECORD WAS SET OR TIED.
MM INDICATES DATA IS MISSING.
T  INDICATES TRACE AMOUNT.




$$
