000
CDUS43 KLMK 190629
CLILEX


CLIMATE REPORT
NATIONAL WEATHER SERVICE LOUISVILLE KY
229 AM EDT TUE APR 19 2016


...................................

...THE LEXINGTON KY CLIMATE SUMMARY FOR APRIL 18 2016...

CLIMATE NORMAL PERIOD 1981 TO 2010
CLIMATE RECORD PERIOD 1872 TO 2016


WEATHER ITEM   OBSERVED TIME   RECORD YEAR NORMAL DEPARTURE LAST
                VALUE   (LST)  VALUE       VALUE  FROM      YEAR
                                                  NORMAL
..................................................................
TEMPERATURE (F)
 YESTERDAY
  MAXIMUM         84    538 PM  88    1896  67     17       77
  MINIMUM         48    547 AM  15    1875  46      2       52
  AVERAGE         66                        56     10       65

PRECIPITATION (IN)
  YESTERDAY        0.00          1.48 1969   0.12  -0.12     0.00
  MONTH TO DATE    1.04                      2.03  -0.99    10.09
  SINCE MAR 1      3.83                      6.10  -2.27    17.55
  SINCE JAN 1      9.53                     12.50  -2.97    22.40

SNOWFALL (IN)
  YESTERDAY        0.0           0.2  1910   0.0    0.0      0.0
  MONTH TO DATE    T                         0.3   -0.3      0.0
  SINCE MAR 1      0.7                       1.7   -1.0     17.1
  SINCE JUL 1     15.3                      13.0    2.3     40.0
  SNOW DEPTH       0

DEGREE DAYS
 HEATING
  YESTERDAY        0                        10    -10        0
  MONTH TO DATE  243                       218     25      110
  SINCE MAR 1    637                       823   -186      759
  SINCE JUL 1   3608                      4394   -786     4737

 COOLING
  YESTERDAY        1                         1      0        0
  MONTH TO DATE    1                         9     -8       12
  SINCE MAR 1      4                        11     -7       12
  SINCE JAN 1      4                        11     -7       12
..................................................................


WIND (MPH)
  HIGHEST WIND SPEED     9   HIGHEST WIND DIRECTION    SW (220)
  HIGHEST GUST SPEED    10   HIGHEST GUST DIRECTION    SW (230)
  AVERAGE WIND SPEED     1.7


SKY COVER
  POSSIBLE SUNSHINE  MM
  AVERAGE SKY COVER 0.0


WEATHER CONDITIONS
 THE FOLLOWING WEATHER WAS RECORDED YESTERDAY.
  NO SIGNIFICANT WEATHER WAS OBSERVED.


RELATIVE HUMIDITY (PERCENT)
 HIGHEST    74           500 AM
 LOWEST     19           700 PM
 AVERAGE    47

..........................................................


THE LEXINGTON KY CLIMATE NORMALS FOR TODAY
                         NORMAL    RECORD    YEAR
 MAXIMUM TEMPERATURE (F)   67        86      1941
 MINIMUM TEMPERATURE (F)   46        25      1983


SUNRISE AND SUNSET
APRIL 19 2016.........SUNRISE   657 AM EDT   SUNSET   819 PM EDT
APRIL 20 2016.........SUNRISE   655 AM EDT   SUNSET   820 PM EDT


-  INDICATES NEGATIVE NUMBERS.
R  INDICATES RECORD WAS SET OR TIED.
MM INDICATES DATA IS MISSING.
T  INDICATES TRACE AMOUNT.




$$
