000
CDUS43 KLMK 160628
CLILEX


CLIMATE REPORT
NATIONAL WEATHER SERVICE LOUISVILLE KY
127 AM EST TUE DEC 16 2014


...................................

...THE LEXINGTON KY CLIMATE SUMMARY FOR DECEMBER 15 2014...

CLIMATE NORMAL PERIOD 1981 TO 2010
CLIMATE RECORD PERIOD 1872 TO 2014


WEATHER ITEM   OBSERVED TIME   RECORD YEAR NORMAL DEPARTURE LAST
                VALUE   (LST)  VALUE       VALUE  FROM      YEAR
                                                  NORMAL
..................................................................
TEMPERATURE (F)
 YESTERDAY
  MAXIMUM         52   1155 PM  72    1984  44      8       35
  MINIMUM         40    942 AM  -8    1901  28     12       29
  AVERAGE         46                        36     10       32

PRECIPITATION (IN)
  YESTERDAY        T             1.91 1982   0.12  -0.12      T
  MONTH TO DATE    2.61                      1.97   0.64     2.94
  SINCE DEC 1      2.61                      1.97   0.64     2.94
  SINCE JAN 1     53.52                     43.21  10.31    56.89

SNOWFALL (IN)
  YESTERDAY        0.0           6.5  1905   0.1   -0.1      0.0
  MONTH TO DATE    T                         0.9   -0.9      0.6
  SINCE DEC 1      T                         0.9   -0.9      0.6
  SINCE JUL 1      1.6                       1.2    0.4      2.0
  SNOW DEPTH       0

DEGREE DAYS
 HEATING
  YESTERDAY       19                        29    -10       33
  MONTH TO DATE  370                       408    -38      417
  SINCE DEC 1    370                       408    -38      417
  SINCE JUL 1   1377                      1295     82     1344

 COOLING
  YESTERDAY        0                         0      0        0
  MONTH TO DATE    0                         0      0        0
  SINCE DEC 1      0                         0      0        0
  SINCE JAN 1   1274                      1190     84     1245
..................................................................


WIND (MPH)
  HIGHEST WIND SPEED    17   HIGHEST WIND DIRECTION     S (160)
  HIGHEST GUST SPEED    23   HIGHEST GUST DIRECTION     S (160)
  AVERAGE WIND SPEED     9.7


SKY COVER
  POSSIBLE SUNSHINE  MM
  AVERAGE SKY COVER 0.9


WEATHER CONDITIONS
 THE FOLLOWING WEATHER WAS RECORDED YESTERDAY.
  NO SIGNIFICANT WEATHER WAS OBSERVED.


RELATIVE HUMIDITY (PERCENT)
 HIGHEST    79           600 AM
 LOWEST     56           400 PM
 AVERAGE    68

..........................................................


THE LEXINGTON KY CLIMATE NORMALS FOR TODAY
                         NORMAL    RECORD    YEAR
 MAXIMUM TEMPERATURE (F)   43        70      1984
 MINIMUM TEMPERATURE (F)   28        -6      1989


SUNRISE AND SUNSET
DECEMBER 16 2014......SUNRISE   748 AM EST   SUNSET   520 PM EST
DECEMBER 17 2014......SUNRISE   749 AM EST   SUNSET   521 PM EST


-  INDICATES NEGATIVE NUMBERS.
R  INDICATES RECORD WAS SET OR TIED.
MM INDICATES DATA IS MISSING.
T  INDICATES TRACE AMOUNT.




$$
