000
CDUS43 KLMK 130635
CLILEX


CLIMATE REPORT
NATIONAL WEATHER SERVICE LOUISVILLE KY
235 AM EDT FRI MAY 13 2016


...................................

...THE LEXINGTON KY CLIMATE SUMMARY FOR MAY 12 2016...

CLIMATE NORMAL PERIOD 1981 TO 2010
CLIMATE RECORD PERIOD 1872 TO 2016


WEATHER ITEM   OBSERVED TIME   RECORD YEAR NORMAL DEPARTURE LAST
                VALUE   (LST)  VALUE       VALUE  FROM      YEAR
                                                  NORMAL
..................................................................
TEMPERATURE (F)
 YESTERDAY
  MAXIMUM         80    225 PM  90    1944  73      7       71
  MINIMUM         60   1159 PM  36    1938  53      7       54
                                      1917
  AVERAGE         70                        63      7       63

PRECIPITATION (IN)
  YESTERDAY        0.55          1.38 1899   0.17   0.38     0.00
  MONTH TO DATE    3.70                      1.99   1.71     0.22
  SINCE MAR 1      9.80                      9.66   0.14    19.09
  SINCE JAN 1     15.50                     16.06  -0.56    23.94

SNOWFALL (IN)
  YESTERDAY        0.0          MM      MM   0.0    0.0      0.0
  MONTH TO DATE    0.0                       0.0    0.0      0.0
  SINCE MAR 1      0.7                       1.7   -1.0     17.1
  SINCE JUL 1     15.3                      13.0    2.3     40.0
  SNOW DEPTH       0

DEGREE DAYS
 HEATING
  YESTERDAY        0                         4     -4        2
  MONTH TO DATE   46                        60    -14       20
  SINCE MAR 1    702                       978   -276      929
  SINCE JUL 1   3673                      4549   -876     4907

 COOLING
  YESTERDAY        5                         2      3        0
  MONTH TO DATE   21                        17      4       63
  SINCE MAR 1     49                        39     10       75
  SINCE JAN 1     49                        39     10       75
..................................................................


WIND (MPH)
  HIGHEST WIND SPEED    16   HIGHEST WIND DIRECTION     S (200)
  HIGHEST GUST SPEED    21   HIGHEST GUST DIRECTION    NW (330)
  AVERAGE WIND SPEED     6.6


SKY COVER
  POSSIBLE SUNSHINE  MM
  AVERAGE SKY COVER 0.6


WEATHER CONDITIONS
 THE FOLLOWING WEATHER WAS RECORDED YESTERDAY.
  THUNDERSTORM
  HEAVY RAIN
  RAIN
  LIGHT RAIN
  FOG


RELATIVE HUMIDITY (PERCENT)
 HIGHEST    93          1200 AM
 LOWEST     54           200 PM
 AVERAGE    74

..........................................................


THE LEXINGTON KY CLIMATE NORMALS FOR TODAY
                         NORMAL    RECORD    YEAR
 MAXIMUM TEMPERATURE (F)   74        89      1957
                                             1956
 MINIMUM TEMPERATURE (F)   53        37      1996
                                             1941
                                             1938


SUNRISE AND SUNSET
MAY 13 2016...........SUNRISE   629 AM EDT   SUNSET   841 PM EDT
MAY 14 2016...........SUNRISE   628 AM EDT   SUNSET   842 PM EDT


-  INDICATES NEGATIVE NUMBERS.
R  INDICATES RECORD WAS SET OR TIED.
MM INDICATES DATA IS MISSING.
T  INDICATES TRACE AMOUNT.




$$
