000
CDUS43 KLMK 210627
CLILEX


CLIMATE REPORT
NATIONAL WEATHER SERVICE LOUISVILLE KY
227 AM EDT SUN MAY 21 2017


...................................

...THE LEXINGTON KY CLIMATE SUMMARY FOR MAY 20 2017...

CLIMATE NORMAL PERIOD 1981 TO 2010
CLIMATE RECORD PERIOD 1872 TO 2017


WEATHER ITEM   OBSERVED TIME   RECORD YEAR NORMAL DEPARTURE LAST
                VALUE   (LST)  VALUE       VALUE  FROM      YEAR
                                                  NORMAL
..................................................................
TEMPERATURE (F)
 YESTERDAY
  MAXIMUM         88    438 PM  91    1944  75     13       66
  MINIMUM         66   1147 PM  32    1894  55     11       54
  AVERAGE         77                        65     12       60

PRECIPITATION (IN)
  YESTERDAY        0.41          2.49 1935   0.17   0.24     0.99
  MONTH TO DATE    3.65                      3.37   0.28     5.55
  SINCE MAR 1      8.77                     11.04  -2.27    11.65
  SINCE JAN 1     16.87                     17.44  -0.57    17.35

SNOWFALL (IN)
  YESTERDAY        0.0           6.0  1894   0.0    0.0      0.0
  MONTH TO DATE    0.0                       0.0    0.0      0.0
  SINCE MAR 1      T                         1.7   -1.7      0.7
  SINCE JUL 1      3.4                      13.0   -9.6     15.3
  SNOW DEPTH       0

DEGREE DAYS
 HEATING
  YESTERDAY        0                         3     -3        5
  MONTH TO DATE   89                        88      1      125
  SINCE MAR 1    751                      1006   -255      781
  SINCE JUL 1   3461                      4577  -1116     3752

 COOLING
  YESTERDAY       12                         3      9        0
  MONTH TO DATE   81                        39     42       21
  SINCE MAR 1    152                        61     91       49
  SINCE JAN 1    156                        61     95       49
..................................................................


WIND (MPH)
  HIGHEST WIND SPEED    29   HIGHEST WIND DIRECTION     W (260)
  HIGHEST GUST SPEED    36   HIGHEST GUST DIRECTION     W (270)
  AVERAGE WIND SPEED    10.0


SKY COVER
  POSSIBLE SUNSHINE  MM
  AVERAGE SKY COVER 0.3


WEATHER CONDITIONS
 THE FOLLOWING WEATHER WAS RECORDED YESTERDAY.
  THUNDERSTORM
  HEAVY RAIN
  RAIN
  LIGHT RAIN
  FOG


RELATIVE HUMIDITY (PERCENT)
 HIGHEST    93           600 AM
 LOWEST     46           300 PM
 AVERAGE    70

..........................................................


THE LEXINGTON KY CLIMATE NORMALS FOR TODAY
                         NORMAL    RECORD    YEAR
 MAXIMUM TEMPERATURE (F)   76        92      1941
 MINIMUM TEMPERATURE (F)   55        37      2002


SUNRISE AND SUNSET
MAY 21 2017...........SUNRISE   623 AM EDT   SUNSET   847 PM EDT
MAY 22 2017...........SUNRISE   622 AM EDT   SUNSET   848 PM EDT


-  INDICATES NEGATIVE NUMBERS.
R  INDICATES RECORD WAS SET OR TIED.
MM INDICATES DATA IS MISSING.
T  INDICATES TRACE AMOUNT.




$$
