000
CDUS43 KLMK 210630
CLILEX


CLIMATE REPORT
NATIONAL WEATHER SERVICE LOUISVILLE KY
230 AM EDT THU MAY 21 2015


...................................

...THE LEXINGTON KY CLIMATE SUMMARY FOR MAY 20 2015...

CLIMATE NORMAL PERIOD 1981 TO 2010
CLIMATE RECORD PERIOD 1872 TO 2015


WEATHER ITEM   OBSERVED TIME   RECORD YEAR NORMAL DEPARTURE LAST
                VALUE   (LST)  VALUE       VALUE  FROM      YEAR
                                                  NORMAL
..................................................................
TEMPERATURE (F)
 YESTERDAY
  MAXIMUM         70    341 PM  91    1944  75     -5       82
  MINIMUM         46    539 AM  32    1894  55     -9       58
  AVERAGE         58                        65     -7       70

PRECIPITATION (IN)
  YESTERDAY        T             2.49 1935   0.17  -0.17     0.00
  MONTH TO DATE    0.91                      3.37  -2.46     3.35
  SINCE MAR 1     19.78                     11.04   8.74    12.23
  SINCE JAN 1     24.63                     17.44   7.19    19.27

SNOWFALL (IN)
  YESTERDAY        0.0           6.0  1894   0.0    0.0      0.0
  MONTH TO DATE    0.0                       0.0    0.0      0.0
  SINCE MAR 1     17.1                       1.7   15.4      7.8
  SINCE JUL 1     40.0                      13.0   27.0     27.1
  SNOW DEPTH       0

DEGREE DAYS
 HEATING
  YESTERDAY        7                         3      4        0
  MONTH TO DATE   37                        88    -51       90
  SINCE MAR 1    946                      1006    -60     1012
  SINCE JUL 1   4924                      4577    347     4855

 COOLING
  YESTERDAY        0                         3     -3        5
  MONTH TO DATE   94                        39     55       66
  SINCE MAR 1    106                        61     45       81
  SINCE JAN 1    106                        61     45       81
..................................................................


WIND (MPH)
  HIGHEST WIND SPEED    14   HIGHEST WIND DIRECTION    NE (40)
  HIGHEST GUST SPEED    18   HIGHEST GUST DIRECTION    NE (40)
  AVERAGE WIND SPEED     8.1


SKY COVER
  POSSIBLE SUNSHINE  MM
  AVERAGE SKY COVER 0.3


WEATHER CONDITIONS
 THE FOLLOWING WEATHER WAS RECORDED YESTERDAY.
  LIGHT RAIN


RELATIVE HUMIDITY (PERCENT)
 HIGHEST    93           500 AM
 LOWEST     53           200 PM
 AVERAGE    73

..........................................................


THE LEXINGTON KY CLIMATE NORMALS FOR TODAY
                         NORMAL    RECORD    YEAR
 MAXIMUM TEMPERATURE (F)   76        92      1941
 MINIMUM TEMPERATURE (F)   55        37      2002


SUNRISE AND SUNSET
MAY 21 2015...........SUNRISE   624 AM EDT   SUNSET   847 PM EDT
MAY 22 2015...........SUNRISE   623 AM EDT   SUNSET   848 PM EDT


-  INDICATES NEGATIVE NUMBERS.
R  INDICATES RECORD WAS SET OR TIED.
MM INDICATES DATA IS MISSING.
T  INDICATES TRACE AMOUNT.




$$
