869
CDUS43 KLMK 180626
CLILEX


CLIMATE REPORT
NATIONAL WEATHER SERVICE LOUISVILLE KY
126 AM EST SAT FEB 18 2017


...................................

...THE LEXINGTON KY CLIMATE SUMMARY FOR FEBRUARY 17 2017...

CLIMATE NORMAL PERIOD 1981 TO 2010
CLIMATE RECORD PERIOD 1872 TO 2017


WEATHER ITEM   OBSERVED TIME   RECORD YEAR NORMAL DEPARTURE LAST
                VALUE   (LST)  VALUE       VALUE  FROM      YEAR
                                                  NORMAL
..................................................................
TEMPERATURE (F)
 YESTERDAY
  MAXIMUM         67    404 PM  72    1927  46     21       35
  MINIMUM         41   1217 AM  -6    1958  29     12       31
  AVERAGE         54                        37     17       33

PRECIPITATION (IN)
  YESTERDAY        0.00          2.91 1976   0.11  -0.11      T
  MONTH TO DATE    1.36                      1.92  -0.56     2.81
  SINCE DEC 1     12.25                      9.05   3.20    11.26
  SINCE JAN 1      6.07                      5.12   0.95     4.05

SNOWFALL (IN)
  YESTERDAY        0.0           2.5  1903   0.2   -0.2      0.0
  MONTH TO DATE    T                         3.2   -3.2      5.0
  SINCE DEC 1      3.4                       9.6   -6.2     14.6
  SINCE JUL 1      3.4                       9.9   -6.5     14.6
  SNOW DEPTH       0

DEGREE DAYS
 HEATING
  YESTERDAY       11                        28    -17       32
  MONTH TO DATE  386                       502   -116      548
  SINCE DEC 1   2004                      2398   -394     2066
  SINCE JUL 1   2590                      3285   -695     2752

 COOLING
  YESTERDAY        0                         0      0        0
  MONTH TO DATE    0                         0      0        0
  SINCE DEC 1      0                         0      0        0
  SINCE JAN 1      0                         0      0        0
..................................................................


WIND (MPH)
  HIGHEST WIND SPEED    22   HIGHEST WIND DIRECTION    SW (210)
  HIGHEST GUST SPEED    26   HIGHEST GUST DIRECTION    SW (220)
  AVERAGE WIND SPEED    11.5


SKY COVER
  POSSIBLE SUNSHINE  MM
  AVERAGE SKY COVER 0.0


WEATHER CONDITIONS
 THE FOLLOWING WEATHER WAS RECORDED YESTERDAY.
  NO SIGNIFICANT WEATHER WAS OBSERVED.


RELATIVE HUMIDITY (PERCENT)
 HIGHEST    53           700 AM
 LOWEST     26           400 PM
 AVERAGE    40

..........................................................


THE LEXINGTON KY CLIMATE NORMALS FOR TODAY
                         NORMAL    RECORD    YEAR
 MAXIMUM TEMPERATURE (F)   46        70      1948
 MINIMUM TEMPERATURE (F)   29        -6      1936


SUNRISE AND SUNSET
FEBRUARY 18 2017......SUNRISE   724 AM EST   SUNSET   621 PM EST
FEBRUARY 19 2017......SUNRISE   723 AM EST   SUNSET   622 PM EST


-  INDICATES NEGATIVE NUMBERS.
R  INDICATES RECORD WAS SET OR TIED.
MM INDICATES DATA IS MISSING.
T  INDICATES TRACE AMOUNT.




$$
