000
CDUS43 KLMK 230921
CLILEX

CLIMATE REPORT
NATIONAL WEATHER SERVICE LOUISVILLE KY
419 AM EST TUE DEC 23 2014

...................................

...THE LEXINGTON KY CLIMATE SUMMARY FOR DECEMBER 22 2014...

CLIMATE NORMAL PERIOD 1981 TO 2010
CLIMATE RECORD PERIOD 1872 TO 2014


WEATHER ITEM   OBSERVED TIME   RECORD YEAR NORMAL DEPARTURE LAST
                VALUE   (LST)  VALUE       VALUE  FROM      YEAR
                                                  NORMAL
..................................................................
TEMPERATURE (F)
 YESTERDAY
  MAXIMUM         55    315 PM  64    1941  42     13       60
  MINIMUM         34   1213 AM -19    1989  27      7       42
  AVERAGE         45                        34     11       51

PRECIPITATION (IN)
  YESTERDAY        T             2.08 1921   0.13  -0.13     0.57
  MONTH TO DATE    2.65                      2.84  -0.19     4.93
  SINCE DEC 1      2.65                      2.84  -0.19     4.93
  SINCE JAN 1     53.56                     44.08   9.48    58.88

SNOWFALL (IN)
  YESTERDAY        0.0           4.2  1916   0.1   -0.1      0.0
  MONTH TO DATE    T                         1.5   -1.5      0.6
  SINCE DEC 1      T                         1.5   -1.5      0.6
  SINCE JUL 1      1.6                       1.8   -0.2      2.0
  SNOW DEPTH       0

DEGREE DAYS
 HEATING
  YESTERDAY       20                        31    -11       14
  MONTH TO DATE  583                       618    -35      546
  SINCE DEC 1    583                       618    -35      546
  SINCE JUL 1   1590                      1505     85     1473

 COOLING
  YESTERDAY        0                         0      0        0
  MONTH TO DATE    0                         0      0        0
  SINCE DEC 1      0                         0      0        0
  SINCE JAN 1   1274                      1190     84     1245
..................................................................


WIND (MPH)
  HIGHEST WIND SPEED    18   HIGHEST WIND DIRECTION     S (160)
  HIGHEST GUST SPEED    23   HIGHEST GUST DIRECTION    SE (150)
  AVERAGE WIND SPEED     9.2


SKY COVER
  POSSIBLE SUNSHINE  MM
  AVERAGE SKY COVER 0.8


WEATHER CONDITIONS
 THE FOLLOWING WEATHER WAS RECORDED YESTERDAY.
  RAIN
  FOG


RELATIVE HUMIDITY (PERCENT)
 HIGHEST    77          1000 PM
 LOWEST     56          1100 AM
 AVERAGE    67

..........................................................


THE LEXINGTON KY CLIMATE NORMALS FOR TODAY
                         NORMAL    RECORD    YEAR
 MAXIMUM TEMPERATURE (F)   42        68      1970
 MINIMUM TEMPERATURE (F)   26       -11      1989


SUNRISE AND SUNSET
DECEMBER 23 2014......SUNRISE   752 AM EST   SUNSET   523 PM EST
DECEMBER 24 2014......SUNRISE   752 AM EST   SUNSET   524 PM EST


-  INDICATES NEGATIVE NUMBERS.
R  INDICATES RECORD WAS SET OR TIED.
MM INDICATES DATA IS MISSING.
T  INDICATES TRACE AMOUNT.

$$
04
