000
CDUS43 KLMK 200632
CLILEX


CLIMATE REPORT
NATIONAL WEATHER SERVICE LOUISVILLE KY
232 AM EDT WED APR 20 2016


...................................

...THE LEXINGTON KY CLIMATE SUMMARY FOR APRIL 19 2016...

CLIMATE NORMAL PERIOD 1981 TO 2010
CLIMATE RECORD PERIOD 1872 TO 2016


WEATHER ITEM   OBSERVED TIME   RECORD YEAR NORMAL DEPARTURE LAST
                VALUE   (LST)  VALUE       VALUE  FROM      YEAR
                                                  NORMAL
..................................................................
TEMPERATURE (F)
 YESTERDAY
  MAXIMUM         83    315 PM  86    1941  67     16       71
  MINIMUM         50    643 AM  25    1983  46      4       59
  AVERAGE         67                        56     11       65

PRECIPITATION (IN)
  YESTERDAY        0.00          2.06 1901   0.12  -0.12     0.39
  MONTH TO DATE    1.04                      2.15  -1.11    10.48
  SINCE MAR 1      3.83                      6.22  -2.39    17.94
  SINCE JAN 1      9.53                     12.62  -3.09    22.79

SNOWFALL (IN)
  YESTERDAY        0.0           2.0  1901   0.0    0.0      0.0
  MONTH TO DATE    T                         0.3   -0.3      0.0
  SINCE MAR 1      0.7                       1.7   -1.0     17.1
  SINCE JUL 1     15.3                      13.0    2.3     40.0
  SNOW DEPTH       0

DEGREE DAYS
 HEATING
  YESTERDAY        0                         9     -9        0
  MONTH TO DATE  243                       227     16      110
  SINCE MAR 1    637                       832   -195      759
  SINCE JUL 1   3608                      4403   -795     4737

 COOLING
  YESTERDAY        2                         1      1        0
  MONTH TO DATE    3                        10     -7       12
  SINCE MAR 1      6                        12     -6       12
  SINCE JAN 1      6                        12     -6       12
..................................................................


WIND (MPH)
  HIGHEST WIND SPEED    10   HIGHEST WIND DIRECTION    NW (320)
  HIGHEST GUST SPEED    13   HIGHEST GUST DIRECTION     W (260)
  AVERAGE WIND SPEED     2.7


SKY COVER
  POSSIBLE SUNSHINE  MM
  AVERAGE SKY COVER 0.0


WEATHER CONDITIONS
 THE FOLLOWING WEATHER WAS RECORDED YESTERDAY.
  NO SIGNIFICANT WEATHER WAS OBSERVED.


RELATIVE HUMIDITY (PERCENT)
 HIGHEST    77           700 AM
 LOWEST     23           500 PM
 AVERAGE    50

..........................................................


THE LEXINGTON KY CLIMATE NORMALS FOR TODAY
                         NORMAL    RECORD    YEAR
 MAXIMUM TEMPERATURE (F)   67        85      1957
                                             1915
                                             1896
 MINIMUM TEMPERATURE (F)   46        25      1983


SUNRISE AND SUNSET
APRIL 20 2016.........SUNRISE   655 AM EDT   SUNSET   820 PM EDT
APRIL 21 2016.........SUNRISE   654 AM EDT   SUNSET   820 PM EDT


-  INDICATES NEGATIVE NUMBERS.
R  INDICATES RECORD WAS SET OR TIED.
MM INDICATES DATA IS MISSING.
T  INDICATES TRACE AMOUNT.




$$
