000
CDUS43 KLMK 110627
CLILEX


CLIMATE REPORT
NATIONAL WEATHER SERVICE LOUISVILLE KY
126 AM EST SAT NOV 11 2017


...................................

...THE LEXINGTON KY CLIMATE SUMMARY FOR NOVEMBER 10 2017...

CLIMATE NORMAL PERIOD 1981 TO 2010
CLIMATE RECORD PERIOD 1872 TO 2017


WEATHER ITEM   OBSERVED TIME   RECORD YEAR NORMAL DEPARTURE LAST
                VALUE   (LST)  VALUE       VALUE  FROM      YEAR
                                                  NORMAL
..................................................................
TEMPERATURE (F)
 YESTERDAY
  MAXIMUM         42   1220 AM  76    2002  58    -16       62
  MINIMUM         27   1109 PM  18    1933  39    -12       30
  AVERAGE         35                        49    -14       46

PRECIPITATION (IN)
  YESTERDAY        0.00          2.49 2002   0.11  -0.11     0.00
  MONTH TO DATE    1.49                      1.10   0.39     0.28
  SINCE SEP 1     11.00                      7.14   3.86     2.78
  SINCE JAN 1     45.94                     38.81   7.13    37.15

SNOWFALL (IN)
  YESTERDAY        0.0           1.0  1987   0.0    0.0      0.0
  MONTH TO DATE    0.0                       0.0    0.0      0.0
  SINCE SEP 1      T                         0.0    0.0      0.0
  SINCE JUL 1      T                         0.0    0.0      0.0
  SNOW DEPTH       0

DEGREE DAYS
 HEATING
  YESTERDAY       30                        16     14       19
  MONTH TO DATE  113                       148    -35       93
  SINCE SEP 1    365                       472   -107      226
  SINCE JUL 1    365                       474   -109      226

 COOLING
  YESTERDAY        0                         0      0        0
  MONTH TO DATE    6                         0      6       14
  SINCE SEP 1    209                       171     38      363
  SINCE JAN 1   1290                      1188    102     1639
..................................................................


WIND (MPH)
  HIGHEST WIND SPEED    20   HIGHEST WIND DIRECTION    NE (40)
  HIGHEST GUST SPEED    25   HIGHEST GUST DIRECTION    NE (30)
  AVERAGE WIND SPEED    10.6


SKY COVER
  POSSIBLE SUNSHINE  MM
  AVERAGE SKY COVER 0.0


WEATHER CONDITIONS
 THE FOLLOWING WEATHER WAS RECORDED YESTERDAY.
  NO SIGNIFICANT WEATHER WAS OBSERVED.


RELATIVE HUMIDITY (PERCENT)
 HIGHEST    82           300 AM
 LOWEST     40           200 PM
 AVERAGE    61

..........................................................


THE LEXINGTON KY CLIMATE NORMALS FOR TODAY
                         NORMAL    RECORD    YEAR
 MAXIMUM TEMPERATURE (F)   58        75      1949
                                             1902
 MINIMUM TEMPERATURE (F)   39        19      1913


SUNRISE AND SUNSET
NOVEMBER 11 2017......SUNRISE   715 AM EST   SUNSET   529 PM EST
NOVEMBER 12 2017......SUNRISE   716 AM EST   SUNSET   529 PM EST


-  INDICATES NEGATIVE NUMBERS.
R  INDICATES RECORD WAS SET OR TIED.
MM INDICATES DATA IS MISSING.
T  INDICATES TRACE AMOUNT.




$$
