000
CDUS43 KLMK 180629
CLILEX


CLIMATE REPORT
NATIONAL WEATHER SERVICE LOUISVILLE KY
228 AM EDT MON SEP 18 2017


...................................

...THE LEXINGTON KY CLIMATE SUMMARY FOR SEPTEMBER 17 2017...

CLIMATE NORMAL PERIOD 1981 TO 2010
CLIMATE RECORD PERIOD 1872 TO 2017


WEATHER ITEM   OBSERVED TIME   RECORD YEAR NORMAL DEPARTURE LAST
                VALUE   (LST)  VALUE       VALUE  FROM      YEAR
                                                  NORMAL
..................................................................
TEMPERATURE (F)
 YESTERDAY
  MAXIMUM         86    520 PM  94    1954  78      8       82
  MINIMUM         60    618 AM  41    2000  57      3       70
  AVERAGE         73                        68      5       76

PRECIPITATION (IN)
  YESTERDAY        0.00          3.05 1960   0.10  -0.10     0.43
  MONTH TO DATE    3.18                      1.66   1.52     0.65
  SINCE SEP 1      3.18                      1.66   1.52     0.65
  SINCE JAN 1     38.12                     33.33   4.79    35.02

SNOWFALL (IN)
  YESTERDAY        0.0          MM      MM   0.0    0.0      0.0
  MONTH TO DATE    0.0                       0.0    0.0      0.0
  SINCE SEP 1      0.0                       0.0    0.0      0.0
  SINCE JUL 1      0.0                       0.0    0.0      0.0
  SNOW DEPTH       0

DEGREE DAYS
 HEATING
  YESTERDAY        0                         2     -2        0
  MONTH TO DATE   31                        10     21        0
  SINCE SEP 1     31                        10     21        0
  SINCE JUL 1     31                        12     19        0

 COOLING
  YESTERDAY        8                         4      4       11
  MONTH TO DATE   37                       106    -69      179
  SINCE SEP 1     37                       106    -69      179
  SINCE JAN 1   1118                      1123     -5     1455
..................................................................


WIND (MPH)
  HIGHEST WIND SPEED     8   HIGHEST WIND DIRECTION     N (10)
  HIGHEST GUST SPEED    11   HIGHEST GUST DIRECTION    NE (30)
  AVERAGE WIND SPEED     1.5


SKY COVER
  POSSIBLE SUNSHINE  MM
  AVERAGE SKY COVER 0.1


WEATHER CONDITIONS
 THE FOLLOWING WEATHER WAS RECORDED YESTERDAY.
  FOG
  FOG W/VISIBILITY <= 1/4 MILE


RELATIVE HUMIDITY (PERCENT)
 HIGHEST    93           600 AM
 LOWEST     44           500 PM
 AVERAGE    69

..........................................................


THE LEXINGTON KY CLIMATE NORMALS FOR TODAY
                         NORMAL    RECORD    YEAR
 MAXIMUM TEMPERATURE (F)   78        96      1953
 MINIMUM TEMPERATURE (F)   57        39      1937


SUNRISE AND SUNSET
SEPTEMBER 18 2017.....SUNRISE   723 AM EDT   SUNSET   741 PM EDT
SEPTEMBER 19 2017.....SUNRISE   724 AM EDT   SUNSET   740 PM EDT


-  INDICATES NEGATIVE NUMBERS.
R  INDICATES RECORD WAS SET OR TIED.
MM INDICATES DATA IS MISSING.
T  INDICATES TRACE AMOUNT.

$$

SCHOETTMER
