000
CDUS43 KLMK 090628
CLILEX


CLIMATE REPORT
NATIONAL WEATHER SERVICE LOUISVILLE KY
227 AM EDT WED APR 9 2014


...................................

...THE LEXINGTON KY CLIMATE SUMMARY FOR APRIL 8 2014...

CLIMATE NORMAL PERIOD 1981 TO 2010
CLIMATE RECORD PERIOD 1872 TO 2014


WEATHER ITEM   OBSERVED TIME   RECORD YEAR NORMAL DEPARTURE LAST
                VALUE   (LST)  VALUE       VALUE  FROM      YEAR
                                                  NORMAL
..................................................................
TEMPERATURE (F)
 YESTERDAY
  MAXIMUM         62    440 PM  83    2001  64     -2       77
  MINIMUM         44    721 AM  21    1936  42      2       55
  AVERAGE         53                        53      0       66

PRECIPITATION (IN)
  YESTERDAY        0.06          1.22 1897   0.12  -0.06     0.00
  MONTH TO DATE    1.60                      0.90   0.70     0.00
  SINCE MAR 1      4.49                      4.97  -0.48     5.35
  SINCE JAN 1     11.53                     11.37   0.16    11.33

SNOWFALL (IN)
  YESTERDAY        0.0           2.4  1916   0.1   -0.1      0.0
  MONTH TO DATE    0.0                       0.2   -0.2      0.0
  SINCE MAR 1      7.5                       1.6    5.9      4.0
  SINCE JUL 1     26.8                      12.9   13.9     12.5
  SNOW DEPTH       0

DEGREE DAYS
 HEATING
  YESTERDAY       12                        13     -1        0
  MONTH TO DATE   68                       109    -41      120
  SINCE MAR 1    784                       714     70      903
  SINCE JUL 1   4627                      4285    342     4411

 COOLING
  YESTERDAY        0                         0      0        1
  MONTH TO DATE    2                         0      2        1
  SINCE MAR 1      2                         2      0        1
  SINCE JAN 1      2                         2      0        1
..................................................................


WIND (MPH)
  HIGHEST WIND SPEED    22   HIGHEST WIND DIRECTION     W (280)
  HIGHEST GUST SPEED    28   HIGHEST GUST DIRECTION     W (280)
  AVERAGE WIND SPEED     7.9


SKY COVER
  POSSIBLE SUNSHINE  MM
  AVERAGE SKY COVER 0.8


WEATHER CONDITIONS
 THE FOLLOWING WEATHER WAS RECORDED YESTERDAY.
  THUNDERSTORM
  LIGHT RAIN
  FOG


RELATIVE HUMIDITY (PERCENT)
 HIGHEST    93          1000 PM
 LOWEST     46           300 PM
 AVERAGE    70

..........................................................


THE LEXINGTON KY CLIMATE NORMALS FOR TODAY
                         NORMAL    RECORD    YEAR
 MAXIMUM TEMPERATURE (F)   64        84      1919
 MINIMUM TEMPERATURE (F)   43        21      1997


SUNRISE AND SUNSET
APRIL  9 2014.........SUNRISE   712 AM EDT   SUNSET   809 PM EDT
APRIL 10 2014.........SUNRISE   710 AM EDT   SUNSET   810 PM EDT


-  INDICATES NEGATIVE NUMBERS.
R  INDICATES RECORD WAS SET OR TIED.
MM INDICATES DATA IS MISSING.
T  INDICATES TRACE AMOUNT.




$$
