000
CDUS43 KLMK 220628
CLILEX


CLIMATE REPORT
NATIONAL WEATHER SERVICE LOUISVILLE KY
128 AM EST SUN FEB 22 2015


...................................

...THE LEXINGTON KY CLIMATE SUMMARY FOR FEBRUARY 21 2015...

CLIMATE NORMAL PERIOD 1981 TO 2010
CLIMATE RECORD PERIOD 1872 TO 2015


WEATHER ITEM   OBSERVED TIME   RECORD YEAR NORMAL DEPARTURE LAST
                VALUE   (LST)  VALUE       VALUE  FROM      YEAR
                                                  NORMAL
..................................................................
TEMPERATURE (F)
 YESTERDAY
  MAXIMUM         36    833 PM  71    1874  47    -11       60
  MINIMUM         25   1213 AM  -2    1896  30     -5       37
  AVERAGE         31                        38     -7       49

PRECIPITATION (IN)
  YESTERDAY        1.18          2.02 1993   0.12   1.06     0.30
  MONTH TO DATE    3.00                      2.38   0.62     4.62
  SINCE DEC 1      8.15                      9.51  -1.36    12.51
  SINCE JAN 1      4.85                      5.58  -0.73     6.93

SNOWFALL (IN)
  YESTERDAY        0.5           6.2  1929   0.2    0.3      0.0
  MONTH TO DATE   15.4                       3.8   11.6      8.3
  SINCE DEC 1     21.3                      10.2   11.1     17.5
  SINCE JUL 1     22.9                      10.5   12.4     18.9
  SNOW DEPTH       7

DEGREE DAYS
 HEATING
  YESTERDAY       34                        27      7       16
  MONTH TO DATE  821                       610    211      682
  SINCE DEC 1   2676                      2506    170     2689
  SINCE JUL 1   3683                      3393    290     3616

 COOLING
  YESTERDAY        0                         0      0        0
  MONTH TO DATE    0                         0      0        0
  SINCE DEC 1      0                         0      0        0
  SINCE JAN 1      0                         0      0        0
..................................................................


WIND (MPH)
  HIGHEST WIND SPEED    24   HIGHEST WIND DIRECTION     S (180)
  HIGHEST GUST SPEED    32   HIGHEST GUST DIRECTION     S (190)
  AVERAGE WIND SPEED    11.5


SKY COVER
  POSSIBLE SUNSHINE  MM
  AVERAGE SKY COVER 1.0


WEATHER CONDITIONS
 THE FOLLOWING WEATHER WAS RECORDED YESTERDAY.
  HEAVY RAIN
  RAIN
  LIGHT RAIN
  FREEZING RAIN
  LT FREEZING RAIN
  SNOW
  LIGHT SNOW
  FOG
  FOG W/VISIBILITY <= 1/4 MILE


RELATIVE HUMIDITY (PERCENT)
 HIGHEST   100           400 PM
 LOWEST     60          1200 AM
 AVERAGE    80

..........................................................


THE LEXINGTON KY CLIMATE NORMALS FOR TODAY
                         NORMAL    RECORD    YEAR
 MAXIMUM TEMPERATURE (F)   48        70      1922
 MINIMUM TEMPERATURE (F)   30        -7      1963


SUNRISE AND SUNSET
FEBRUARY 22 2015......SUNRISE   720 AM EST   SUNSET   624 PM EST
FEBRUARY 23 2015......SUNRISE   719 AM EST   SUNSET   625 PM EST


-  INDICATES NEGATIVE NUMBERS.
R  INDICATES RECORD WAS SET OR TIED.
MM INDICATES DATA IS MISSING.
T  INDICATES TRACE AMOUNT.




$$
