000
CDUS43 KLMK 240626
CLILEX


CLIMATE REPORT
NATIONAL WEATHER SERVICE LOUISVILLE KY
226 AM EDT THU APR 24 2014


...................................

...THE LEXINGTON KY CLIMATE SUMMARY FOR APRIL 23 2014...

CLIMATE NORMAL PERIOD 1981 TO 2010
CLIMATE RECORD PERIOD 1872 TO 2014


WEATHER ITEM   OBSERVED TIME   RECORD YEAR NORMAL DEPARTURE LAST
                VALUE   (LST)  VALUE       VALUE  FROM      YEAR
                                                  NORMAL
..................................................................
TEMPERATURE (F)
 YESTERDAY
  MAXIMUM         63    441 PM  86    1946  68     -5       70
                                      1937
                                      1925
  MINIMUM         39    625 AM  24    1986  47     -8       47
  AVERAGE         51                        58     -7       59

PRECIPITATION (IN)
  YESTERDAY        0.00          2.76 1970   0.13  -0.13     0.00
  MONTH TO DATE    2.03                      2.66  -0.63     3.08
  SINCE MAR 1      4.92                      6.73  -1.81     8.43
  SINCE JAN 1     11.96                     13.13  -1.17    14.41

SNOWFALL (IN)
  YESTERDAY        0.0           0.0    MM   0.0    0.0      0.0
  MONTH TO DATE    0.3                       0.3    0.0      0.0
  SINCE MAR 1      7.8                       1.7    6.1      4.0
  SINCE JUL 1     27.1                      13.0   14.1     12.5
  SNOW DEPTH       0

DEGREE DAYS
 HEATING
  YESTERDAY       14                         8      6        6
  MONTH TO DATE  187                       262    -75      226
  SINCE MAR 1    903                       867     36     1009
  SINCE JUL 1   4746                      4438    308     4517

 COOLING
  YESTERDAY        0                         1     -1        0
  MONTH TO DATE   11                        14     -3       30
  SINCE MAR 1     11                        16     -5       30
  SINCE JAN 1     11                        16     -5       30
..................................................................


WIND (MPH)
  HIGHEST WIND SPEED    14   HIGHEST WIND DIRECTION    NE (30)
  HIGHEST GUST SPEED    16   HIGHEST GUST DIRECTION     N (10)
  AVERAGE WIND SPEED     5.1


SKY COVER
  POSSIBLE SUNSHINE  MM
  AVERAGE SKY COVER 0.0


WEATHER CONDITIONS
 THE FOLLOWING WEATHER WAS RECORDED YESTERDAY.
  NO SIGNIFICANT WEATHER WAS OBSERVED.


RELATIVE HUMIDITY (PERCENT)
 HIGHEST    70           600 AM
 LOWEST     36           400 PM
 AVERAGE    53

..........................................................


THE LEXINGTON KY CLIMATE NORMALS FOR TODAY
                         NORMAL    RECORD    YEAR
 MAXIMUM TEMPERATURE (F)   69        90      1925
 MINIMUM TEMPERATURE (F)   47        28      1910


SUNRISE AND SUNSET
APRIL 24 2014.........SUNRISE   651 AM EDT   SUNSET   823 PM EDT
APRIL 25 2014.........SUNRISE   650 AM EDT   SUNSET   824 PM EDT


-  INDICATES NEGATIVE NUMBERS.
R  INDICATES RECORD WAS SET OR TIED.
MM INDICATES DATA IS MISSING.
T  INDICATES TRACE AMOUNT.




$$
