000
CDUS43 KLMK 190629
CLILEX


CLIMATE REPORT
NATIONAL WEATHER SERVICE LOUISVILLE KY
129 AM EST MON FEB 19 2018


...................................

...THE LEXINGTON KY CLIMATE SUMMARY FOR FEBRUARY 18 2018...

CLIMATE NORMAL PERIOD 1981 TO 2010
CLIMATE RECORD PERIOD 1872 TO 2018


WEATHER ITEM   OBSERVED TIME   RECORD YEAR NORMAL DEPARTURE LAST
                VALUE   (LST)  VALUE       VALUE  FROM      YEAR
                                                  NORMAL
..................................................................
TEMPERATURE (F)
 YESTERDAY
  MAXIMUM         53    337 PM  70    1948  46      7       57
  MINIMUM         30    753 AM  -6    1936  29      1       44
  AVERAGE         42                        38      4       51

PRECIPITATION (IN)
  YESTERDAY        T             2.57 2000   0.11  -0.11     0.11
  MONTH TO DATE    5.11                      2.03   3.08     1.47
  SINCE DEC 1      9.57                      9.16   0.41    12.36
  SINCE JAN 1      7.20                      5.23   1.97     6.18

SNOWFALL (IN)
  YESTERDAY        0.0           6.0  1960   0.2   -0.2      0.0
  MONTH TO DATE    1.3                       3.4   -2.1       T
  SINCE DEC 1      7.6                       9.8   -2.2      3.4
  SINCE JUL 1      7.6                      10.1   -2.5      3.4
  SNOW DEPTH       0

DEGREE DAYS
 HEATING
  YESTERDAY       23                        27     -4       14
  MONTH TO DATE  475                       529    -54      400
  SINCE DEC 1   2444                      2425     19     2018
  SINCE JUL 1   3224                      3312    -88     2604

 COOLING
  YESTERDAY        0                         0      0        0
  MONTH TO DATE    1                         0      1        0
  SINCE DEC 1      1                         0      1        0
  SINCE JAN 1      1                         0      1        0
..................................................................


WIND (MPH)
  HIGHEST WIND SPEED    13   HIGHEST WIND DIRECTION     S (160)
  HIGHEST GUST SPEED    18   HIGHEST GUST DIRECTION     W (260)
  AVERAGE WIND SPEED     6.9


SKY COVER
  POSSIBLE SUNSHINE  MM
  AVERAGE SKY COVER 0.2


WEATHER CONDITIONS
 THE FOLLOWING WEATHER WAS RECORDED YESTERDAY.
  NO SIGNIFICANT WEATHER WAS OBSERVED.


RELATIVE HUMIDITY (PERCENT)
 HIGHEST    85           100 AM
 LOWEST     44           400 PM
 AVERAGE    65

..........................................................


THE LEXINGTON KY CLIMATE NORMALS FOR TODAY
                         NORMAL    RECORD    YEAR
 MAXIMUM TEMPERATURE (F)   47        75      1939
 MINIMUM TEMPERATURE (F)   29        -8      2015


SUNRISE AND SUNSET
FEBRUARY 19 2018......SUNRISE   723 AM EST   SUNSET   621 PM EST
FEBRUARY 20 2018......SUNRISE   722 AM EST   SUNSET   622 PM EST


-  INDICATES NEGATIVE NUMBERS.
R  INDICATES RECORD WAS SET OR TIED.
MM INDICATES DATA IS MISSING.
T  INDICATES TRACE AMOUNT.




$$
