000
CDUS43 KLMK 112026
CLILEX


CLIMATE REPORT
NATIONAL WEATHER SERVICE LOUISVILLE KY
426 PM EDT THU MAY 11 2017


...................................

...THE LEXINGTON KY CLIMATE SUMMARY FOR MAY 11 2017...
VALID TODAY AS OF 0400 PM LOCAL TIME.

CLIMATE NORMAL PERIOD 1981 TO 2010
CLIMATE RECORD PERIOD 1872 TO 2017


WEATHER ITEM   OBSERVED TIME   RECORD YEAR NORMAL DEPARTURE LAST
                VALUE   (LST)  VALUE       VALUE  FROM      YEAR
                                                  NORMAL
..................................................................
TEMPERATURE (F)
 TODAY
  MAXIMUM         79    128 PM  92    1896  73      6       82
  MINIMUM         64    527 AM  35    1945  53     11       59
                                      1913
  AVERAGE         72                        63      9       71

PRECIPITATION (IN)
  TODAY            0.57          1.77 1943   0.17   0.40     0.30
  MONTH TO DATE    2.27                      1.82   0.45     3.15
  SINCE MAR 1      7.39                      9.49  -2.10     9.25
  SINCE JAN 1     15.49                     15.89  -0.40    14.95

SNOWFALL (IN)
  TODAY            0.0          MM      MM   0.0    0.0      0.0
  MONTH TO DATE    0.0                       0.0    0.0      0.0
  SINCE MAR 1      T                         1.7   -1.7      0.7
  SINCE JUL 1      3.4                      13.0   -9.6     15.3
  SNOW DEPTH       0

DEGREE DAYS
 HEATING
  TODAY            0                         4     -4        0
  MONTH TO DATE   78                        56     22       46
  SINCE MAR 1    740                       974   -234      702
  SINCE JUL 1   3450                      4545  -1095     3673

 COOLING
  TODAY            7                         2      5        6
  MONTH TO DATE   19                        15      4       16
  SINCE MAR 1     90                        37     53       44
  SINCE JAN 1     94                        37     57       44
..................................................................


WIND (MPH)
  HIGHEST WIND SPEED    21   HIGHEST WIND DIRECTION    NW (310)
  HIGHEST GUST SPEED    31   HIGHEST GUST DIRECTION    NW (300)
  AVERAGE WIND SPEED     7.8


SKY COVER
  POSSIBLE SUNSHINE  MM
  AVERAGE SKY COVER 0.8


WEATHER CONDITIONS
 THE FOLLOWING WEATHER WAS RECORDED TODAY.
  THUNDERSTORM
  HEAVY RAIN
  RAIN
  LIGHT RAIN
  FOG


RELATIVE HUMIDITY (PERCENT)
 HIGHEST    87           500 AM
 LOWEST     69           100 PM
 AVERAGE    78

..........................................................


THE LEXINGTON KY CLIMATE NORMALS FOR TOMORROW
                         NORMAL    RECORD    YEAR
 MAXIMUM TEMPERATURE (F)   73        90      1944
 MINIMUM TEMPERATURE (F)   53        36      1938
                                             1917


SUNRISE AND SUNSET
MAY 11 2017...........SUNRISE   631 AM EDT   SUNSET   839 PM EDT
MAY 12 2017...........SUNRISE   630 AM EDT   SUNSET   840 PM EDT


-  INDICATES NEGATIVE NUMBERS.
R  INDICATES RECORD WAS SET OR TIED.
MM INDICATES DATA IS MISSING.
T  INDICATES TRACE AMOUNT.




$$
