000
CDUS43 KLMK 232032
CLILEX


CLIMATE REPORT
NATIONAL WEATHER SERVICE LOUISVILLE KY
431 PM EDT TUE SEP 23 2014


...................................

...THE LEXINGTON KY CLIMATE SUMMARY FOR SEPTEMBER 23 2014...
VALID TODAY AS OF 0400 PM LOCAL TIME.

CLIMATE NORMAL PERIOD 1981 TO 2010
CLIMATE RECORD PERIOD 1872 TO 2014


WEATHER ITEM   OBSERVED TIME   RECORD YEAR NORMAL DEPARTURE LAST
                VALUE   (LST)  VALUE       VALUE  FROM      YEAR
                                                  NORMAL
..................................................................
TEMPERATURE (F)
 TODAY
  MAXIMUM         74    253 PM  94    2010  76     -2       73
  MINIMUM         44    637 AM  36    2012  55    -11       49
                                      1974
                                      1896
  AVERAGE         59                        65     -6       61

PRECIPITATION (IN)
  TODAY            0.00          4.76 2006   0.09  -0.09     0.00
  MONTH TO DATE    4.35                      2.22   2.13     1.63
  SINCE SEP 1      4.35                      2.22   2.13     1.63
  SINCE JAN 1     44.08                     33.89  10.19    45.27

SNOWFALL (IN)
  TODAY            0.0          MM      MM   0.0    0.0      0.0
  MONTH TO DATE    0.0                       0.0    0.0      0.0
  SINCE SEP 1      0.0                       0.0    0.0      0.0
  SINCE JUL 1      0.0                       0.0    0.0      0.0
  SNOW DEPTH       0

DEGREE DAYS
 HEATING
  TODAY            6                         3      3        4
  MONTH TO DATE   27                        24      3       17
  SINCE SEP 1     27                        24      3       17
  SINCE JUL 1     29                        26      3       20

 COOLING
  TODAY            0                         3     -3        0
  MONTH TO DATE  136                       127      9      144
  SINCE SEP 1    136                       127      9      144
  SINCE JAN 1   1217                      1144     73     1182
..................................................................


WIND (MPH)
  HIGHEST WIND SPEED    14   HIGHEST WIND DIRECTION    NE (50)
  HIGHEST GUST SPEED    18   HIGHEST GUST DIRECTION    NE (40)
  AVERAGE WIND SPEED     7.3


SKY COVER
  POSSIBLE SUNSHINE  MM
  AVERAGE SKY COVER 0.0


WEATHER CONDITIONS
 THE FOLLOWING WEATHER WAS RECORDED TODAY.
  NO SIGNIFICANT WEATHER WAS OBSERVED.


RELATIVE HUMIDITY (PERCENT)
 HIGHEST    83           600 AM
 LOWEST     35           300 PM
 AVERAGE    59

..........................................................


THE LEXINGTON KY CLIMATE NORMALS FOR TOMORROW
                         NORMAL    RECORD    YEAR
 MAXIMUM TEMPERATURE (F)   76        93      2007
 MINIMUM TEMPERATURE (F)   54        36      2012
                                             1928


SUNRISE AND SUNSET
SEPTEMBER 23 2014.....SUNRISE   727 AM EDT   SUNSET   734 PM EDT
SEPTEMBER 24 2014.....SUNRISE   728 AM EDT   SUNSET   732 PM EDT


-  INDICATES NEGATIVE NUMBERS.
R  INDICATES RECORD WAS SET OR TIED.
MM INDICATES DATA IS MISSING.
T  INDICATES TRACE AMOUNT.




$$
