000
CDUS43 KLMK 130631
CLILEX


CLIMATE REPORT
NATIONAL WEATHER SERVICE LOUISVILLE KY
230 AM EDT WED AUG 13 2014
...................................

...THE LEXINGTON KY CLIMATE SUMMARY FOR AUGUST 12 2014...

CLIMATE NORMAL PERIOD 1981 TO 2010
CLIMATE RECORD PERIOD 1872 TO 2014


WEATHER ITEM   OBSERVED TIME   RECORD YEAR NORMAL DEPARTURE LAST
                VALUE   (LST)  VALUE       VALUE  FROM      YEAR
                                                  NORMAL
..................................................................
TEMPERATURE (F)
 YESTERDAY
  MAXIMUM         80    348 PM  98    2005  86     -6       82
                                      1936
  MINIMUM         64   1159 PM  51    1964  66     -2       67
  AVERAGE         72                        76     -4       75

PRECIPITATION (IN)
  YESTERDAY        T             1.64 1993   0.11  -0.11     1.30
  MONTH TO DATE    6.65                      1.37   5.28     2.96
  SINCE JUN 1     15.47                     10.46   5.01    19.60
  SINCE JAN 1     36.82                     29.79   7.03    41.46

SNOWFALL (IN)
  YESTERDAY        0.0          MM      MM   0.0    0.0      0.0
  MONTH TO DATE    0.0                       0.0    0.0      0.0
  SINCE JUN 1      0.0                       0.0    0.0      0.0
  SINCE JUL 1      0.0                       0.0    0.0      0.0
  SNOW DEPTH       0

DEGREE DAYS
 HEATING
  YESTERDAY        0                         0      0        0
  MONTH TO DATE    0                         0      0        0
  SINCE JUN 1      2                        11     -9        0
  SINCE JUL 1      2                         0      2        0

 COOLING
  YESTERDAY        7                        11     -4       10
  MONTH TO DATE  109                       132    -23      126
  SINCE JUN 1    684                       721    -37      696
  SINCE JAN 1    845                       828     17      849
..................................................................


WIND (MPH)
  HIGHEST WIND SPEED    21   HIGHEST WIND DIRECTION     W (280)
  HIGHEST GUST SPEED    27   HIGHEST GUST DIRECTION     W (280)
  AVERAGE WIND SPEED     9.4


SKY COVER
  POSSIBLE SUNSHINE  MM
  AVERAGE SKY COVER 0.6


WEATHER CONDITIONS
 THE FOLLOWING WEATHER WAS RECORDED YESTERDAY.
  FOG
  HAZE


RELATIVE HUMIDITY (PERCENT)
 HIGHEST    97           100 AM
 LOWEST     52           400 PM
 AVERAGE    75

..........................................................


THE LEXINGTON KY CLIMATE NORMALS FOR TODAY
                         NORMAL    RECORD    YEAR
 MAXIMUM TEMPERATURE (F)   86        98      1999
 MINIMUM TEMPERATURE (F)   66        46      1964


SUNRISE AND SUNSET
AUGUST 13 2014........SUNRISE   652 AM EDT   SUNSET   834 PM EDT
AUGUST 14 2014........SUNRISE   653 AM EDT   SUNSET   833 PM EDT


-  INDICATES NEGATIVE NUMBERS.
R  INDICATES RECORD WAS SET OR TIED.
MM INDICATES DATA IS MISSING.
T  INDICATES TRACE AMOUNT.

$$
04
