000
CDUS43 KLMK 172136
CLILEX


CLIMATE REPORT
NATIONAL WEATHER SERVICE LOUISVILLE KY
434 PM EST MON NOV 17 2014


...................................

...THE LEXINGTON KY CLIMATE SUMMARY FOR NOVEMBER 17 2014...
VALID TODAY AS OF 0400 PM LOCAL TIME.

CLIMATE NORMAL PERIOD 1981 TO 2010
CLIMATE RECORD PERIOD 1872 TO 2014


WEATHER ITEM   OBSERVED TIME   RECORD YEAR NORMAL DEPARTURE LAST
                VALUE   (LST)  VALUE       VALUE  FROM      YEAR
                                                  NORMAL
..................................................................
TEMPERATURE (F)
 TODAY
  MAXIMUM         38    128 AM  80    1958  55    -17       67
  MINIMUM         22    359 PM  12    1959  37    -15       54
  AVERAGE         30                        46    -16       61

PRECIPITATION (IN)
  TODAY            0.58          2.50 1921   0.12   0.46     0.88
  MONTH TO DATE    1.36                      1.89  -0.53     1.74
  SINCE SEP 1     10.18                      7.93   2.25     9.60
  SINCE JAN 1     49.91                     39.60  10.31    53.24

SNOWFALL (IN)
  TODAY            1.0           3.0  1920   0.0    1.0      0.0
  MONTH TO DATE    1.1                       0.1    1.0      0.4
  SINCE SEP 1      1.1                       0.1    1.0      0.4
  SINCE JUL 1      1.1                       0.1    1.0      0.4
  SNOW DEPTH       T

DEGREE DAYS
 HEATING
  TODAY           35                        19     16        4
  MONTH TO DATE  407                       274    133      281
  SINCE SEP 1    653                       598     55      563
  SINCE JUL 1    655                       600     55      566

 COOLING
  TODAY            0                         0      0        0
  MONTH TO DATE    0                         0      0        0
  SINCE SEP 1    193                       171     22      207
  SINCE JAN 1   1274                      1188     86     1245
..................................................................


WIND (MPH)
  HIGHEST WIND SPEED    24   HIGHEST WIND DIRECTION     W (270)
  HIGHEST GUST SPEED    32   HIGHEST GUST DIRECTION     W (290)
  AVERAGE WIND SPEED    11.7


SKY COVER
  POSSIBLE SUNSHINE  MM
  AVERAGE SKY COVER 0.8


WEATHER CONDITIONS
 THE FOLLOWING WEATHER WAS RECORDED TODAY.
  RAIN
  LIGHT RAIN
  FREEZING RAIN
  LT FREEZING RAIN
  SNOW
  LIGHT SNOW
  FOG


RELATIVE HUMIDITY (PERCENT)
 HIGHEST   100           300 AM
 LOWEST     75           200 PM
 AVERAGE    88

..........................................................


THE LEXINGTON KY CLIMATE NORMALS FOR TOMORROW
                         NORMAL    RECORD    YEAR
 MAXIMUM TEMPERATURE (F)   54        75      1985
                                             1930
 MINIMUM TEMPERATURE (F)   37        12      1959


SUNRISE AND SUNSET
NOVEMBER 17 2014......SUNRISE   721 AM EST   SUNSET   525 PM EST
NOVEMBER 18 2014......SUNRISE   722 AM EST   SUNSET   524 PM EST


-  INDICATES NEGATIVE NUMBERS.
R  INDICATES RECORD WAS SET OR TIED.
MM INDICATES DATA IS MISSING.
T  INDICATES TRACE AMOUNT.




$$
