000
CDUS43 KLMK 060634
CLILEX


CLIMATE REPORT
NATIONAL WEATHER SERVICE LOUISVILLE KY
130 AM EST MON FEB 6 2017


...................................

...THE LEXINGTON KY CLIMATE SUMMARY FOR FEBRUARY 5 2017...

CLIMATE NORMAL PERIOD 1981 TO 2010
CLIMATE RECORD PERIOD 1872 TO 2017


WEATHER ITEM   OBSERVED TIME   RECORD YEAR NORMAL DEPARTURE LAST
                VALUE   (LST)  VALUE       VALUE  FROM      YEAR
                                                  NORMAL
..................................................................
TEMPERATURE (F)
 YESTERDAY
  MAXIMUM         56    354 PM  68    1927  43     13       43
  MINIMUM         36   1030 PM  -7    1917  26     10       18
  AVERAGE         46                        35     11       31

PRECIPITATION (IN)
  YESTERDAY        0.00          1.59 1955   0.11  -0.11     0.00
  MONTH TO DATE    0.00                      0.58  -0.58     1.38
  SINCE DEC 1     10.89                      7.71   3.18     9.83
  SINCE JAN 1      4.71                      3.78   0.93     2.62

SNOWFALL (IN)
  YESTERDAY        0.0           3.5  1948   0.2   -0.2      0.0
  MONTH TO DATE    0.0                       1.0   -1.0      0.0
  SINCE DEC 1      3.4                       7.4   -4.0      9.6
  SINCE JUL 1      3.4                       7.7   -4.3      9.6
  SNOW DEPTH       0

DEGREE DAYS
 HEATING
  YESTERDAY       19                        30    -11       34
  MONTH TO DATE  149                       154     -5      108
  SINCE DEC 1   1767                      2050   -283     1626
  SINCE JUL 1   2353                      2937   -584     2312

 COOLING
  YESTERDAY        0                         0      0        0
  MONTH TO DATE    0                         0      0        0
  SINCE DEC 1      0                         0      0        0
  SINCE JAN 1      0                         0      0        0
..................................................................


WIND (MPH)
  HIGHEST WIND SPEED    22   HIGHEST WIND DIRECTION     W (250)
  HIGHEST GUST SPEED    30   HIGHEST GUST DIRECTION    SW (240)
  AVERAGE WIND SPEED    11.1


SKY COVER
  POSSIBLE SUNSHINE  MM
  AVERAGE SKY COVER 0.5


WEATHER CONDITIONS
 THE FOLLOWING WEATHER WAS RECORDED YESTERDAY.
  NO SIGNIFICANT WEATHER WAS OBSERVED.


RELATIVE HUMIDITY (PERCENT)
 HIGHEST    67          1000 PM
 LOWEST     27          1200 AM
 AVERAGE    47

..........................................................


THE LEXINGTON KY CLIMATE NORMALS FOR TODAY
                         NORMAL    RECORD    YEAR
 MAXIMUM TEMPERATURE (F)   43        67      1925
 MINIMUM TEMPERATURE (F)   26         0      1988


SUNRISE AND SUNSET
FEBRUARY  6 2017......SUNRISE   738 AM EST   SUNSET   607 PM EST
FEBRUARY  7 2017......SUNRISE   737 AM EST   SUNSET   609 PM EST


-  INDICATES NEGATIVE NUMBERS.
R  INDICATES RECORD WAS SET OR TIED.
MM INDICATES DATA IS MISSING.
T  INDICATES TRACE AMOUNT.




$$
