000
CDUS43 KLMK 180632
CLILEX


CLIMATE REPORT
NATIONAL WEATHER SERVICE LOUISVILLE KY
228 AM EDT MON APR 18 2016


...................................

...THE LEXINGTON KY CLIMATE SUMMARY FOR APRIL 17 2016...

CLIMATE NORMAL PERIOD 1981 TO 2010
CLIMATE RECORD PERIOD 1872 TO 2016


WEATHER ITEM   OBSERVED TIME   RECORD YEAR NORMAL DEPARTURE LAST
                VALUE   (LST)  VALUE       VALUE  FROM      YEAR
                                                  NORMAL
..................................................................
TEMPERATURE (F)
 YESTERDAY
  MAXIMUM         80    358 PM  87    1891  66     14       73
  MINIMUM         46    630 AM  17    1875  45      1       57
  AVERAGE         63                        56      7       65

PRECIPITATION (IN)
  YESTERDAY        0.00          1.45 1940   0.11  -0.11     0.00
  MONTH TO DATE    1.04                      1.91  -0.87    10.09
  SINCE MAR 1      3.83                      5.98  -2.15    17.55
  SINCE JAN 1      9.53                     12.38  -2.85    22.40

SNOWFALL (IN)
  YESTERDAY        0.0           0.3  2001   0.0    0.0      0.0
  MONTH TO DATE    T                         0.3   -0.3      0.0
  SINCE MAR 1      0.7                       1.7   -1.0     17.1
  SINCE JUL 1     15.3                      13.0    2.3     40.0
  SNOW DEPTH       0

DEGREE DAYS
 HEATING
  YESTERDAY        2                        10     -8        0
  MONTH TO DATE  243                       208     35      110
  SINCE MAR 1    637                       813   -176      759
  SINCE JUL 1   3608                      4384   -776     4737

 COOLING
  YESTERDAY        0                         1     -1        0
  MONTH TO DATE    0                         8     -8       12
  SINCE MAR 1      3                        10     -7       12
  SINCE JAN 1      3                        10     -7       12
..................................................................


WIND (MPH)
  HIGHEST WIND SPEED    12   HIGHEST WIND DIRECTION     N (20)
  HIGHEST GUST SPEED    17   HIGHEST GUST DIRECTION     N (20)
  AVERAGE WIND SPEED     3.0


SKY COVER
  POSSIBLE SUNSHINE  MM
  AVERAGE SKY COVER 0.0


WEATHER CONDITIONS
 THE FOLLOWING WEATHER WAS RECORDED YESTERDAY.
  NO SIGNIFICANT WEATHER WAS OBSERVED.


RELATIVE HUMIDITY (PERCENT)
 HIGHEST    76           700 AM
 LOWEST     21           400 PM
 AVERAGE    49

..........................................................


THE LEXINGTON KY CLIMATE NORMALS FOR TODAY
                         NORMAL    RECORD    YEAR
 MAXIMUM TEMPERATURE (F)   67        88      1896
 MINIMUM TEMPERATURE (F)   46        15      1875


SUNRISE AND SUNSET
APRIL 18 2016.........SUNRISE   658 AM EDT   SUNSET   818 PM EDT
APRIL 19 2016.........SUNRISE   657 AM EDT   SUNSET   819 PM EDT


-  INDICATES NEGATIVE NUMBERS.
R  INDICATES RECORD WAS SET OR TIED.
MM INDICATES DATA IS MISSING.
T  INDICATES TRACE AMOUNT.

$$

SCHOETTMER
