292
CDUS43 KLMK 122145
CLILEX


CLIMATE REPORT
NATIONAL WEATHER SERVICE LOUISVILLE KY
445 PM EST FRI JAN 12 2018


...................................

...THE LEXINGTON KY CLIMATE SUMMARY FOR JANUARY 12 2018...
VALID TODAY AS OF 0400 PM LOCAL TIME.

CLIMATE NORMAL PERIOD 1981 TO 2010
CLIMATE RECORD PERIOD 1872 TO 2018


WEATHER ITEM   OBSERVED TIME   RECORD YEAR NORMAL DEPARTURE LAST
                VALUE   (LST)  VALUE       VALUE  FROM      YEAR
                                                  NORMAL
..................................................................
TEMPERATURE (F)
 TODAY
  MAXIMUM         59    558 AM  71    1890  41     18       67
  MINIMUM         34   1220 PM -14    1918  25      9       41
  AVERAGE         47                        33     14       54

PRECIPITATION (IN)
  TODAY            0.20          1.32 1950   0.10   0.10     0.35
  MONTH TO DATE    0.57                      1.24  -0.67     1.55
  SINCE DEC 1      2.94                      5.17  -2.23     7.73
  SINCE JAN 1      0.57                      1.24  -0.67     1.55

SNOWFALL (IN)
  TODAY            T             4.7  1964   0.1   -0.1      0.0
  MONTH TO DATE    0.1                       1.4   -1.3      2.5
  SINCE DEC 1      0.3                       3.9   -3.6      2.6
  SINCE JUL 1      0.3                       4.2   -3.9      2.6
  SNOW DEPTH       0

DEGREE DAYS
 HEATING
  TODAY           18                        32    -14       11
  MONTH TO DATE  441                       384     57      358
  SINCE DEC 1   1365                      1285     80     1215
  SINCE JUL 1   2145                      2172    -27     1801

 COOLING
  TODAY            0                         0      0        0
  MONTH TO DATE    0                         0      0        0
  SINCE DEC 1      0                         0      0        0
  SINCE JAN 1      0                         0      0        0
..................................................................


WIND (MPH)
  HIGHEST WIND SPEED    22   HIGHEST WIND DIRECTION     N (10)
  HIGHEST GUST SPEED    33   HIGHEST GUST DIRECTION     N (20)
  AVERAGE WIND SPEED    12.3


SKY COVER
  POSSIBLE SUNSHINE  MM
  AVERAGE SKY COVER 1.0


WEATHER CONDITIONS
 THE FOLLOWING WEATHER WAS RECORDED TODAY.
  LIGHT RAIN
  LIGHT SNOW
  FOG


RELATIVE HUMIDITY (PERCENT)
 HIGHEST    93           100 AM
 LOWEST     86          1200 AM
 AVERAGE    90

..........................................................


THE LEXINGTON KY CLIMATE NORMALS FOR TOMORROW
                         NORMAL    RECORD    YEAR
 MAXIMUM TEMPERATURE (F)   41        69      1995
 MINIMUM TEMPERATURE (F)   25       -12      1895


SUNRISE AND SUNSET
JANUARY 12 2018.......SUNRISE   754 AM EST   SUNSET   540 PM EST
JANUARY 13 2018.......SUNRISE   754 AM EST   SUNSET   541 PM EST


-  INDICATES NEGATIVE NUMBERS.
R  INDICATES RECORD WAS SET OR TIED.
MM INDICATES DATA IS MISSING.
T  INDICATES TRACE AMOUNT.




$$
