000
CDUS43 KLMK 060626
CLILEX


CLIMATE REPORT
NATIONAL WEATHER SERVICE LOUISVILLE KY
226 AM EDT SUN JUL 6 2014


...................................

...THE LEXINGTON KY CLIMATE SUMMARY FOR JULY 5 2014...

CLIMATE NORMAL PERIOD 1981 TO 2010
CLIMATE RECORD PERIOD 1872 TO 2014


WEATHER ITEM   OBSERVED TIME   RECORD YEAR NORMAL DEPARTURE LAST
                VALUE   (LST)  VALUE       VALUE  FROM      YEAR
                                                  NORMAL
..................................................................
TEMPERATURE (F)
 YESTERDAY
  MAXIMUM         82    526 PM  99    2012  86     -4       75
  MINIMUM         60    342 AM  52    1979  66     -6       66
                                      1964
  AVERAGE         71                        76     -5       71

PRECIPITATION (IN)
  YESTERDAY        0.00          2.05 2006   0.15  -0.15     1.20
  MONTH TO DATE    0.37                      0.69  -0.32     3.03
  SINCE JUN 1      5.96                      5.13   0.83    10.57
  SINCE JAN 1     27.31                     24.46   2.85    32.43

SNOWFALL (IN)
  YESTERDAY        0.0          MM      MM   0.0    0.0      0.0
  MONTH TO DATE    0.0                       0.0    0.0      0.0
  SINCE JUN 1      0.0                       0.0    0.0      0.0
  SINCE JUL 1      0.0                       0.0    0.0      0.0
  SNOW DEPTH       0

DEGREE DAYS
 HEATING
  YESTERDAY        0                         0      0        0
  MONTH TO DATE    0                         0      0        0
  SINCE JUN 1      0                        11    -11        0
  SINCE JUL 1      0                         0      0        0

 COOLING
  YESTERDAY        6                        11     -5        6
  MONTH TO DATE   40                        55    -15       32
  SINCE JUN 1    345                       297     48      301
  SINCE JAN 1    506                       404    102      454
..................................................................


WIND (MPH)
  HIGHEST WIND SPEED    15   HIGHEST WIND DIRECTION     E (110)
  HIGHEST GUST SPEED    18   HIGHEST GUST DIRECTION     E (110)
  AVERAGE WIND SPEED     5.4


SKY COVER
  POSSIBLE SUNSHINE  MM
  AVERAGE SKY COVER 0.0


WEATHER CONDITIONS
 THE FOLLOWING WEATHER WAS RECORDED YESTERDAY.
  NO SIGNIFICANT WEATHER WAS OBSERVED.


RELATIVE HUMIDITY (PERCENT)
 HIGHEST    73          1000 PM
 LOWEST     31           500 PM
 AVERAGE    52

..........................................................


THE LEXINGTON KY CLIMATE NORMALS FOR TODAY
                         NORMAL    RECORD    YEAR
 MAXIMUM TEMPERATURE (F)   86       103      2012
 MINIMUM TEMPERATURE (F)   66        49      1972


SUNRISE AND SUNSET
JULY  6 2014..........SUNRISE   622 AM EDT   SUNSET   904 PM EDT
JULY  7 2014..........SUNRISE   623 AM EDT   SUNSET   904 PM EDT


-  INDICATES NEGATIVE NUMBERS.
R  INDICATES RECORD WAS SET OR TIED.
MM INDICATES DATA IS MISSING.
T  INDICATES TRACE AMOUNT.




$$
