000
CDUS43 KLMK 082137
CLILEX


CLIMATE REPORT
NATIONAL WEATHER SERVICE LOUISVILLE KY
434 PM EST MON JAN 8 2018


...................................

...THE LEXINGTON KY CLIMATE SUMMARY FOR JANUARY 8 2018...
VALID TODAY AS OF 0400 PM LOCAL TIME.

CLIMATE NORMAL PERIOD 1981 TO 2010
CLIMATE RECORD PERIOD 1872 TO 2018


WEATHER ITEM   OBSERVED TIME   RECORD YEAR NORMAL DEPARTURE LAST
                VALUE   (LST)  VALUE       VALUE  FROM      YEAR
                                                  NORMAL
..................................................................
TEMPERATURE (F)
 TODAY
  MAXIMUM         38    359 PM  71    1937  41     -3       22
  MINIMUM         35   1122 AM -11    1942  25     10        6
  AVERAGE         37                        33      4       14

PRECIPITATION (IN)
  TODAY            0.28          2.08 1920   0.10   0.18     0.00
  MONTH TO DATE    0.28                      0.84  -0.56     0.80
  SINCE DEC 1      2.65                      4.77  -2.12     6.98
  SINCE JAN 1      0.28                      0.84  -0.56     0.80

SNOWFALL (IN)
  TODAY            0.0           6.1  1926   0.1   -0.1      0.0
  MONTH TO DATE    0.1                       0.9   -0.8      2.5
  SINCE DEC 1      0.3                       3.4   -3.1      2.6
  SINCE JUL 1      0.3                       3.7   -3.4      2.6
  SNOW DEPTH       0

DEGREE DAYS
 HEATING
  TODAY           28                        32     -4       51
  MONTH TO DATE  381                       256    125      276
  SINCE DEC 1   1305                      1157    148     1133
  SINCE JUL 1   2085                      2044     41     1719

 COOLING
  TODAY            0                         0      0        0
  MONTH TO DATE    0                         0      0        0
  SINCE DEC 1      0                         0      0        0
  SINCE JAN 1      0                         0      0        0
..................................................................


WIND (MPH)
  HIGHEST WIND SPEED    15   HIGHEST WIND DIRECTION     S (190)
  HIGHEST GUST SPEED    22   HIGHEST GUST DIRECTION     S (180)
  AVERAGE WIND SPEED     9.2


SKY COVER
  POSSIBLE SUNSHINE  MM
  AVERAGE SKY COVER 0.9


WEATHER CONDITIONS
 THE FOLLOWING WEATHER WAS RECORDED TODAY.
  LIGHT RAIN
  FOG


RELATIVE HUMIDITY (PERCENT)
 HIGHEST    92          1200 PM
 LOWEST     44           200 AM
 AVERAGE    68

..........................................................


THE LEXINGTON KY CLIMATE NORMALS FOR TOMORROW
                         NORMAL    RECORD    YEAR
 MAXIMUM TEMPERATURE (F)   41        70      1930
 MINIMUM TEMPERATURE (F)   25        -8      1875


SUNRISE AND SUNSET
JANUARY  8 2018.......SUNRISE   755 AM EST   SUNSET   536 PM EST
JANUARY  9 2018.......SUNRISE   755 AM EST   SUNSET   537 PM EST


-  INDICATES NEGATIVE NUMBERS.
R  INDICATES RECORD WAS SET OR TIED.
MM INDICATES DATA IS MISSING.
T  INDICATES TRACE AMOUNT.

$$

SCHOETTMER
