000
CDUS43 KLMK 160626
CLILEX


CLIMATE REPORT
NATIONAL WEATHER SERVICE LOUISVILLE KY
226 AM EDT TUE SEP 16 2014


...................................

...THE LEXINGTON KY CLIMATE SUMMARY FOR SEPTEMBER 15 2014...

CLIMATE NORMAL PERIOD 1981 TO 2010
CLIMATE RECORD PERIOD 1872 TO 2014


WEATHER ITEM   OBSERVED TIME   RECORD YEAR NORMAL DEPARTURE LAST
                VALUE   (LST)  VALUE       VALUE  FROM      YEAR
                                                  NORMAL
..................................................................
TEMPERATURE (F)
 YESTERDAY
  MAXIMUM         78    246 PM  97    1936  79     -1       80
  MINIMUM         50    322 AM  43    1985  58     -8       49
                                      1904
                                      1873
  AVERAGE         64                        68     -4       65

PRECIPITATION (IN)
  YESTERDAY        0.13          1.35 1909   0.09   0.04     0.00
  MONTH TO DATE    4.35                      1.46   2.89     0.14
  SINCE SEP 1      4.35                      1.46   2.89     0.14
  SINCE JAN 1     44.08                     33.13  10.95    43.78

SNOWFALL (IN)
  YESTERDAY        0.0          MM      MM   0.0    0.0      0.0
  MONTH TO DATE    0.0                       0.0    0.0      0.0
  SINCE SEP 1      0.0                       0.0    0.0      0.0
  SINCE JUL 1      0.0                       0.0    0.0      0.0
  SNOW DEPTH       0

DEGREE DAYS
 HEATING
  YESTERDAY        1                         1      0        0
  MONTH TO DATE   10                         7      3        8
  SINCE SEP 1     10                         7      3        8
  SINCE JUL 1     12                         9      3       11

 COOLING
  YESTERDAY        0                         5     -5        0
  MONTH TO DATE  121                        98     23      121
  SINCE SEP 1    121                        98     23      121
  SINCE JAN 1   1202                      1115     87     1159
..................................................................


WIND (MPH)
  HIGHEST WIND SPEED    18   HIGHEST WIND DIRECTION     N (350)
  HIGHEST GUST SPEED    25   HIGHEST GUST DIRECTION     N (350)
  AVERAGE WIND SPEED     4.0


SKY COVER
  POSSIBLE SUNSHINE  MM
  AVERAGE SKY COVER 0.3


WEATHER CONDITIONS
 THE FOLLOWING WEATHER WAS RECORDED YESTERDAY.
  LIGHT RAIN


RELATIVE HUMIDITY (PERCENT)
 HIGHEST    84          1100 PM
 LOWEST     43           200 PM
 AVERAGE    64

..........................................................


THE LEXINGTON KY CLIMATE NORMALS FOR TODAY
                         NORMAL    RECORD    YEAR
 MAXIMUM TEMPERATURE (F)   79        96      1897
 MINIMUM TEMPERATURE (F)   58        42      1984
                                             1923


SUNRISE AND SUNSET
SEPTEMBER 16 2014.....SUNRISE   721 AM EDT   SUNSET   745 PM EDT
SEPTEMBER 17 2014.....SUNRISE   722 AM EDT   SUNSET   743 PM EDT


-  INDICATES NEGATIVE NUMBERS.
R  INDICATES RECORD WAS SET OR TIED.
MM INDICATES DATA IS MISSING.
T  INDICATES TRACE AMOUNT.




$$
