000
CDUS43 KLMK 220627
CLILEX


CLIMATE REPORT
NATIONAL WEATHER SERVICE LOUISVILLE KY
226 AM EDT SUN MAY 22 2016


...................................

...THE LEXINGTON KY CLIMATE SUMMARY FOR MAY 21 2016...

CLIMATE NORMAL PERIOD 1981 TO 2010
CLIMATE RECORD PERIOD 1872 TO 2016


WEATHER ITEM   OBSERVED TIME   RECORD YEAR NORMAL DEPARTURE LAST
                VALUE   (LST)  VALUE       VALUE  FROM      YEAR
                                                  NORMAL
..................................................................
TEMPERATURE (F)
 YESTERDAY
  MAXIMUM         64   1002 AM  92    1941  76    -12       57
  MINIMUM         53   1159 PM  37    2002  55     -2       44
  AVERAGE         59                        66     -7       51

PRECIPITATION (IN)
  YESTERDAY        0.05          2.11 2010   0.17  -0.12      T
  MONTH TO DATE    5.60                      3.54   2.06     0.91
  SINCE MAR 1     11.70                     11.21   0.49    19.78
  SINCE JAN 1     17.40                     17.61  -0.21    24.63

SNOWFALL (IN)
  YESTERDAY        0.0          MM      MM   0.0    0.0      0.0
  MONTH TO DATE    0.0                       0.0    0.0      0.0
  SINCE MAR 1      0.7                       1.7   -1.0     17.1
  SINCE JUL 1     15.3                      13.0    2.3     40.0
  SNOW DEPTH       0

DEGREE DAYS
 HEATING
  YESTERDAY        6                         3      3       14
  MONTH TO DATE  131                        91     40       51
  SINCE MAR 1    787                      1009   -222      960
  SINCE JUL 1   3758                      4580   -822     4938

 COOLING
  YESTERDAY        0                         3     -3        0
  MONTH TO DATE   21                        42    -21       94
  SINCE MAR 1     49                        64    -15      106
  SINCE JAN 1     49                        64    -15      106
..................................................................


WIND (MPH)
  HIGHEST WIND SPEED    17   HIGHEST WIND DIRECTION     N (350)
  HIGHEST GUST SPEED    22   HIGHEST GUST DIRECTION     N (350)
  AVERAGE WIND SPEED     6.6


SKY COVER
  POSSIBLE SUNSHINE  MM
  AVERAGE SKY COVER 0.9


WEATHER CONDITIONS
 THE FOLLOWING WEATHER WAS RECORDED YESTERDAY.
  RAIN
  LIGHT RAIN
  FOG


RELATIVE HUMIDITY (PERCENT)
 HIGHEST    97          1200 AM
 LOWEST     75           800 PM
 AVERAGE    86

..........................................................


THE LEXINGTON KY CLIMATE NORMALS FOR TODAY
                         NORMAL    RECORD    YEAR
 MAXIMUM TEMPERATURE (F)   76        96      1941
 MINIMUM TEMPERATURE (F)   56        37      2002


SUNRISE AND SUNSET
MAY 22 2016...........SUNRISE   622 AM EDT   SUNSET   848 PM EDT
MAY 23 2016...........SUNRISE   622 AM EDT   SUNSET   849 PM EDT


-  INDICATES NEGATIVE NUMBERS.
R  INDICATES RECORD WAS SET OR TIED.
MM INDICATES DATA IS MISSING.
T  INDICATES TRACE AMOUNT.




$$
