000
CDUS43 KLMK 150633
CLILEX


CLIMATE REPORT
NATIONAL WEATHER SERVICE LOUISVILLE KY
232 AM EDT FRI AUG 15 2014


...................................

...THE LEXINGTON KY CLIMATE SUMMARY FOR AUGUST 14 2014...

CLIMATE NORMAL PERIOD 1981 TO 2010
CLIMATE RECORD PERIOD 1872 TO 2014


WEATHER ITEM   OBSERVED TIME   RECORD YEAR NORMAL DEPARTURE LAST
                VALUE   (LST)  VALUE       VALUE  FROM      YEAR
                                                  NORMAL
..................................................................
TEMPERATURE (F)
 YESTERDAY
  MAXIMUM         84    205 PM 100    1943  86     -2       73
  MINIMUM         59    638 AM  52    1964  65     -6       53
                                      1941
  AVERAGE         72                        76     -4       63

PRECIPITATION (IN)
  YESTERDAY        0.04          3.56 1968   0.11  -0.07     0.00
  MONTH TO DATE    6.69                      1.58   5.11     2.98
  SINCE JUN 1     15.51                     10.67   4.84    19.62
  SINCE JAN 1     36.86                     30.00   6.86    41.48

SNOWFALL (IN)
  YESTERDAY        0.0          MM      MM   0.0    0.0      0.0
  MONTH TO DATE    0.0                       0.0    0.0      0.0
  SINCE JUN 1      0.0                       0.0    0.0      0.0
  SINCE JUL 1      0.0                       0.0    0.0      0.0
  SNOW DEPTH       0

DEGREE DAYS
 HEATING
  YESTERDAY        0                         0      0        2
  MONTH TO DATE    0                         0      0        2
  SINCE JUN 1      2                        11     -9        2
  SINCE JUL 1      2                         0      2        2

 COOLING
  YESTERDAY        7                        11     -4        0
  MONTH TO DATE  119                       154    -35      132
  SINCE JUN 1    694                       743    -49      702
  SINCE JAN 1    855                       850      5      855
..................................................................


WIND (MPH)
  HIGHEST WIND SPEED    16   HIGHEST WIND DIRECTION    NW (320)
  HIGHEST GUST SPEED    22   HIGHEST GUST DIRECTION     W (280)
  AVERAGE WIND SPEED     5.0


SKY COVER
  POSSIBLE SUNSHINE  MM
  AVERAGE SKY COVER 0.4


WEATHER CONDITIONS
 THE FOLLOWING WEATHER WAS RECORDED YESTERDAY.
  LIGHT RAIN
  FOG


RELATIVE HUMIDITY (PERCENT)
 HIGHEST    90           700 AM
 LOWEST     47           200 PM
 AVERAGE    69

..........................................................


THE LEXINGTON KY CLIMATE NORMALS FOR TODAY
                         NORMAL    RECORD    YEAR
 MAXIMUM TEMPERATURE (F)   86       101      2007
 MINIMUM TEMPERATURE (F)   65        51      2004
                                             1964


SUNRISE AND SUNSET
AUGUST 15 2014........SUNRISE   653 AM EDT   SUNSET   832 PM EDT
AUGUST 16 2014........SUNRISE   654 AM EDT   SUNSET   830 PM EDT


-  INDICATES NEGATIVE NUMBERS.
R  INDICATES RECORD WAS SET OR TIED.
MM INDICATES DATA IS MISSING.
T  INDICATES TRACE AMOUNT.




$$
