000
CDUS43 KLMK 172032
CLILEX


CLIMATE REPORT
NATIONAL WEATHER SERVICE LOUISVILLE KY
431 PM EDT WED MAY 17 2017


...................................

...THE LEXINGTON KY CLIMATE SUMMARY FOR MAY 17 2017...
VALID TODAY AS OF 0400 PM LOCAL TIME.

CLIMATE NORMAL PERIOD 1981 TO 2010
CLIMATE RECORD PERIOD 1872 TO 2017


WEATHER ITEM   OBSERVED TIME   RECORD YEAR NORMAL DEPARTURE LAST
                VALUE   (LST)  VALUE       VALUE  FROM      YEAR
                                                  NORMAL
..................................................................
TEMPERATURE (F)
 TODAY
  MAXIMUM         86   1058 AM  92    1962  75     11       53
  MINIMUM         68    545 AM  38    2014  54     14       48
                                      1973
                                      1875
  AVERAGE         77                        64     13       51

PRECIPITATION (IN)
  TODAY            0.00          2.48 1995   0.17  -0.17     0.56
  MONTH TO DATE    3.18                      2.86   0.32     4.31
  SINCE MAR 1      8.30                     10.53  -2.23    10.41
  SINCE JAN 1     16.40                     16.93  -0.53    16.11

SNOWFALL (IN)
  TODAY            0.0          MM      MM   0.0    0.0      0.0
  MONTH TO DATE    0.0                       0.0    0.0      0.0
  SINCE MAR 1      T                         1.7   -1.7      0.7
  SINCE JUL 1      3.4                      13.0   -9.6     15.3
  SNOW DEPTH       0

DEGREE DAYS
 HEATING
  TODAY            0                         3     -3       14
  MONTH TO DATE   89                        79     10      106
  SINCE MAR 1    751                       997   -246      762
  SINCE JUL 1   3461                      4568  -1107     3733

 COOLING
  TODAY           12                         3      9        0
  MONTH TO DATE   46                        30     16       21
  SINCE MAR 1    117                        52     65       49
  SINCE JAN 1    121                        52     69       49
..................................................................


WIND (MPH)
  HIGHEST WIND SPEED    23   HIGHEST WIND DIRECTION     S (200)
  HIGHEST GUST SPEED    31   HIGHEST GUST DIRECTION    SW (210)
  AVERAGE WIND SPEED    11.7


SKY COVER
  POSSIBLE SUNSHINE  MM
  AVERAGE SKY COVER 0.1


WEATHER CONDITIONS
 THE FOLLOWING WEATHER WAS RECORDED TODAY.
  HAZE


RELATIVE HUMIDITY (PERCENT)
 HIGHEST    70           200 AM
 LOWEST     40           100 PM
 AVERAGE    55

..........................................................


THE LEXINGTON KY CLIMATE NORMALS FOR TOMORROW
                         NORMAL    RECORD    YEAR
 MAXIMUM TEMPERATURE (F)   75        92      1962
 MINIMUM TEMPERATURE (F)   55        37      1973


SUNRISE AND SUNSET
MAY 17 2017...........SUNRISE   626 AM EDT   SUNSET   844 PM EDT
MAY 18 2017...........SUNRISE   625 AM EDT   SUNSET   845 PM EDT


-  INDICATES NEGATIVE NUMBERS.
R  INDICATES RECORD WAS SET OR TIED.
MM INDICATES DATA IS MISSING.
T  INDICATES TRACE AMOUNT.




$$
