000
CDUS43 KLMK 172027
CLILEX


CLIMATE REPORT
NATIONAL WEATHER SERVICE LOUISVILLE KY
427 PM EDT FRI OCT 17 2014


...................................

...THE LEXINGTON KY CLIMATE SUMMARY FOR OCTOBER 17 2014...
VALID TODAY AS OF 0400 PM LOCAL TIME.

CLIMATE NORMAL PERIOD 1981 TO 2010
CLIMATE RECORD PERIOD 1872 TO 2014


WEATHER ITEM   OBSERVED TIME   RECORD YEAR NORMAL DEPARTURE LAST
                VALUE   (LST)  VALUE       VALUE  FROM      YEAR
                                                  NORMAL
..................................................................
TEMPERATURE (F)
 TODAY
  MAXIMUM         74    259 PM  87    1938  67      7       58
  MINIMUM         51    654 AM  29    1970  46      5       45
                                      1948
  AVERAGE         63                        57      6       52

PRECIPITATION (IN)
  TODAY            0.00          2.41 1975   0.10  -0.10     0.15
  MONTH TO DATE    3.65                      1.66   1.99     4.34
  SINCE SEP 1      8.00                      4.57   3.43     5.97
  SINCE JAN 1     47.73                     36.24  11.49    49.61

SNOWFALL (IN)
  TODAY            0.0           0.0    MM   0.0    0.0      0.0
  MONTH TO DATE    0.0                       0.0    0.0      0.0
  SINCE SEP 1      0.0                       0.0    0.0      0.0
  SINCE JUL 1      0.0                       0.0    0.0      0.0
  SNOW DEPTH       0

DEGREE DAYS
 HEATING
  TODAY            2                         9     -7       13
  MONTH TO DATE   76                       117    -41       50
  SINCE SEP 1    104                       169    -65       67
  SINCE JUL 1    106                       171    -65       70

 COOLING
  TODAY            0                         1     -1        0
  MONTH TO DATE   25                        21      4       44
  SINCE SEP 1    191                       167     24      207
  SINCE JAN 1   1272                      1184     88     1245
..................................................................


WIND (MPH)
  HIGHEST WIND SPEED    22   HIGHEST WIND DIRECTION    SW (230)
  HIGHEST GUST SPEED    30   HIGHEST GUST DIRECTION    SW (220)
  AVERAGE WIND SPEED    12.4


SKY COVER
  POSSIBLE SUNSHINE  MM
  AVERAGE SKY COVER 0.0


WEATHER CONDITIONS
 THE FOLLOWING WEATHER WAS RECORDED TODAY.
  NO SIGNIFICANT WEATHER WAS OBSERVED.


RELATIVE HUMIDITY (PERCENT)
 HIGHEST    89          1200 AM
 LOWEST     46           300 PM
 AVERAGE    68

..........................................................


THE LEXINGTON KY CLIMATE NORMALS FOR TOMORROW
                         NORMAL    RECORD    YEAR
 MAXIMUM TEMPERATURE (F)   67        87      1938
 MINIMUM TEMPERATURE (F)   46        24      1948


SUNRISE AND SUNSET
OCTOBER 17 2014.......SUNRISE   749 AM EDT   SUNSET   658 PM EDT
OCTOBER 18 2014.......SUNRISE   750 AM EDT   SUNSET   657 PM EDT


-  INDICATES NEGATIVE NUMBERS.
R  INDICATES RECORD WAS SET OR TIED.
MM INDICATES DATA IS MISSING.
T  INDICATES TRACE AMOUNT.




$$
