762
CDUS43 KLMK 220629
CLILEX


CLIMATE REPORT
NATIONAL WEATHER SERVICE LOUISVILLE KY
229 AM EDT WED MAR 22 2017


...................................

...THE LEXINGTON KY CLIMATE SUMMARY FOR MARCH 21 2017...

CLIMATE NORMAL PERIOD 1981 TO 2010
CLIMATE RECORD PERIOD 1872 TO 2017


WEATHER ITEM   OBSERVED TIME   RECORD YEAR NORMAL DEPARTURE LAST
                VALUE   (LST)  VALUE       VALUE  FROM      YEAR
                                                  NORMAL
..................................................................
TEMPERATURE (F)
 YESTERDAY
  MAXIMUM         62    418 PM  83    1907  57      5       53
  MINIMUM         47   1159 PM  15    1986  37     10       28
  AVERAGE         55                        47      8       41

PRECIPITATION (IN)
  YESTERDAY        0.00          1.12 1955   0.14  -0.14     0.00
  MONTH TO DATE    1.45                      2.73  -1.28     2.07
  SINCE MAR 1      1.45                      2.73  -1.28     2.07
  SINCE JAN 1      9.55                      9.13   0.42     7.77

SNOWFALL (IN)
  YESTERDAY        0.0           1.2  1892   0.1   -0.1      0.0
  MONTH TO DATE    T                         1.1   -1.1      0.7
  SINCE MAR 1      T                         1.1   -1.1      0.7
  SINCE JUL 1      3.4                      12.4   -9.0     15.3
  SNOW DEPTH       0

DEGREE DAYS
 HEATING
  YESTERDAY       10                        18     -8       24
  MONTH TO DATE  455                       443     12      288
  SINCE MAR 1    455                       443     12      288
  SINCE JUL 1   3165                      4014   -849     3259

 COOLING
  YESTERDAY        0                         0      0        0
  MONTH TO DATE    0                         0      0        1
  SINCE MAR 1      0                         0      0        1
  SINCE JAN 1      4                         0      4        1
..................................................................


WIND (MPH)
  HIGHEST WIND SPEED    18   HIGHEST WIND DIRECTION     N (10)
  HIGHEST GUST SPEED    22   HIGHEST GUST DIRECTION     N (10)
  AVERAGE WIND SPEED     9.4


SKY COVER
  POSSIBLE SUNSHINE  MM
  AVERAGE SKY COVER 0.5


WEATHER CONDITIONS
 THE FOLLOWING WEATHER WAS RECORDED YESTERDAY.
  FOG
  HAZE


RELATIVE HUMIDITY (PERCENT)
 HIGHEST    86           400 AM
 LOWEST     50          1000 PM
 AVERAGE    68

..........................................................


THE LEXINGTON KY CLIMATE NORMALS FOR TODAY
                         NORMAL    RECORD    YEAR
 MAXIMUM TEMPERATURE (F)   58        82      1907
 MINIMUM TEMPERATURE (F)   37        12      1876


SUNRISE AND SUNSET
MARCH 22 2017.........SUNRISE   738 AM EDT   SUNSET   752 PM EDT
MARCH 23 2017.........SUNRISE   737 AM EDT   SUNSET   753 PM EDT


-  INDICATES NEGATIVE NUMBERS.
R  INDICATES RECORD WAS SET OR TIED.
MM INDICATES DATA IS MISSING.
T  INDICATES TRACE AMOUNT.




$$
