000
CDUS43 KLMK 162031
CLILEX


CLIMATE REPORT
NATIONAL WEATHER SERVICE LOUISVILLE KY
430 PM EDT SAT JUL 16 2016


...................................

...THE LEXINGTON KY CLIMATE SUMMARY FOR JULY 16 2016...
VALID TODAY AS OF 0400 PM LOCAL TIME.

CLIMATE NORMAL PERIOD 1981 TO 2010
CLIMATE RECORD PERIOD 1872 TO 2016


WEATHER ITEM   OBSERVED TIME   RECORD YEAR NORMAL DEPARTURE LAST
                VALUE   (LST)  VALUE       VALUE  FROM      YEAR
                                                  NORMAL
..................................................................
TEMPERATURE (F)
 TODAY
  MAXIMUM         86    315 PM 100    1980  86      0       85
  MINIMUM         68    448 AM  50    1945  67      1       64
  AVERAGE         77                        76      1       75

PRECIPITATION (IN)
  TODAY            0.01          3.14 1934   0.16  -0.15     0.00
  MONTH TO DATE    2.93                      2.37   0.56     7.11
  SINCE JUN 1      7.49                      6.81   0.68    12.75
  SINCE JAN 1     25.78                     26.14  -0.36    38.54

SNOWFALL (IN)
  TODAY            0.0          MM      MM   0.0    0.0      0.0
  MONTH TO DATE    0.0                       0.0    0.0      0.0
  SINCE JUN 1      0.0                       0.0    0.0      0.0
  SINCE JUL 1      0.0                       0.0    0.0      0.0
  SNOW DEPTH       0

DEGREE DAYS
 HEATING
  TODAY            0                         0      0        0
  MONTH TO DATE    0                         0      0        0
  SINCE JUN 1      1                        11    -10       18
  SINCE JUL 1      0                         0      0        0

 COOLING
  TODAY           12                        11      1       10
  MONTH TO DATE  188                       176     12      157
  SINCE JUN 1    501                       418     83      446
  SINCE JAN 1    615                       525     90      614
..................................................................


WIND (MPH)
  HIGHEST WIND SPEED    10   HIGHEST WIND DIRECTION    NW (330)
  HIGHEST GUST SPEED    15   HIGHEST GUST DIRECTION    SW (240)
  AVERAGE WIND SPEED     2.3


SKY COVER
  POSSIBLE SUNSHINE  MM
  AVERAGE SKY COVER 0.5


WEATHER CONDITIONS
 THE FOLLOWING WEATHER WAS RECORDED TODAY.
  LIGHT RAIN
  FOG


RELATIVE HUMIDITY (PERCENT)
 HIGHEST    90          1200 AM
 LOWEST     55           100 PM
 AVERAGE    73

..........................................................


THE LEXINGTON KY CLIMATE NORMALS FOR TOMORROW
                         NORMAL    RECORD    YEAR
 MAXIMUM TEMPERATURE (F)   86        99      1935
 MINIMUM TEMPERATURE (F)   67        53      1976


SUNRISE AND SUNSET
JULY 16 2016..........SUNRISE   629 AM EDT   SUNSET   900 PM EDT
JULY 17 2016..........SUNRISE   630 AM EDT   SUNSET   859 PM EDT


-  INDICATES NEGATIVE NUMBERS.
R  INDICATES RECORD WAS SET OR TIED.
MM INDICATES DATA IS MISSING.
T  INDICATES TRACE AMOUNT.




$$
