307
CDUS43 KLMK 100631
CLILEX


CLIMATE REPORT
NATIONAL WEATHER SERVICE LOUISVILLE KY
130 AM EST TUE JAN 10 2017


...................................

...THE LEXINGTON KY CLIMATE SUMMARY FOR JANUARY 9 2017...

CLIMATE NORMAL PERIOD 1981 TO 2010
CLIMATE RECORD PERIOD 1872 TO 2017


WEATHER ITEM   OBSERVED TIME   RECORD YEAR NORMAL DEPARTURE LAST
                VALUE   (LST)  VALUE       VALUE  FROM      YEAR
                                                  NORMAL
..................................................................
TEMPERATURE (F)
 YESTERDAY
  MAXIMUM         37    420 PM  70    1930  41     -4       54
  MINIMUM         17   1236 AM  -8    1875  25     -8       44
  AVERAGE         27                        33     -6       49

PRECIPITATION (IN)
  YESTERDAY        0.00          1.53 1937   0.10  -0.10     0.18
  MONTH TO DATE    0.80                      0.94  -0.14     0.43
  SINCE DEC 1      6.98                      4.87   2.11     7.64
  SINCE JAN 1      0.80                      0.94  -0.14     0.43

SNOWFALL (IN)
  YESTERDAY        0.0           3.0  1977   0.1   -0.1      0.0
                                      1905
  MONTH TO DATE    2.5                       1.0    1.5       T
  SINCE DEC 1      2.6                       3.5   -0.9       T
  SINCE JUL 1      2.6                       3.8   -1.2       T
  SNOW DEPTH       T

DEGREE DAYS
 HEATING
  YESTERDAY       38                        32      6       16
  MONTH TO DATE  314                       288     26      253
  SINCE DEC 1   1171                      1189    -18      749
  SINCE JUL 1   1757                      2076   -319     1435

 COOLING
  YESTERDAY        0                         0      0        0
  MONTH TO DATE    0                         0      0        0
  SINCE DEC 1      0                         0      0        0
  SINCE JAN 1      0                         0      0        0
..................................................................


WIND (MPH)
  HIGHEST WIND SPEED    20   HIGHEST WIND DIRECTION    SW (220)
  HIGHEST GUST SPEED    24   HIGHEST GUST DIRECTION     S (200)
  AVERAGE WIND SPEED    10.4


SKY COVER
  POSSIBLE SUNSHINE  MM
  AVERAGE SKY COVER 0.3


WEATHER CONDITIONS
 THE FOLLOWING WEATHER WAS RECORDED YESTERDAY.
  NO SIGNIFICANT WEATHER WAS OBSERVED.


RELATIVE HUMIDITY (PERCENT)
 HIGHEST    62           700 AM
 LOWEST     39          1200 PM
 AVERAGE    51

..........................................................


THE LEXINGTON KY CLIMATE NORMALS FOR TODAY
                         NORMAL    RECORD    YEAR
 MAXIMUM TEMPERATURE (F)   41        64      1975
 MINIMUM TEMPERATURE (F)   25       -11      1982


SUNRISE AND SUNSET
JANUARY 10 2017.......SUNRISE   754 AM EST   SUNSET   538 PM EST
JANUARY 11 2017.......SUNRISE   754 AM EST   SUNSET   539 PM EST


-  INDICATES NEGATIVE NUMBERS.
R  INDICATES RECORD WAS SET OR TIED.
MM INDICATES DATA IS MISSING.
T  INDICATES TRACE AMOUNT.

$$

SCHOETTMER
