000
CDUS43 KLMK 302130
CLILEX


CLIMATE REPORT
NATIONAL WEATHER SERVICE LOUISVILLE KY
429 PM EST SAT JAN 30 2016


...................................

...THE LEXINGTON KY CLIMATE SUMMARY FOR JANUARY 30 2016...
VALID TODAY AS OF 0400 PM LOCAL TIME.

CLIMATE NORMAL PERIOD 1981 TO 2010
CLIMATE RECORD PERIOD 1872 TO 2016


WEATHER ITEM   OBSERVED TIME   RECORD YEAR NORMAL DEPARTURE LAST
                VALUE   (LST)  VALUE       VALUE  FROM      YEAR
                                                  NORMAL
..................................................................
TEMPERATURE (F)
 TODAY
  MAXIMUM         65    334 PM  69    1916  42     23       36
  MINIMUM         31   1218 AM -10    1966  25      6       22
  AVERAGE         48                        34     14       29

PRECIPITATION (IN)
  TODAY            0.00          1.59 1947   0.11  -0.11      T
  MONTH TO DATE    1.21                      3.08  -1.87     1.85
  SINCE DEC 1      8.42                      7.01   1.41     5.15
  SINCE JAN 1      1.21                      3.08  -1.87     1.85

SNOWFALL (IN)
  TODAY            0.0           5.7  1980   0.1   -0.1       T
  MONTH TO DATE    9.6                       3.7    5.9      5.9
  SINCE DEC 1      9.6                       6.2    3.4      5.9
  SINCE JUL 1      9.6                       6.5    3.1      7.5
  SNOW DEPTH       0

DEGREE DAYS
 HEATING
  TODAY           17                        31    -14       36
  MONTH TO DATE 1016                       959     57     1009
  SINCE DEC 1   1512                      1860   -348     1820
  SINCE JUL 1   2198                      2747   -549     2827

 COOLING
  TODAY            0                         0      0        0
  MONTH TO DATE    0                         0      0        0
  SINCE DEC 1      0                         0      0        0
  SINCE JAN 1      0                         0      0        0
..................................................................


WIND (MPH)
  HIGHEST WIND SPEED    31   HIGHEST WIND DIRECTION    SW (210)
  HIGHEST GUST SPEED    37   HIGHEST GUST DIRECTION    SW (230)
  AVERAGE WIND SPEED    14.6


SKY COVER
  POSSIBLE SUNSHINE  MM
  AVERAGE SKY COVER 0.0


WEATHER CONDITIONS
 THE FOLLOWING WEATHER WAS RECORDED TODAY.
  NO SIGNIFICANT WEATHER WAS OBSERVED.


RELATIVE HUMIDITY (PERCENT)
 HIGHEST    72          1200 AM
 LOWEST     30           400 PM
 AVERAGE    51

..........................................................


THE LEXINGTON KY CLIMATE NORMALS FOR TOMORROW
                         NORMAL    RECORD    YEAR
 MAXIMUM TEMPERATURE (F)   42        71      2002
 MINIMUM TEMPERATURE (F)   25       -10      1965


SUNRISE AND SUNSET
JANUARY 30 2016.......SUNRISE   745 AM EST   SUNSET   559 PM EST
JANUARY 31 2016.......SUNRISE   744 AM EST   SUNSET   600 PM EST


-  INDICATES NEGATIVE NUMBERS.
R  INDICATES RECORD WAS SET OR TIED.
MM INDICATES DATA IS MISSING.
T  INDICATES TRACE AMOUNT.




$$
