000
CDUS43 KLMK 070628
CLILEX


CLIMATE REPORT
NATIONAL WEATHER SERVICE LOUISVILLE KY
228 AM EDT THU SEP 7 2017


...................................

...THE LEXINGTON KY CLIMATE SUMMARY FOR SEPTEMBER 6 2017...

CLIMATE NORMAL PERIOD 1981 TO 2010
CLIMATE RECORD PERIOD 1872 TO 2017


WEATHER ITEM   OBSERVED TIME   RECORD YEAR NORMAL DEPARTURE LAST
                VALUE   (LST)  VALUE       VALUE  FROM      YEAR
                                                  NORMAL
..................................................................
TEMPERATURE (F)
 YESTERDAY
  MAXIMUM         70    300 PM 102    1954  82    -12       93
  MINIMUM         49    605 AM  45    1988  61    -12       66
  AVERAGE         60                        72    -12       80

PRECIPITATION (IN)
  YESTERDAY        0.00          0.59 1948   0.09  -0.09     0.00
  MONTH TO DATE    2.40                      0.55   1.85      T
  SINCE SEP 1      2.40                      0.55   1.85      T
  SINCE JAN 1     37.34                     32.22   5.12    34.37

SNOWFALL (IN)
  YESTERDAY        0.0          MM      MM   0.0    0.0      0.0
  MONTH TO DATE    0.0                       0.0    0.0      0.0
  SINCE SEP 1      0.0                       0.0    0.0      0.0
  SINCE JUL 1      0.0                       0.0    0.0      0.0
  SNOW DEPTH       0

DEGREE DAYS
 HEATING
  YESTERDAY        5                         0      5        0
  MONTH TO DATE   11                         0     11        0
  SINCE SEP 1     11                         0     11        0
  SINCE JUL 1     11                         2      9        0

 COOLING
  YESTERDAY        0                         7     -7       15
  MONTH TO DATE   13                        46    -33       52
  SINCE SEP 1     13                        46    -33       52
  SINCE JAN 1   1094                      1063     31     1328
..................................................................


WIND (MPH)
  HIGHEST WIND SPEED    15   HIGHEST WIND DIRECTION     W (280)
  HIGHEST GUST SPEED    19   HIGHEST GUST DIRECTION     W (280)
  AVERAGE WIND SPEED     4.7


SKY COVER
  POSSIBLE SUNSHINE  MM
  AVERAGE SKY COVER 0.3


WEATHER CONDITIONS
 THE FOLLOWING WEATHER WAS RECORDED YESTERDAY.
  FOG


RELATIVE HUMIDITY (PERCENT)
 HIGHEST    93           100 AM
 LOWEST     40           300 PM
 AVERAGE    67

..........................................................


THE LEXINGTON KY CLIMATE NORMALS FOR TODAY
                         NORMAL    RECORD    YEAR
 MAXIMUM TEMPERATURE (F)   82        97      1939
                                             1899
 MINIMUM TEMPERATURE (F)   61        48      1988
                                             1962


SUNRISE AND SUNSET
SEPTEMBER  7 2017.....SUNRISE   714 AM EDT   SUNSET   758 PM EDT
SEPTEMBER  8 2017.....SUNRISE   714 AM EDT   SUNSET   757 PM EDT


-  INDICATES NEGATIVE NUMBERS.
R  INDICATES RECORD WAS SET OR TIED.
MM INDICATES DATA IS MISSING.
T  INDICATES TRACE AMOUNT.




$$
