000
CDUS43 KLMK 142029
CLILEX

CLIMATE REPORT
NATIONAL WEATHER SERVICE LOUISVILLE KY
427 PM EDT SUN SEP 14 2014


...................................

...THE LEXINGTON KY CLIMATE SUMMARY FOR SEPTEMBER 14 2014...
VALID TODAY AS OF 0400 PM LOCAL TIME.

CLIMATE NORMAL PERIOD 1981 TO 2010
CLIMATE RECORD PERIOD 1872 TO 2014


WEATHER ITEM   OBSERVED TIME   RECORD YEAR NORMAL DEPARTURE LAST
                VALUE   (LST)  VALUE       VALUE  FROM      YEAR
                                                  NORMAL
..................................................................
TEMPERATURE (F)
 TODAY
  MAXIMUM         73    259 PM 101    1936  80     -7       72
  MINIMUM         49    650 AM  41    1975  58     -9       47
                                      1964
                                      1937
  AVERAGE         61                        69     -8       60

PRECIPITATION (IN)
  TODAY            0.00          0.65 2002   0.10  -0.10     0.00
  MONTH TO DATE    4.22                      1.37   2.85     0.14
  SINCE SEP 1      4.22                      1.37   2.85     0.14
  SINCE JAN 1     43.95                     33.04  10.91    43.78

SNOWFALL (IN)
  TODAY            0.0          MM      MM   0.0    0.0      0.0
  MONTH TO DATE    0.0                       0.0    0.0      0.0
  SINCE SEP 1      0.0                       0.0    0.0      0.0
  SINCE JUL 1      0.0                       0.0    0.0      0.0
  SNOW DEPTH       0

DEGREE DAYS
 HEATING
  TODAY            4                         1      3        5
  MONTH TO DATE   10                         6      4        8
  SINCE SEP 1     10                         6      4        8
  SINCE JUL 1     12                         8      4       11

 COOLING
  TODAY            0                         5     -5        0
  MONTH TO DATE  121                        93     28      121
  SINCE SEP 1    121                        93     28      121
  SINCE JAN 1   1202                      1110     92     1159
..................................................................


WIND (MPH)
  HIGHEST WIND SPEED    12   HIGHEST WIND DIRECTION     E (70)
  HIGHEST GUST SPEED    14   HIGHEST GUST DIRECTION     E (70)
  AVERAGE WIND SPEED     5.2


SKY COVER
  POSSIBLE SUNSHINE  MM
  AVERAGE SKY COVER 0.0


WEATHER CONDITIONS
 THE FOLLOWING WEATHER WAS RECORDED TODAY.
  NO SIGNIFICANT WEATHER WAS OBSERVED.


RELATIVE HUMIDITY (PERCENT)
 HIGHEST    86           600 AM
 LOWEST     44           200 PM
 AVERAGE    65

..........................................................


THE LEXINGTON KY CLIMATE NORMALS FOR TOMORROW
                         NORMAL    RECORD    YEAR
 MAXIMUM TEMPERATURE (F)   79        97      1936
 MINIMUM TEMPERATURE (F)   58        43      1985
                                             1904
                                             1873


SUNRISE AND SUNSET
SEPTEMBER 14 2014.....SUNRISE   719 AM EDT   SUNSET   748 PM EDT
SEPTEMBER 15 2014.....SUNRISE   720 AM EDT   SUNSET   746 PM EDT


-  INDICATES NEGATIVE NUMBERS.
R  INDICATES RECORD WAS SET OR TIED.
MM INDICATES DATA IS MISSING.
T  INDICATES TRACE AMOUNT.




$$
