000
CDUS43 KLMK 112130
CLILEX


CLIMATE REPORT
NATIONAL WEATHER SERVICE LOUISVILLE KY
429 PM EST SAT NOV 11 2017


...................................

...THE LEXINGTON KY CLIMATE SUMMARY FOR NOVEMBER 11 2017...
VALID TODAY AS OF 0400 PM LOCAL TIME.

CLIMATE NORMAL PERIOD 1981 TO 2010
CLIMATE RECORD PERIOD 1872 TO 2017


WEATHER ITEM   OBSERVED TIME   RECORD YEAR NORMAL DEPARTURE LAST
                VALUE   (LST)  VALUE       VALUE  FROM      YEAR
                                                  NORMAL
..................................................................
TEMPERATURE (F)
 TODAY
  MAXIMUM         50    348 PM  75    1949  58     -8       63
                                      1902
  MINIMUM         25    747 AM  19    1913  39    -14       40
  AVERAGE         38                        48    -10       52

PRECIPITATION (IN)
  TODAY            0.00          1.50 2004   0.10  -0.10     0.00
  MONTH TO DATE    1.49                      1.20   0.29     0.28
  SINCE SEP 1     11.00                      7.24   3.76     2.78
  SINCE JAN 1     45.94                     38.91   7.03    37.15

SNOWFALL (IN)
  TODAY            0.0           0.9  1894   0.0    0.0      0.0
  MONTH TO DATE    0.0                       0.0    0.0      0.0
  SINCE SEP 1      T                         0.0    0.0      0.0
  SINCE JUL 1      T                         0.0    0.0      0.0
  SNOW DEPTH       0

DEGREE DAYS
 HEATING
  TODAY           27                        17     10       13
  MONTH TO DATE  140                       165    -25      106
  SINCE SEP 1    392                       489    -97      239
  SINCE JUL 1    392                       491    -99      239

 COOLING
  TODAY            0                         0      0        0
  MONTH TO DATE    6                         0      6       14
  SINCE SEP 1    209                       171     38      363
  SINCE JAN 1   1290                      1188    102     1639
..................................................................


WIND (MPH)
  HIGHEST WIND SPEED    14   HIGHEST WIND DIRECTION     E (70)
  HIGHEST GUST SPEED    20   HIGHEST GUST DIRECTION     E (70)
  AVERAGE WIND SPEED     7.5


SKY COVER
  POSSIBLE SUNSHINE  MM
  AVERAGE SKY COVER 0.0


WEATHER CONDITIONS
 THE FOLLOWING WEATHER WAS RECORDED TODAY.
  NO SIGNIFICANT WEATHER WAS OBSERVED.


RELATIVE HUMIDITY (PERCENT)
 HIGHEST    68           200 AM
 LOWEST     50           200 PM
 AVERAGE    59

..........................................................


THE LEXINGTON KY CLIMATE NORMALS FOR TOMORROW
                         NORMAL    RECORD    YEAR
 MAXIMUM TEMPERATURE (F)   57        75      1945
                                             1938
 MINIMUM TEMPERATURE (F)   39        14      1911


SUNRISE AND SUNSET
NOVEMBER 11 2017......SUNRISE   715 AM EST   SUNSET   529 PM EST
NOVEMBER 12 2017......SUNRISE   716 AM EST   SUNSET   529 PM EST


-  INDICATES NEGATIVE NUMBERS.
R  INDICATES RECORD WAS SET OR TIED.
MM INDICATES DATA IS MISSING.
T  INDICATES TRACE AMOUNT.




$$
