457
CDUS43 KLMK 150631
CLILEX


CLIMATE REPORT
NATIONAL WEATHER SERVICE LOUISVILLE KY
231 AM EDT FRI SEP 15 2017


...................................

...THE LEXINGTON KY CLIMATE SUMMARY FOR SEPTEMBER 14 2017...

CLIMATE NORMAL PERIOD 1981 TO 2010
CLIMATE RECORD PERIOD 1872 TO 2017


WEATHER ITEM   OBSERVED TIME   RECORD YEAR NORMAL DEPARTURE LAST
                VALUE   (LST)  VALUE       VALUE  FROM      YEAR
                                                  NORMAL
..................................................................
TEMPERATURE (F)
 YESTERDAY
  MAXIMUM         72    605 PM 101    1936  80     -8       90
  MINIMUM         60   1142 PM  41    1975  58      2       60
                                      1964
                                      1937
  AVERAGE         66                        69     -3       75

PRECIPITATION (IN)
  YESTERDAY        0.06          0.65 2002   0.10  -0.04     0.00
  MONTH TO DATE    3.18                      1.37   1.81     0.22
  SINCE SEP 1      3.18                      1.37   1.81     0.22
  SINCE JAN 1     38.12                     33.04   5.08    34.59

SNOWFALL (IN)
  YESTERDAY        0.0          MM      MM   0.0    0.0      0.0
  MONTH TO DATE    0.0                       0.0    0.0      0.0
  SINCE SEP 1      0.0                       0.0    0.0      0.0
  SINCE JUL 1      0.0                       0.0    0.0      0.0
  SNOW DEPTH       0

DEGREE DAYS
 HEATING
  YESTERDAY        0                         1     -1        0
  MONTH TO DATE   31                         6     25        0
  SINCE SEP 1     31                         6     25        0
  SINCE JUL 1     31                         8     23        0

 COOLING
  YESTERDAY        1                         5     -4       10
  MONTH TO DATE   16                        93    -77      139
  SINCE SEP 1     16                        93    -77      139
  SINCE JAN 1   1097                      1110    -13     1415
..................................................................


WIND (MPH)
  HIGHEST WIND SPEED    10   HIGHEST WIND DIRECTION     W (280)
  HIGHEST GUST SPEED    13   HIGHEST GUST DIRECTION     W (270)
  AVERAGE WIND SPEED     4.4


SKY COVER
  POSSIBLE SUNSHINE  MM
  AVERAGE SKY COVER 0.8


WEATHER CONDITIONS
 THE FOLLOWING WEATHER WAS RECORDED YESTERDAY.
  LIGHT RAIN
  FOG


RELATIVE HUMIDITY (PERCENT)
 HIGHEST    97           600 AM
 LOWEST     68           400 PM
 AVERAGE    83

..........................................................


THE LEXINGTON KY CLIMATE NORMALS FOR TODAY
                         NORMAL    RECORD    YEAR
 MAXIMUM TEMPERATURE (F)   79        97      1936
 MINIMUM TEMPERATURE (F)   58        43      1985
                                             1904
                                             1873


SUNRISE AND SUNSET
SEPTEMBER 15 2017.....SUNRISE   720 AM EDT   SUNSET   746 PM EDT
SEPTEMBER 16 2017.....SUNRISE   721 AM EDT   SUNSET   744 PM EDT


-  INDICATES NEGATIVE NUMBERS.
R  INDICATES RECORD WAS SET OR TIED.
MM INDICATES DATA IS MISSING.
T  INDICATES TRACE AMOUNT.




$$
