489
CDUS43 KLMK 140631
CLILEX


CLIMATE REPORT
NATIONAL WEATHER SERVICE LOUISVILLE KY
130 AM EST WED FEB 14 2018


...................................

...THE LEXINGTON KY CLIMATE SUMMARY FOR FEBRUARY 13 2018...

CLIMATE NORMAL PERIOD 1981 TO 2010
CLIMATE RECORD PERIOD 1872 TO 2018


WEATHER ITEM   OBSERVED TIME   RECORD YEAR NORMAL DEPARTURE LAST
                VALUE   (LST)  VALUE       VALUE  FROM      YEAR
                                                  NORMAL
..................................................................
TEMPERATURE (F)
 YESTERDAY
  MAXIMUM         51    430 PM  71    1962  45      6       50
                                      1938
  MINIMUM         27    346 AM -20    1899  28     -1       28
  AVERAGE         39                        36      3       39

PRECIPITATION (IN)
  YESTERDAY        0.00          3.10 1989   0.10  -0.10     0.00
  MONTH TO DATE    2.59                      1.47   1.12     1.36
  SINCE DEC 1      7.05                      8.60  -1.55    12.25
  SINCE JAN 1      4.68                      4.67   0.01     6.07

SNOWFALL (IN)
  YESTERDAY        0.0           6.9  1960   0.2   -0.2      0.0
  MONTH TO DATE    1.3                       2.5   -1.2       T
  SINCE DEC 1      7.6                       8.9   -1.3      3.4
  SINCE JUL 1      7.6                       9.2   -1.6      3.4
  SNOW DEPTH       0

DEGREE DAYS
 HEATING
  YESTERDAY       26                        29     -3       26
  MONTH TO DATE  399                       390      9      304
  SINCE DEC 1   2368                      2286     82     1922
  SINCE JUL 1   3148                      3173    -25     2508

 COOLING
  YESTERDAY        0                         0      0        0
  MONTH TO DATE    0                         0      0        0
  SINCE DEC 1      0                         0      0        0
  SINCE JAN 1      0                         0      0        0
..................................................................


WIND (MPH)
  HIGHEST WIND SPEED    16   HIGHEST WIND DIRECTION    NE (50)
  HIGHEST GUST SPEED    20   HIGHEST GUST DIRECTION    NE (50)
  AVERAGE WIND SPEED     7.7


SKY COVER
  POSSIBLE SUNSHINE  MM
  AVERAGE SKY COVER 0.6


WEATHER CONDITIONS
 THE FOLLOWING WEATHER WAS RECORDED YESTERDAY.
  NO SIGNIFICANT WEATHER WAS OBSERVED.


RELATIVE HUMIDITY (PERCENT)
 HIGHEST    92           900 PM
 LOWEST     64          1000 AM
 AVERAGE    78

..........................................................


THE LEXINGTON KY CLIMATE NORMALS FOR TODAY
                         NORMAL    RECORD    YEAR
 MAXIMUM TEMPERATURE (F)   45        70      1918
                                             1911
 MINIMUM TEMPERATURE (F)   28        -7      1905


SUNRISE AND SUNSET
FEBRUARY 14 2018......SUNRISE   730 AM EST   SUNSET   616 PM EST
FEBRUARY 15 2018......SUNRISE   728 AM EST   SUNSET   617 PM EST


-  INDICATES NEGATIVE NUMBERS.
R  INDICATES RECORD WAS SET OR TIED.
MM INDICATES DATA IS MISSING.
T  INDICATES TRACE AMOUNT.




$$
