000
CDUS43 KLMK 200628
CLILEX

CLIMATE REPORT
NATIONAL WEATHER SERVICE LOUISVILLE KY
126 AM EST TUE JAN 20 2015

...................................

...THE LEXINGTON KY CLIMATE SUMMARY FOR JANUARY 19 2015...

CLIMATE NORMAL PERIOD 1981 TO 2010
CLIMATE RECORD PERIOD 1872 TO 2015


WEATHER ITEM   OBSERVED TIME   RECORD YEAR NORMAL DEPARTURE LAST
                VALUE   (LST)  VALUE       VALUE  FROM      YEAR
                                                  NORMAL
..................................................................
TEMPERATURE (F)
 YESTERDAY
  MAXIMUM         55    409 PM  68    1907  41     14       38
  MINIMUM         25    558 AM -20    1994  25      0       30
  AVERAGE         40                        33      7       34

PRECIPITATION (IN)
  YESTERDAY        0.00          1.60 1988   0.10  -0.10      T
  MONTH TO DATE    1.03                      1.95  -0.92     2.05
  SINCE DEC 1      4.33                      5.88  -1.55     7.63
  SINCE JAN 1      1.03                      1.95  -0.92     2.05

SNOWFALL (IN)
  YESTERDAY        0.0           8.9  1936   0.1   -0.1       T
  MONTH TO DATE    T                         2.2   -2.2      2.0
  SINCE DEC 1      T                         4.7   -4.7      2.6
  SINCE JUL 1      1.6                       5.0   -3.4      4.0
  SNOW DEPTH       0

DEGREE DAYS
 HEATING
  YESTERDAY       25                        32     -7       31
  MONTH TO DATE  666                       608     58      648
  SINCE DEC 1   1477                      1509    -32     1479
  SINCE JUL 1   2484                      2396     88     2406

 COOLING
  YESTERDAY        0                         0      0        0
  MONTH TO DATE    0                         0      0        0
  SINCE DEC 1      0                         0      0        0
  SINCE JAN 1      0                         0      0        0
..................................................................


WIND (MPH)
  HIGHEST WIND SPEED    10   HIGHEST WIND DIRECTION    SE (130)
  HIGHEST GUST SPEED    13   HIGHEST GUST DIRECTION    SE (130)
  AVERAGE WIND SPEED     4.4


SKY COVER
  POSSIBLE SUNSHINE  MM
  AVERAGE SKY COVER 0.0


WEATHER CONDITIONS
 THE FOLLOWING WEATHER WAS RECORDED YESTERDAY.
  HAZE


RELATIVE HUMIDITY (PERCENT)
 HIGHEST    88           600 AM
 LOWEST     35           300 PM
 AVERAGE    62

..........................................................


THE LEXINGTON KY CLIMATE NORMALS FOR TODAY
                         NORMAL    RECORD    YEAR
 MAXIMUM TEMPERATURE (F)   41        70      1906
 MINIMUM TEMPERATURE (F)   25       -18      1985


SUNRISE AND SUNSET
JANUARY 20 2015.......SUNRISE   751 AM EST   SUNSET   548 PM EST
JANUARY 21 2015.......SUNRISE   751 AM EST   SUNSET   549 PM EST


-  INDICATES NEGATIVE NUMBERS.
R  INDICATES RECORD WAS SET OR TIED.
MM INDICATES DATA IS MISSING.
T  INDICATES TRACE AMOUNT.

$$
04
