545
CDUS43 KLMK 230626
CLILEX


CLIMATE REPORT
NATIONAL WEATHER SERVICE LOUISVILLE KY
226 AM EDT MON MAY 23 2016


...................................

...THE LEXINGTON KY CLIMATE SUMMARY FOR MAY 22 2016...

CLIMATE NORMAL PERIOD 1981 TO 2010
CLIMATE RECORD PERIOD 1872 TO 2016


WEATHER ITEM   OBSERVED TIME   RECORD YEAR NORMAL DEPARTURE LAST
                VALUE   (LST)  VALUE       VALUE  FROM      YEAR
                                                  NORMAL
..................................................................
TEMPERATURE (F)
 YESTERDAY
  MAXIMUM         77    342 PM  96    1941  76      1       73
  MINIMUM         48    605 AM  37    2002  56     -8       42
  AVERAGE         63                        66     -3       58

PRECIPITATION (IN)
  YESTERDAY        0.00          2.30 1973   0.16  -0.16     0.00
  MONTH TO DATE    5.60                      3.70   1.90     0.91
  SINCE MAR 1     11.70                     11.37   0.33    19.78
  SINCE JAN 1     17.40                     17.77  -0.37    24.63

SNOWFALL (IN)
  YESTERDAY        0.0          MM      MM   0.0    0.0      0.0
  MONTH TO DATE    0.0                       0.0    0.0      0.0
  SINCE MAR 1      0.7                       1.7   -1.0     17.1
  SINCE JUL 1     15.3                      13.0    2.3     40.0
  SNOW DEPTH       0

DEGREE DAYS
 HEATING
  YESTERDAY        2                         3     -1        7
  MONTH TO DATE  133                        94     39       58
  SINCE MAR 1    789                      1012   -223      967
  SINCE JUL 1   3760                      4583   -823     4945

 COOLING
  YESTERDAY        0                         3     -3        0
  MONTH TO DATE   21                        45    -24       94
  SINCE MAR 1     49                        67    -18      106
  SINCE JAN 1     49                        67    -18      106
..................................................................


WIND (MPH)
  HIGHEST WIND SPEED    17   HIGHEST WIND DIRECTION    NW (320)
  HIGHEST GUST SPEED    24   HIGHEST GUST DIRECTION     N (350)
  AVERAGE WIND SPEED     6.8


SKY COVER
  POSSIBLE SUNSHINE  MM
  AVERAGE SKY COVER 0.0


WEATHER CONDITIONS
 THE FOLLOWING WEATHER WAS RECORDED YESTERDAY.
  FOG


RELATIVE HUMIDITY (PERCENT)
 HIGHEST   100           600 AM
 LOWEST     31           300 PM
 AVERAGE    66

..........................................................


THE LEXINGTON KY CLIMATE NORMALS FOR TODAY
                         NORMAL    RECORD    YEAR
 MAXIMUM TEMPERATURE (F)   76        91      1939
                                             1936
 MINIMUM TEMPERATURE (F)   56        39      1963
                                             1917


SUNRISE AND SUNSET
MAY 23 2016...........SUNRISE   622 AM EDT   SUNSET   849 PM EDT
MAY 24 2016...........SUNRISE   621 AM EDT   SUNSET   850 PM EDT


-  INDICATES NEGATIVE NUMBERS.
R  INDICATES RECORD WAS SET OR TIED.
MM INDICATES DATA IS MISSING.
T  INDICATES TRACE AMOUNT.




$$
