000
CDUS43 KLMK 280633
CLILEX

CLIMATE REPORT
NATIONAL WEATHER SERVICE LOUISVILLE KY
230 AM EDT SUN JUN 28 2015
...................................

...THE LEXINGTON KY CLIMATE SUMMARY FOR JUNE 27 2015...

CLIMATE NORMAL PERIOD 1981 TO 2010
CLIMATE RECORD PERIOD 1872 TO 2015


WEATHER ITEM   OBSERVED TIME   RECORD YEAR NORMAL DEPARTURE LAST
                VALUE   (LST)  VALUE       VALUE  FROM      YEAR
                                                  NORMAL
..................................................................
TEMPERATURE (F)
 YESTERDAY
  MAXIMUM         74    501 PM 101    1944  85    -11       90
  MINIMUM         59   1116 PM  51    2012  65     -6       68
  AVERAGE         67                        75     -8       79

PRECIPITATION (IN)
  YESTERDAY        0.06          3.06 1973   0.13  -0.07     0.02
  MONTH TO DATE    5.02                      4.05   0.97     5.03
  SINCE JUN 1      5.02                      4.05   0.97     5.03
  SINCE JAN 1     30.81                     23.38   7.43    26.38

SNOWFALL (IN)
  YESTERDAY        0.0          MM      MM   0.0    0.0      0.0
  MONTH TO DATE    0.0                       0.0    0.0      0.0
  SINCE JUN 1      0.0                       0.0    0.0      0.0
  SINCE JUL 1     40.0                      13.0   27.0     27.1
  SNOW DEPTH       0

DEGREE DAYS
 HEATING
  YESTERDAY        0                         0      0        0
  MONTH TO DATE   18                         8     10        0
  SINCE JUN 1     18                         8     10        0
  SINCE JUL 1   4964                      4608    356     4855

 COOLING
  YESTERDAY        2                        10     -8       14
  MONTH TO DATE  272                       210     62      267
  SINCE JUN 1    272                       210     62      267
  SINCE JAN 1    440                       317    123      428
..................................................................


WIND (MPH)
  HIGHEST WIND SPEED    22   HIGHEST WIND DIRECTION    NW (320)
  HIGHEST GUST SPEED    29   HIGHEST GUST DIRECTION    NW (330)
  AVERAGE WIND SPEED    10.5


SKY COVER
  POSSIBLE SUNSHINE  MM
  AVERAGE SKY COVER 0.7


WEATHER CONDITIONS
 THE FOLLOWING WEATHER WAS RECORDED YESTERDAY.
  HEAVY RAIN
  RAIN
  LIGHT RAIN
  FOG


RELATIVE HUMIDITY (PERCENT)
 HIGHEST    97           100 AM
 LOWEST     57           600 PM
 AVERAGE    77

..........................................................


THE LEXINGTON KY CLIMATE NORMALS FOR TODAY
                         NORMAL    RECORD    YEAR
 MAXIMUM TEMPERATURE (F)   86       103      1944
 MINIMUM TEMPERATURE (F)   65        50      1970


SUNRISE AND SUNSET
JUNE 28 2015..........SUNRISE   618 AM EDT   SUNSET   905 PM EDT
JUNE 29 2015..........SUNRISE   618 AM EDT   SUNSET   905 PM EDT


-  INDICATES NEGATIVE NUMBERS.
R  INDICATES RECORD WAS SET OR TIED.
MM INDICATES DATA IS MISSING.
T  INDICATES TRACE AMOUNT.

$$
jdg
