000
CDUS43 KLMK 120629
CLILEX


CLIMATE REPORT
NATIONAL WEATHER SERVICE LOUISVILLE KY
227 AM EDT TUE AUG 12 2014
...................................

...THE LEXINGTON KY CLIMATE SUMMARY FOR AUGUST 11 2014...

CLIMATE NORMAL PERIOD 1981 TO 2010
CLIMATE RECORD PERIOD 1872 TO 2014


WEATHER ITEM   OBSERVED TIME   RECORD YEAR NORMAL DEPARTURE LAST
                VALUE   (LST)  VALUE       VALUE  FROM      YEAR
                                                  NORMAL
..................................................................
TEMPERATURE (F)
 YESTERDAY
  MAXIMUM         83    327 PM  98    1941  86     -3       87
                                      1911
  MINIMUM         70    631 AM  53    2008  66      4       71
  AVERAGE         77                        76      1       79

PRECIPITATION (IN)
  YESTERDAY        0.14          2.73 1974   0.10   0.04     0.02
  MONTH TO DATE    6.65                      1.26   5.39     1.66
  SINCE JUN 1     15.47                     10.35   5.12    18.30
  SINCE JAN 1     36.82                     29.68   7.14    40.16

SNOWFALL (IN)
  YESTERDAY        0.0          MM      MM   0.0    0.0      0.0
  MONTH TO DATE    0.0                       0.0    0.0      0.0
  SINCE JUN 1      0.0                       0.0    0.0      0.0
  SINCE JUL 1      0.0                       0.0    0.0      0.0
  SNOW DEPTH       0

DEGREE DAYS
 HEATING
  YESTERDAY        0                         0      0        0
  MONTH TO DATE    0                         0      0        0
  SINCE JUN 1      2                        11     -9        0
  SINCE JUL 1      2                         0      2        0

 COOLING
  YESTERDAY       12                        11      1       14
  MONTH TO DATE  102                       121    -19      116
  SINCE JUN 1    677                       710    -33      686
  SINCE JAN 1    838                       817     21      839
..................................................................


WIND (MPH)
  HIGHEST WIND SPEED    22   HIGHEST WIND DIRECTION    SW (220)
  HIGHEST GUST SPEED    28   HIGHEST GUST DIRECTION    SW (220)
  AVERAGE WIND SPEED     8.1


SKY COVER
  POSSIBLE SUNSHINE  MM
  AVERAGE SKY COVER 0.6


WEATHER CONDITIONS
 THE FOLLOWING WEATHER WAS RECORDED YESTERDAY.
  THUNDERSTORM
  RAIN
  LIGHT RAIN
  FOG


RELATIVE HUMIDITY (PERCENT)
 HIGHEST    97           500 AM
 LOWEST     69           300 PM
 AVERAGE    83

..........................................................


THE LEXINGTON KY CLIMATE NORMALS FOR TODAY
                         NORMAL    RECORD    YEAR
 MAXIMUM TEMPERATURE (F)   86        98      2005
                                             1936
 MINIMUM TEMPERATURE (F)   66        51      1964


SUNRISE AND SUNSET
AUGUST 12 2014........SUNRISE   651 AM EDT   SUNSET   835 PM EDT
AUGUST 13 2014........SUNRISE   652 AM EDT   SUNSET   834 PM EDT


-  INDICATES NEGATIVE NUMBERS.
R  INDICATES RECORD WAS SET OR TIED.
MM INDICATES DATA IS MISSING.
T  INDICATES TRACE AMOUNT.

$$
04
