000
CDUS43 KLMK 210637
CLILEX


CLIMATE REPORT
NATIONAL WEATHER SERVICE LOUISVILLE KY
237 AM EDT SAT MAR 21 2015


...................................

...THE LEXINGTON KY CLIMATE SUMMARY FOR MARCH 20 2015...

CLIMATE NORMAL PERIOD 1981 TO 2010
CLIMATE RECORD PERIOD 1872 TO 2015


WEATHER ITEM   OBSERVED TIME   RECORD YEAR NORMAL DEPARTURE LAST
                VALUE   (LST)  VALUE       VALUE  FROM      YEAR
                                                  NORMAL
..................................................................
TEMPERATURE (F)
 YESTERDAY
  MAXIMUM         49    139 PM  83    2012  57     -8       57
  MINIMUM         43    823 AM  14    1923  37      6       31
  AVERAGE         46                        47     -1       44

PRECIPITATION (IN)
  YESTERDAY        0.04          1.44 1905   0.14  -0.10     0.00
  MONTH TO DATE    7.19                      2.59   4.60     1.75
  SINCE MAR 1      7.19                      2.59   4.60     1.75
  SINCE JAN 1     12.04                      8.99   3.05     8.79

SNOWFALL (IN)
  YESTERDAY        0.0           4.5  1996   0.0    0.0      0.0
  MONTH TO DATE   17.1                       1.0   16.1      5.5
  SINCE MAR 1     17.1                       1.0   16.1      5.5
  SINCE JUL 1     40.0                      12.3   27.7     24.8
  SNOW DEPTH       0

DEGREE DAYS
 HEATING
  YESTERDAY       19                        18      1       21
  MONTH TO DATE  445                       425     20      483
  SINCE MAR 1    445                       425     20      483
  SINCE JUL 1   4423                      3996    427     4326

 COOLING
  YESTERDAY        0                         0      0        0
  MONTH TO DATE    0                         0      0        0
  SINCE MAR 1      0                         0      0        0
  SINCE JAN 1      0                         0      0        0
..................................................................


WIND (MPH)
  HIGHEST WIND SPEED    10   HIGHEST WIND DIRECTION     W (290)
  HIGHEST GUST SPEED    14   HIGHEST GUST DIRECTION     W (280)
  AVERAGE WIND SPEED     5.6


SKY COVER
  POSSIBLE SUNSHINE  MM
  AVERAGE SKY COVER 1.0


WEATHER CONDITIONS
 THE FOLLOWING WEATHER WAS RECORDED YESTERDAY.
  LIGHT RAIN
  FOG


RELATIVE HUMIDITY (PERCENT)
 HIGHEST   100           100 AM
 LOWEST     80           200 PM
 AVERAGE    90

..........................................................


THE LEXINGTON KY CLIMATE NORMALS FOR TODAY
                         NORMAL    RECORD    YEAR
 MAXIMUM TEMPERATURE (F)   57        83      1907
 MINIMUM TEMPERATURE (F)   37        15      1986


SUNRISE AND SUNSET
MARCH 21 2015.........SUNRISE   741 AM EDT   SUNSET   751 PM EDT
MARCH 22 2015.........SUNRISE   739 AM EDT   SUNSET   752 PM EDT


-  INDICATES NEGATIVE NUMBERS.
R  INDICATES RECORD WAS SET OR TIED.
MM INDICATES DATA IS MISSING.
T  INDICATES TRACE AMOUNT.




$$
