000
CDUS43 KLMK 062133
CLILEX


CLIMATE REPORT
NATIONAL WEATHER SERVICE LOUISVILLE KY
433 PM EST TUE FEB 6 2018


...................................

...THE LEXINGTON KY CLIMATE SUMMARY FOR FEBRUARY 6 2018...
VALID TODAY AS OF 0400 PM LOCAL TIME.

CLIMATE NORMAL PERIOD 1981 TO 2010
CLIMATE RECORD PERIOD 1872 TO 2018


WEATHER ITEM   OBSERVED TIME   RECORD YEAR NORMAL DEPARTURE LAST
                VALUE   (LST)  VALUE       VALUE  FROM      YEAR
                                                  NORMAL
..................................................................
TEMPERATURE (F)
 TODAY
  MAXIMUM         37    407 PM  67    1925  43     -6       63
  MINIMUM         26   1200 AM   0    1988  26      0       31
  AVERAGE         32                        35     -3       47

PRECIPITATION (IN)
  TODAY            0.00          1.39 2008   0.12  -0.12     0.02
  MONTH TO DATE    0.44                      0.70  -0.26     0.02
  SINCE DEC 1      4.90                      7.83  -2.93    10.91
  SINCE JAN 1      2.53                      3.90  -1.37     4.73

SNOWFALL (IN)
  TODAY            0.0           3.6  1998   0.2   -0.2      0.0
  MONTH TO DATE    1.3                       1.2    0.1      0.0
  SINCE DEC 1      7.6                       7.6    0.0      3.4
  SINCE JUL 1      7.6                       7.9   -0.3      3.4
  SNOW DEPTH       0

DEGREE DAYS
 HEATING
  TODAY           33                        30      3       18
  MONTH TO DATE  216                       184     32      167
  SINCE DEC 1   2185                      2080    105     1785
  SINCE JUL 1   2965                      2967     -2     2371

 COOLING
  TODAY            0                         0      0        0
  MONTH TO DATE    0                         0      0        0
  SINCE DEC 1      0                         0      0        0
  SINCE JAN 1      0                         0      0        0
..................................................................


WIND (MPH)
  HIGHEST WIND SPEED    10   HIGHEST WIND DIRECTION    NE (30)
  HIGHEST GUST SPEED    13   HIGHEST GUST DIRECTION     N (20)
  AVERAGE WIND SPEED     3.7


SKY COVER
  POSSIBLE SUNSHINE  MM
  AVERAGE SKY COVER 0.9


WEATHER CONDITIONS
 THE FOLLOWING WEATHER WAS RECORDED TODAY.
  NO SIGNIFICANT WEATHER WAS OBSERVED.


RELATIVE HUMIDITY (PERCENT)
 HIGHEST    78           400 AM
 LOWEST     59           400 PM
 AVERAGE    69

..........................................................


THE LEXINGTON KY CLIMATE NORMALS FOR TOMORROW
                         NORMAL    RECORD    YEAR
 MAXIMUM TEMPERATURE (F)   43        67      1925
 MINIMUM TEMPERATURE (F)   26        -9      1978


SUNRISE AND SUNSET
FEBRUARY  6 2018......SUNRISE   738 AM EST   SUNSET   607 PM EST
FEBRUARY  7 2018......SUNRISE   737 AM EST   SUNSET   608 PM EST


-  INDICATES NEGATIVE NUMBERS.
R  INDICATES RECORD WAS SET OR TIED.
MM INDICATES DATA IS MISSING.
T  INDICATES TRACE AMOUNT.




$$
