000
CDUS43 KLMK 140629
CLILEX


CLIMATE REPORT
NATIONAL WEATHER SERVICE LOUISVILLE KY
128 AM EST FRI NOV 14 2014


...................................

...THE LEXINGTON KY CLIMATE SUMMARY FOR NOVEMBER 13 2014...

CLIMATE NORMAL PERIOD 1981 TO 2010
CLIMATE RECORD PERIOD 1872 TO 2014


WEATHER ITEM   OBSERVED TIME   RECORD YEAR NORMAL DEPARTURE LAST
                VALUE   (LST)  VALUE       VALUE  FROM      YEAR
                                                  NORMAL
..................................................................
TEMPERATURE (F)
 YESTERDAY
  MAXIMUM         34   1258 AM  78    1955  57    -23       41
  MINIMUM         25   1159 PM  13    1911  38    -13       20
  AVERAGE         30                        48    -18       31

PRECIPITATION (IN)
  YESTERDAY        T             1.59 1889   0.11  -0.11     0.00
  MONTH TO DATE    0.54                      1.42  -0.88     0.84
  SINCE SEP 1      9.36                      7.46   1.90     8.70
  SINCE JAN 1     49.09                     39.13   9.96    52.34

SNOWFALL (IN)
  YESTERDAY        T             0.7  1995   0.0    0.0      0.0
  MONTH TO DATE    T                         0.0    0.0      0.4
  SINCE SEP 1      T                         0.0    0.0      0.4
  SINCE JUL 1      T                         0.0    0.0      0.4
  SNOW DEPTH       0

DEGREE DAYS
 HEATING
  YESTERDAY       35                        18     17       34
  MONTH TO DATE  265                       200     65      224
  SINCE SEP 1    511                       524    -13      506
  SINCE JUL 1    513                       526    -13      509

 COOLING
  YESTERDAY        0                         0      0        0
  MONTH TO DATE    0                         0      0        0
  SINCE SEP 1    193                       171     22      207
  SINCE JAN 1   1274                      1188     86     1245
..................................................................


WIND (MPH)
  HIGHEST WIND SPEED    16   HIGHEST WIND DIRECTION    NW (330)
  HIGHEST GUST SPEED    22   HIGHEST GUST DIRECTION    NW (320)
  AVERAGE WIND SPEED     8.7


SKY COVER
  POSSIBLE SUNSHINE  MM
  AVERAGE SKY COVER 1.0


WEATHER CONDITIONS
 THE FOLLOWING WEATHER WAS RECORDED YESTERDAY.
  LIGHT SNOW


RELATIVE HUMIDITY (PERCENT)
 HIGHEST    82           100 AM
 LOWEST     50          1000 PM
 AVERAGE    66

..........................................................


THE LEXINGTON KY CLIMATE NORMALS FOR TODAY
                         NORMAL    RECORD    YEAR
 MAXIMUM TEMPERATURE (F)   56        77      1971
 MINIMUM TEMPERATURE (F)   38        15      1986


SUNRISE AND SUNSET
NOVEMBER 14 2014......SUNRISE   718 AM EST   SUNSET   527 PM EST
NOVEMBER 15 2014......SUNRISE   719 AM EST   SUNSET   526 PM EST


-  INDICATES NEGATIVE NUMBERS.
R  INDICATES RECORD WAS SET OR TIED.
MM INDICATES DATA IS MISSING.
T  INDICATES TRACE AMOUNT.




$$
