000
CDUS43 KLMK 290626
CLILEX


CLIMATE REPORT
NATIONAL WEATHER SERVICE LOUISVILLE KY
226 AM EDT MON JUN 29 2015


...................................

...THE LEXINGTON KY CLIMATE SUMMARY FOR JUNE 28 2015...

CLIMATE NORMAL PERIOD 1981 TO 2010
CLIMATE RECORD PERIOD 1872 TO 2015


WEATHER ITEM   OBSERVED TIME   RECORD YEAR NORMAL DEPARTURE LAST
                VALUE   (LST)  VALUE       VALUE  FROM      YEAR
                                                  NORMAL
..................................................................
TEMPERATURE (F)
 YESTERDAY
  MAXIMUM         78    436 PM 103    1944  86     -8       81
  MINIMUM         56    548 AM  50    1970  65     -9       70
  AVERAGE         67                        75     -8       76

PRECIPITATION (IN)
  YESTERDAY        0.00          2.24 1953   0.13  -0.13     0.03
  MONTH TO DATE    5.02                      4.18   0.84     5.06
  SINCE JUN 1      5.02                      4.18   0.84     5.06
  SINCE JAN 1     30.81                     23.51   7.30    26.41

SNOWFALL (IN)
  YESTERDAY        0.0          MM      MM   0.0    0.0      0.0
  MONTH TO DATE    0.0                       0.0    0.0      0.0
  SINCE JUN 1      0.0                       0.0    0.0      0.0
  SINCE JUL 1     40.0                      13.0   27.0     27.1
  SNOW DEPTH       0

DEGREE DAYS
 HEATING
  YESTERDAY        0                         0      0        0
  MONTH TO DATE   18                         8     10        0
  SINCE JUN 1     18                         8     10        0
  SINCE JUL 1   4964                      4608    356     4855

 COOLING
  YESTERDAY        2                        10     -8       11
  MONTH TO DATE  274                       220     54      278
  SINCE JUN 1    274                       220     54      278
  SINCE JAN 1    442                       327    115      439
..................................................................


WIND (MPH)
  HIGHEST WIND SPEED    15   HIGHEST WIND DIRECTION     W (270)
  HIGHEST GUST SPEED    20   HIGHEST GUST DIRECTION     W (280)
  AVERAGE WIND SPEED     6.9


SKY COVER
  POSSIBLE SUNSHINE  MM
  AVERAGE SKY COVER 0.2


WEATHER CONDITIONS
 THE FOLLOWING WEATHER WAS RECORDED YESTERDAY.
  NO SIGNIFICANT WEATHER WAS OBSERVED.


RELATIVE HUMIDITY (PERCENT)
 HIGHEST    86           100 AM
 LOWEST     43          1200 PM
 AVERAGE    65

..........................................................


THE LEXINGTON KY CLIMATE NORMALS FOR TODAY
                         NORMAL    RECORD    YEAR
 MAXIMUM TEMPERATURE (F)   86       104      1936
 MINIMUM TEMPERATURE (F)   66        50      1923


SUNRISE AND SUNSET
JUNE 29 2015..........SUNRISE   618 AM EDT   SUNSET   905 PM EDT
JUNE 30 2015..........SUNRISE   619 AM EDT   SUNSET   905 PM EDT


-  INDICATES NEGATIVE NUMBERS.
R  INDICATES RECORD WAS SET OR TIED.
MM INDICATES DATA IS MISSING.
T  INDICATES TRACE AMOUNT.




$$
