000
CDUS43 KLMK 260631
CLILEX


CLIMATE REPORT
NATIONAL WEATHER SERVICE LOUISVILLE KY
230 AM EDT SUN JUL 26 2015


...................................

...THE LEXINGTON KY CLIMATE SUMMARY FOR JULY 25 2015...

CLIMATE NORMAL PERIOD 1981 TO 2010
CLIMATE RECORD PERIOD 1872 TO 2015


WEATHER ITEM   OBSERVED TIME   RECORD YEAR NORMAL DEPARTURE LAST
                VALUE   (LST)  VALUE       VALUE  FROM      YEAR
                                                  NORMAL
..................................................................
TEMPERATURE (F)
 YESTERDAY
  MAXIMUM         88    336 PM 101    1934  86      2       83
  MINIMUM         62    537 AM  53    1911  66     -4       55
  AVERAGE         75                        76     -1       69

PRECIPITATION (IN)
  YESTERDAY        0.00          3.61 1943   0.15  -0.15     0.00
  MONTH TO DATE    8.70                      3.78   4.92     2.05
  SINCE JUN 1     14.34                      8.22   6.12     7.64
  SINCE JAN 1     40.13                     27.55  12.58    28.99

SNOWFALL (IN)
  YESTERDAY        0.0          MM      MM   0.0    0.0      0.0
  MONTH TO DATE    0.0                       0.0    0.0      0.0
  SINCE JUN 1      0.0                       0.0    0.0      0.0
  SINCE JUL 1      0.0                       0.0    0.0      0.0
  SNOW DEPTH       0

DEGREE DAYS
 HEATING
  YESTERDAY        0                         0      0        0
  MONTH TO DATE    0                         0      0        0
  SINCE JUN 1     18                        11      7        0
  SINCE JUL 1      0                         0      0        0

 COOLING
  YESTERDAY       10                        11     -1        4
  MONTH TO DATE  268                       275     -7      233
  SINCE JUN 1    557                       517     40      538
  SINCE JAN 1    725                       624    101      699
..................................................................


WIND (MPH)
  HIGHEST WIND SPEED     8   HIGHEST WIND DIRECTION    SW (240)
  HIGHEST GUST SPEED    11   HIGHEST GUST DIRECTION     N (350)
  AVERAGE WIND SPEED     2.0


SKY COVER
  POSSIBLE SUNSHINE  MM
  AVERAGE SKY COVER 0.0


WEATHER CONDITIONS
 THE FOLLOWING WEATHER WAS RECORDED YESTERDAY.
  FOG


RELATIVE HUMIDITY (PERCENT)
 HIGHEST    93           600 AM
 LOWEST     45           200 PM
 AVERAGE    69

..........................................................


THE LEXINGTON KY CLIMATE NORMALS FOR TODAY
                         NORMAL    RECORD    YEAR
 MAXIMUM TEMPERATURE (F)   86       100      1952
 MINIMUM TEMPERATURE (F)   66        53      1920
                                             1911


SUNRISE AND SUNSET
JULY 26 2015..........SUNRISE   636 AM EDT   SUNSET   853 PM EDT
JULY 27 2015..........SUNRISE   637 AM EDT   SUNSET   852 PM EDT


-  INDICATES NEGATIVE NUMBERS.
R  INDICATES RECORD WAS SET OR TIED.
MM INDICATES DATA IS MISSING.
T  INDICATES TRACE AMOUNT.




$$
