023
CDUS43 KLMK 150626
CLILEX


CLIMATE REPORT
NATIONAL WEATHER SERVICE LOUISVILLE KY
126 AM EST WED NOV 15 2017


...................................

...THE LEXINGTON KY CLIMATE SUMMARY FOR NOVEMBER 14 2017...

CLIMATE NORMAL PERIOD 1981 TO 2010
CLIMATE RECORD PERIOD 1872 TO 2017


WEATHER ITEM   OBSERVED TIME   RECORD YEAR NORMAL DEPARTURE LAST
                VALUE   (LST)  VALUE       VALUE  FROM      YEAR
                                                  NORMAL
..................................................................
TEMPERATURE (F)
 YESTERDAY
  MAXIMUM         51    352 PM  77    1971  56     -5       62
  MINIMUM         39   1159 PM  15    1986  38      1       28
  AVERAGE         45                        47     -2       45

PRECIPITATION (IN)
  YESTERDAY        0.00          1.52 1915   0.12  -0.12     0.00
  MONTH TO DATE    1.57                      1.54   0.03     0.28
  SINCE SEP 1     11.08                      7.58   3.50     2.78
  SINCE JAN 1     46.02                     39.25   6.77    37.15

SNOWFALL (IN)
  YESTERDAY        0.0           3.0  1906   0.1   -0.1      0.0
  MONTH TO DATE    0.0                       0.1   -0.1      0.0
  SINCE SEP 1      T                         0.1   -0.1      0.0
  SINCE JUL 1      T                         0.1   -0.1      0.0
  SNOW DEPTH       0

DEGREE DAYS
 HEATING
  YESTERDAY       20                        18      2       20
  MONTH TO DATE  199                       218    -19      172
  SINCE SEP 1    451                       542    -91      305
  SINCE JUL 1    451                       544    -93      305

 COOLING
  YESTERDAY        0                         0      0        0
  MONTH TO DATE    6                         0      6       14
  SINCE SEP 1    209                       171     38      363
  SINCE JAN 1   1290                      1188    102     1639
..................................................................


WIND (MPH)
  HIGHEST WIND SPEED    14   HIGHEST WIND DIRECTION     E (100)
  HIGHEST GUST SPEED    19   HIGHEST GUST DIRECTION    SE (130)
  AVERAGE WIND SPEED     7.0


SKY COVER
  POSSIBLE SUNSHINE  MM
  AVERAGE SKY COVER 0.6


WEATHER CONDITIONS
 THE FOLLOWING WEATHER WAS RECORDED YESTERDAY.
  FOG
  HAZE


RELATIVE HUMIDITY (PERCENT)
 HIGHEST    79           400 AM
 LOWEST     56           400 PM
 AVERAGE    68

..........................................................


THE LEXINGTON KY CLIMATE NORMALS FOR TODAY
                         NORMAL    RECORD    YEAR
 MAXIMUM TEMPERATURE (F)   56        77      1971
 MINIMUM TEMPERATURE (F)   38        14      2014
                                             1916


SUNRISE AND SUNSET
NOVEMBER 15 2017......SUNRISE   719 AM EST   SUNSET   526 PM EST
NOVEMBER 16 2017......SUNRISE   720 AM EST   SUNSET   526 PM EST


-  INDICATES NEGATIVE NUMBERS.
R  INDICATES RECORD WAS SET OR TIED.
MM INDICATES DATA IS MISSING.
T  INDICATES TRACE AMOUNT.




$$
