000
CDUS43 KLMK 132133
CLILEX


CLIMATE REPORT
NATIONAL WEATHER SERVICE LOUISVILLE KY
432 PM EST MON FEB 13 2017


...................................

...THE LEXINGTON KY CLIMATE SUMMARY FOR FEBRUARY 13 2017...
VALID TODAY AS OF 0400 PM LOCAL TIME.

CLIMATE NORMAL PERIOD 1981 TO 2010
CLIMATE RECORD PERIOD 1872 TO 2017


WEATHER ITEM   OBSERVED TIME   RECORD YEAR NORMAL DEPARTURE LAST
                VALUE   (LST)  VALUE       VALUE  FROM      YEAR
                                                  NORMAL
..................................................................
TEMPERATURE (F)
 TODAY
  MAXIMUM         50    349 PM  71    1962  45      5       24
                                      1938
  MINIMUM         28    806 AM -20    1899  28      0       13
  AVERAGE         39                        36      3       19

PRECIPITATION (IN)
  TODAY            0.00          3.10 1989   0.10  -0.10      T
  MONTH TO DATE    1.36                      1.47  -0.11     1.65
  SINCE DEC 1     12.25                      8.60   3.65    10.10
  SINCE JAN 1      6.07                      4.67   1.40     2.89

SNOWFALL (IN)
  TODAY            0.0           6.9  1960   0.2   -0.2       T
  MONTH TO DATE    T                         2.5   -2.5      1.7
  SINCE DEC 1      3.4                       8.9   -5.5     11.3
  SINCE JUL 1      3.4                       9.2   -5.8     11.3
  SNOW DEPTH       0

DEGREE DAYS
 HEATING
  TODAY           26                        29     -3       46
  MONTH TO DATE  304                       390    -86      407
  SINCE DEC 1   1922                      2286   -364     1925
  SINCE JUL 1   2508                      3173   -665     2611

 COOLING
  TODAY            0                         0      0        0
  MONTH TO DATE    0                         0      0        0
  SINCE DEC 1      0                         0      0        0
  SINCE JAN 1      0                         0      0        0
..................................................................


WIND (MPH)
  HIGHEST WIND SPEED    16   HIGHEST WIND DIRECTION     N (340)
  HIGHEST GUST SPEED    22   HIGHEST GUST DIRECTION     N (340)
  AVERAGE WIND SPEED     4.8


SKY COVER
  POSSIBLE SUNSHINE  MM
  AVERAGE SKY COVER 0.0


WEATHER CONDITIONS
 THE FOLLOWING WEATHER WAS RECORDED TODAY.
  NO SIGNIFICANT WEATHER WAS OBSERVED.


RELATIVE HUMIDITY (PERCENT)
 HIGHEST    63           700 AM
 LOWEST     21           400 PM
 AVERAGE    42

..........................................................


THE LEXINGTON KY CLIMATE NORMALS FOR TOMORROW
                         NORMAL    RECORD    YEAR
 MAXIMUM TEMPERATURE (F)   45        70      1918
                                             1911
 MINIMUM TEMPERATURE (F)   28        -7      1905


SUNRISE AND SUNSET
FEBRUARY 13 2017......SUNRISE   730 AM EST   SUNSET   615 PM EST
FEBRUARY 14 2017......SUNRISE   729 AM EST   SUNSET   616 PM EST


-  INDICATES NEGATIVE NUMBERS.
R  INDICATES RECORD WAS SET OR TIED.
MM INDICATES DATA IS MISSING.
T  INDICATES TRACE AMOUNT.




$$
