000
CDUS43 KLMK 110629
CLILEX


CLIMATE REPORT
NATIONAL WEATHER SERVICE LOUISVILLE KY
128 AM EST WED JAN 11 2017


...................................

...THE LEXINGTON KY CLIMATE SUMMARY FOR JANUARY 10 2017...

CLIMATE NORMAL PERIOD 1981 TO 2010
CLIMATE RECORD PERIOD 1872 TO 2017


WEATHER ITEM   OBSERVED TIME   RECORD YEAR NORMAL DEPARTURE LAST
                VALUE   (LST)  VALUE       VALUE  FROM      YEAR
                                                  NORMAL
..................................................................
TEMPERATURE (F)
 YESTERDAY
  MAXIMUM         53   1115 PM  64    1975  41     12       49
  MINIMUM         36    125 AM -11    1982  25     11       11
  AVERAGE         45                        33     12       30

PRECIPITATION (IN)
  YESTERDAY        0.12          2.67 1974   0.10   0.02     0.04
  MONTH TO DATE    0.92                      1.04  -0.12     0.47
  SINCE DEC 1      7.10                      4.97   2.13     7.68
  SINCE JAN 1      0.92                      1.04  -0.12     0.47

SNOWFALL (IN)
  YESTERDAY        0.0           4.4  1954   0.2   -0.2       T
  MONTH TO DATE    2.5                       1.2    1.3       T
  SINCE DEC 1      2.6                       3.7   -1.1       T
  SINCE JUL 1      2.6                       4.0   -1.4       T
  SNOW DEPTH       0

DEGREE DAYS
 HEATING
  YESTERDAY       20                        32    -12       35
  MONTH TO DATE  334                       320     14      288
  SINCE DEC 1   1191                      1221    -30      784
  SINCE JUL 1   1777                      2108   -331     1470

 COOLING
  YESTERDAY        0                         0      0        0
  MONTH TO DATE    0                         0      0        0
  SINCE DEC 1      0                         0      0        0
  SINCE JAN 1      0                         0      0        0
..................................................................


WIND (MPH)
  HIGHEST WIND SPEED    35   HIGHEST WIND DIRECTION     S (190)
  HIGHEST GUST SPEED    47   HIGHEST GUST DIRECTION     S (180)
  AVERAGE WIND SPEED    20.4


SKY COVER
  POSSIBLE SUNSHINE  MM
  AVERAGE SKY COVER 0.9


WEATHER CONDITIONS
 THE FOLLOWING WEATHER WAS RECORDED YESTERDAY.
  HEAVY RAIN
  LIGHT RAIN
  FOG


RELATIVE HUMIDITY (PERCENT)
 HIGHEST    77          1100 PM
 LOWEST     44          1200 AM
 AVERAGE    61

..........................................................


THE LEXINGTON KY CLIMATE NORMALS FOR TODAY
                         NORMAL    RECORD    YEAR
 MAXIMUM TEMPERATURE (F)   41        66      2013
                                             1890
 MINIMUM TEMPERATURE (F)   25        -9      1962


SUNRISE AND SUNSET
JANUARY 11 2017.......SUNRISE   754 AM EST   SUNSET   539 PM EST
JANUARY 12 2017.......SUNRISE   754 AM EST   SUNSET   540 PM EST


-  INDICATES NEGATIVE NUMBERS.
R  INDICATES RECORD WAS SET OR TIED.
MM INDICATES DATA IS MISSING.
T  INDICATES TRACE AMOUNT.

$$

SCHOETTMER
