000
CDUS43 KLMK 122029
CLILEX


CLIMATE REPORT
NATIONAL WEATHER SERVICE LOUISVILLE KY
429 PM EDT TUE SEP 12 2017


...................................

...THE LEXINGTON KY CLIMATE SUMMARY FOR SEPTEMBER 12 2017...
VALID TODAY AS OF 0400 PM LOCAL TIME.

CLIMATE NORMAL PERIOD 1981 TO 2010
CLIMATE RECORD PERIOD 1872 TO 2017


WEATHER ITEM   OBSERVED TIME   RECORD YEAR NORMAL DEPARTURE LAST
                VALUE   (LST)  VALUE       VALUE  FROM      YEAR
                                                  NORMAL
..................................................................
TEMPERATURE (F)
 TODAY
  MAXIMUM         75    153 PM  97    1939  80     -5       86
  MINIMUM         58    652 AM  41    1940  59     -1       55
  AVERAGE         67                        70     -3       71

PRECIPITATION (IN)
  TODAY            0.10          2.31 1920   0.11  -0.01     0.00
  MONTH TO DATE    2.50                      1.17   1.33     0.22
  SINCE SEP 1      2.50                      1.17   1.33     0.22
  SINCE JAN 1     37.44                     32.84   4.60    34.59

SNOWFALL (IN)
  TODAY            0.0          MM      MM   0.0    0.0      0.0
  MONTH TO DATE    0.0                       0.0    0.0      0.0
  SINCE SEP 1      0.0                       0.0    0.0      0.0
  SINCE JUL 1      0.0                       0.0    0.0      0.0
  SNOW DEPTH       0

DEGREE DAYS
 HEATING
  TODAY            0                         1     -1        0
  MONTH TO DATE   28                         4     24        0
  SINCE SEP 1     28                         4     24        0
  SINCE JUL 1     28                         6     22        0

 COOLING
  TODAY            2                         5     -3        6
  MONTH TO DATE   15                        83    -68      121
  SINCE SEP 1     15                        83    -68      121
  SINCE JAN 1   1096                      1100     -4     1397
..................................................................


WIND (MPH)
  HIGHEST WIND SPEED    23   HIGHEST WIND DIRECTION     E (70)
  HIGHEST GUST SPEED    31   HIGHEST GUST DIRECTION    NE (60)
  AVERAGE WIND SPEED    17.8


SKY COVER
  POSSIBLE SUNSHINE  MM
  AVERAGE SKY COVER 0.7


WEATHER CONDITIONS
 THE FOLLOWING WEATHER WAS RECORDED TODAY.
  LIGHT RAIN
  FOG


RELATIVE HUMIDITY (PERCENT)
 HIGHEST    84           800 AM
 LOWEST     68           100 PM
 AVERAGE    76

..........................................................


THE LEXINGTON KY CLIMATE NORMALS FOR TOMORROW
                         NORMAL    RECORD    YEAR
 MAXIMUM TEMPERATURE (F)   80        99      1939
 MINIMUM TEMPERATURE (F)   59        40      1902


SUNRISE AND SUNSET
SEPTEMBER 12 2017.....SUNRISE   718 AM EDT   SUNSET   751 PM EDT
SEPTEMBER 13 2017.....SUNRISE   719 AM EDT   SUNSET   749 PM EDT


-  INDICATES NEGATIVE NUMBERS.
R  INDICATES RECORD WAS SET OR TIED.
MM INDICATES DATA IS MISSING.
T  INDICATES TRACE AMOUNT.




$$
