000
CDUS43 KLMK 160627
CLILEX


CLIMATE REPORT
NATIONAL WEATHER SERVICE LOUISVILLE KY
227 AM EDT THU OCT 16 2014


...................................

...THE LEXINGTON KY CLIMATE SUMMARY FOR OCTOBER 15 2014...

CLIMATE NORMAL PERIOD 1981 TO 2010
CLIMATE RECORD PERIOD 1872 TO 2014


WEATHER ITEM   OBSERVED TIME   RECORD YEAR NORMAL DEPARTURE LAST
                VALUE   (LST)  VALUE       VALUE  FROM      YEAR
                                                  NORMAL
..................................................................
TEMPERATURE (F)
 YESTERDAY
  MAXIMUM         61   1200 PM  88    1897  68     -7       74
  MINIMUM         56   1159 PM  27    1937  47      9       61
  AVERAGE         59                        57      2       68

PRECIPITATION (IN)
  YESTERDAY        0.15          0.91 1974   0.10   0.05      T
  MONTH TO DATE    3.49                      1.46   2.03     4.00
  SINCE SEP 1      7.84                      4.37   3.47     5.63
  SINCE JAN 1     47.57                     36.04  11.53    49.27

SNOWFALL (IN)
  YESTERDAY        0.0           0.0    MM   0.0    0.0      0.0
  MONTH TO DATE    0.0                       0.0    0.0      0.0
  SINCE SEP 1      0.0                       0.0    0.0      0.0
  SINCE JUL 1      0.0                       0.0    0.0      0.0
  SNOW DEPTH       0

DEGREE DAYS
 HEATING
  YESTERDAY        6                         8     -2        0
  MONTH TO DATE   67                        99    -32       34
  SINCE SEP 1     95                       151    -56       51
  SINCE JUL 1     97                       153    -56       54

 COOLING
  YESTERDAY        0                         1     -1        3
  MONTH TO DATE   25                        19      6       44
  SINCE SEP 1    191                       165     26      207
  SINCE JAN 1   1272                      1182     90     1245
..................................................................


WIND (MPH)
  HIGHEST WIND SPEED    18   HIGHEST WIND DIRECTION     S (200)
  HIGHEST GUST SPEED    24   HIGHEST GUST DIRECTION    SW (240)
  AVERAGE WIND SPEED     9.0


SKY COVER
  POSSIBLE SUNSHINE  MM
  AVERAGE SKY COVER 1.0


WEATHER CONDITIONS
 THE FOLLOWING WEATHER WAS RECORDED YESTERDAY.
  RAIN
  LIGHT RAIN
  FOG
  HAZE


RELATIVE HUMIDITY (PERCENT)
 HIGHEST    86           200 AM
 LOWEST     72          1200 AM
 AVERAGE    79

..........................................................


THE LEXINGTON KY CLIMATE NORMALS FOR TODAY
                         NORMAL    RECORD    YEAR
 MAXIMUM TEMPERATURE (F)   68        87      1897
 MINIMUM TEMPERATURE (F)   46        32      1945


SUNRISE AND SUNSET
OCTOBER 16 2014.......SUNRISE   748 AM EDT   SUNSET   659 PM EDT
OCTOBER 17 2014.......SUNRISE   749 AM EDT   SUNSET   658 PM EDT


-  INDICATES NEGATIVE NUMBERS.
R  INDICATES RECORD WAS SET OR TIED.
MM INDICATES DATA IS MISSING.
T  INDICATES TRACE AMOUNT.




$$
