000
CDUS43 KLMK 080637
CLILEX


CLIMATE REPORT
NATIONAL WEATHER SERVICE LOUISVILLE KY
236 AM EDT SUN OCT 8 2017


...................................

...THE LEXINGTON KY CLIMATE SUMMARY FOR OCTOBER 7 2017...

CLIMATE NORMAL PERIOD 1981 TO 2010
CLIMATE RECORD PERIOD 1872 TO 2017


WEATHER ITEM   OBSERVED TIME   RECORD YEAR NORMAL DEPARTURE LAST
                VALUE   (LST)  VALUE       VALUE  FROM      YEAR
                                                  NORMAL
..................................................................
TEMPERATURE (F)
 YESTERDAY
  MAXIMUM         84    144 PM  92    1941  71     13       82
  MINIMUM         64    719 AM  28    1952  49     15       52
  AVERAGE         74                        60     14       67

PRECIPITATION (IN)
  YESTERDAY        T             1.93 1898   0.10  -0.10     0.00
  MONTH TO DATE    T                         0.69  -0.69     0.14
  SINCE SEP 1      3.74                      3.60   0.14     1.81
  SINCE JAN 1     38.68                     35.27   3.41    36.18

SNOWFALL (IN)
  YESTERDAY        0.0           0.0    MM   0.0    0.0      0.0
  MONTH TO DATE    0.0                       0.0    0.0      0.0
  SINCE SEP 1      0.0                       0.0    0.0      0.0
  SINCE JUL 1      0.0                       0.0    0.0      0.0
  SNOW DEPTH       0

DEGREE DAYS
 HEATING
  YESTERDAY        0                         6     -6        0
  MONTH TO DATE    1                        39    -38        3
  SINCE SEP 1     36                        91    -55       20
  SINCE JUL 1     36                        93    -57       20

 COOLING
  YESTERDAY        9                         1      8        2
  MONTH TO DATE   30                        11     19       25
  SINCE SEP 1    174                       157     17      296
  SINCE JAN 1   1255                      1174     81     1572
..................................................................


WIND (MPH)
  HIGHEST WIND SPEED    24   HIGHEST WIND DIRECTION     S (160)
  HIGHEST GUST SPEED    32   HIGHEST GUST DIRECTION     S (180)
  AVERAGE WIND SPEED    11.8


SKY COVER
  POSSIBLE SUNSHINE  MM
  AVERAGE SKY COVER 0.4


WEATHER CONDITIONS
 THE FOLLOWING WEATHER WAS RECORDED YESTERDAY.
  HEAVY RAIN
  LIGHT RAIN
  FOG


RELATIVE HUMIDITY (PERCENT)
 HIGHEST    78           400 AM
 LOWEST     58           300 PM
 AVERAGE    68

..........................................................


THE LEXINGTON KY CLIMATE NORMALS FOR TODAY
                         NORMAL    RECORD    YEAR
 MAXIMUM TEMPERATURE (F)   70        91      2007
 MINIMUM TEMPERATURE (F)   49        29      2000


SUNRISE AND SUNSET
OCTOBER  8 2017.......SUNRISE   741 AM EDT   SUNSET   710 PM EDT
OCTOBER  9 2017.......SUNRISE   742 AM EDT   SUNSET   709 PM EDT


-  INDICATES NEGATIVE NUMBERS.
R  INDICATES RECORD WAS SET OR TIED.
MM INDICATES DATA IS MISSING.
T  INDICATES TRACE AMOUNT.




$$
