000
CDUS43 KLMK 070629
CLILEX


CLIMATE REPORT
NATIONAL WEATHER SERVICE LOUISVILLE KY
229 AM EDT MON APR 7 2014


...................................

...THE LEXINGTON KY CLIMATE SUMMARY FOR APRIL 6 2014...

CLIMATE NORMAL PERIOD 1981 TO 2010
CLIMATE RECORD PERIOD 1872 TO 2014


WEATHER ITEM   OBSERVED TIME   RECORD YEAR NORMAL DEPARTURE LAST
                VALUE   (LST)  VALUE       VALUE  FROM      YEAR
                                                  NORMAL
..................................................................
TEMPERATURE (F)
 YESTERDAY
  MAXIMUM         63    407 PM  85    2010  63      0       70
  MINIMUM         37    630 AM  23    1898  42     -5       41
  AVERAGE         50                        52     -2       56

PRECIPITATION (IN)
  YESTERDAY        0.00          0.93 1909   0.11  -0.11     0.00
  MONTH TO DATE    1.38                      0.67   0.71     0.00
  SINCE MAR 1      4.27                      4.74  -0.47     5.35
  SINCE JAN 1     11.31                     11.14   0.17    11.33

SNOWFALL (IN)
  YESTERDAY        0.0           0.8  2007   0.0    0.0      0.0
  MONTH TO DATE    0.0                       0.1   -0.1      0.0
  SINCE MAR 1      7.5                       1.5    6.0      4.0
  SINCE JUL 1     26.8                      12.8   14.0     12.5
  SNOW DEPTH       0

DEGREE DAYS
 HEATING
  YESTERDAY       15                        13      2        9
  MONTH TO DATE   47                        83    -36      118
  SINCE MAR 1    763                       688     75      901
  SINCE JUL 1   4606                      4259    347     4409

 COOLING
  YESTERDAY        0                         0      0        0
  MONTH TO DATE    2                         0      2        0
  SINCE MAR 1      2                         2      0        0
  SINCE JAN 1      2                         2      0        0
..................................................................


WIND (MPH)
  HIGHEST WIND SPEED    15   HIGHEST WIND DIRECTION    NE (60)
  HIGHEST GUST SPEED    19   HIGHEST GUST DIRECTION     E (90)
  AVERAGE WIND SPEED     9.2


SKY COVER
  POSSIBLE SUNSHINE  MM
  AVERAGE SKY COVER 0.0


WEATHER CONDITIONS
 THE FOLLOWING WEATHER WAS RECORDED YESTERDAY.
  NO SIGNIFICANT WEATHER WAS OBSERVED.


RELATIVE HUMIDITY (PERCENT)
 HIGHEST    70          1200 AM
 LOWEST     36           200 PM
 AVERAGE    53

..........................................................


THE LEXINGTON KY CLIMATE NORMALS FOR TODAY
                         NORMAL    RECORD    YEAR
 MAXIMUM TEMPERATURE (F)   63        84      2001
                                             1893
 MINIMUM TEMPERATURE (F)   42        18      1982


SUNRISE AND SUNSET
APRIL  7 2014.........SUNRISE   715 AM EDT   SUNSET   807 PM EDT
APRIL  8 2014.........SUNRISE   713 AM EDT   SUNSET   808 PM EDT


-  INDICATES NEGATIVE NUMBERS.
R  INDICATES RECORD WAS SET OR TIED.
MM INDICATES DATA IS MISSING.
T  INDICATES TRACE AMOUNT.




$$
