000
CDUS43 KLMK 242133
CLILEX


CLIMATE REPORT
NATIONAL WEATHER SERVICE LOUISVILLE KY
432 PM EST THU NOV 24 2016


...................................

...THE LEXINGTON KY CLIMATE SUMMARY FOR NOVEMBER 24 2016...
VALID TODAY AS OF 0400 PM LOCAL TIME.

CLIMATE NORMAL PERIOD 1981 TO 2010
CLIMATE RECORD PERIOD 1872 TO 2016


WEATHER ITEM   OBSERVED TIME   RECORD YEAR NORMAL DEPARTURE LAST
                VALUE   (LST)  VALUE       VALUE  FROM      YEAR
                                                  NORMAL
..................................................................
TEMPERATURE (F)
 TODAY
  MAXIMUM         55   1048 AM  70    1973  51      4       58
                                      1931
  MINIMUM         49    359 PM   3    1950  34     15       32
  AVERAGE         52                        43      9       45

PRECIPITATION (IN)
  TODAY            0.01          0.98 1900   0.12  -0.11     0.00
  MONTH TO DATE    0.54                      2.77  -2.23     1.87
  SINCE SEP 1      3.04                      8.81  -5.77     8.03
  SINCE JAN 1     37.41                     40.48  -3.07    51.32

SNOWFALL (IN)
  TODAY            0.0           4.2  1938   0.1   -0.1      0.0
  MONTH TO DATE    0.0                       0.2   -0.2       T
  SINCE SEP 1      0.0                       0.2   -0.2       T
  SINCE JUL 1      0.0                       0.2   -0.2       T
  SNOW DEPTH       0

DEGREE DAYS
 HEATING
  TODAY           13                        22     -9       20
  MONTH TO DATE  341                       420    -79      359
  SINCE SEP 1    474                       744   -270      611
  SINCE JUL 1    474                       746   -272      611

 COOLING
  TODAY            0                         0      0        0
  MONTH TO DATE   15                         0     15        4
  SINCE SEP 1    364                       171    193      223
  SINCE JAN 1   1640                      1188    452     1284
..................................................................


WIND (MPH)
  HIGHEST WIND SPEED    14   HIGHEST WIND DIRECTION     S (200)
  HIGHEST GUST SPEED    19   HIGHEST GUST DIRECTION     S (200)
  AVERAGE WIND SPEED     7.1


SKY COVER
  POSSIBLE SUNSHINE  MM
  AVERAGE SKY COVER 0.9


WEATHER CONDITIONS
 THE FOLLOWING WEATHER WAS RECORDED TODAY.
  LIGHT RAIN
  FOG


RELATIVE HUMIDITY (PERCENT)
 HIGHEST    93           600 AM
 LOWEST     83           300 PM
 AVERAGE    88

..........................................................


THE LEXINGTON KY CLIMATE NORMALS FOR TOMORROW
                         NORMAL    RECORD    YEAR
 MAXIMUM TEMPERATURE (F)   51        72      1896
 MINIMUM TEMPERATURE (F)   34        -3      1950


SUNRISE AND SUNSET
NOVEMBER 24 2016......SUNRISE   729 AM EST   SUNSET   521 PM EST
NOVEMBER 25 2016......SUNRISE   730 AM EST   SUNSET   521 PM EST


-  INDICATES NEGATIVE NUMBERS.
R  INDICATES RECORD WAS SET OR TIED.
MM INDICATES DATA IS MISSING.
T  INDICATES TRACE AMOUNT.




$$
