000
CDUS43 KLMK 112028
CLILEX


CLIMATE REPORT
NATIONAL WEATHER SERVICE LOUISVILLE KY
428 PM EDT WED MAY 11 2016


...................................

...THE LEXINGTON KY CLIMATE SUMMARY FOR MAY 11 2016...
VALID TODAY AS OF 0400 PM LOCAL TIME.

CLIMATE NORMAL PERIOD 1981 TO 2010
CLIMATE RECORD PERIOD 1872 TO 2016


WEATHER ITEM   OBSERVED TIME   RECORD YEAR NORMAL DEPARTURE LAST
                VALUE   (LST)  VALUE       VALUE  FROM      YEAR
                                                  NORMAL
..................................................................
TEMPERATURE (F)
 TODAY
  MAXIMUM         82    108 PM  92    1896  73      9       89
  MINIMUM         59    539 AM  35    1945  53      6       63
                                      1913
  AVERAGE         71                        63      8       76

PRECIPITATION (IN)
  TODAY            0.11          1.77 1943   0.17  -0.06     0.22
  MONTH TO DATE    2.96                      1.82   1.14     0.22
  SINCE MAR 1      9.06                      9.49  -0.43    19.09
  SINCE JAN 1     14.76                     15.89  -1.13    23.94

SNOWFALL (IN)
  TODAY            0.0          MM      MM   0.0    0.0      0.0
  MONTH TO DATE    0.0                       0.0    0.0      0.0
  SINCE MAR 1      0.7                       1.7   -1.0     17.1
  SINCE JUL 1     15.3                      13.0    2.3     40.0
  SNOW DEPTH       0

DEGREE DAYS
 HEATING
  TODAY            0                         4     -4        0
  MONTH TO DATE   46                        56    -10       18
  SINCE MAR 1    702                       974   -272      927
  SINCE JUL 1   3673                      4545   -872     4905

 COOLING
  TODAY            6                         2      4       11
  MONTH TO DATE   16                        15      1       63
  SINCE MAR 1     44                        37      7       75
  SINCE JAN 1     44                        37      7       75
..................................................................


WIND (MPH)
  HIGHEST WIND SPEED    15   HIGHEST WIND DIRECTION     E (90)
  HIGHEST GUST SPEED    21   HIGHEST GUST DIRECTION     E (90)
  AVERAGE WIND SPEED     8.6


SKY COVER
  POSSIBLE SUNSHINE  MM
  AVERAGE SKY COVER 0.2


WEATHER CONDITIONS
 THE FOLLOWING WEATHER WAS RECORDED TODAY.
  THUNDERSTORM
  HEAVY RAIN
  LIGHT RAIN
  FOG


RELATIVE HUMIDITY (PERCENT)
 HIGHEST    93           700 AM
 LOWEST     58           100 PM
 AVERAGE    76

..........................................................


THE LEXINGTON KY CLIMATE NORMALS FOR TOMORROW
                         NORMAL    RECORD    YEAR
 MAXIMUM TEMPERATURE (F)   73        90      1944
 MINIMUM TEMPERATURE (F)   53        36      1938
                                             1917


SUNRISE AND SUNSET
MAY 11 2016...........SUNRISE   631 AM EDT   SUNSET   839 PM EDT
MAY 12 2016...........SUNRISE   630 AM EDT   SUNSET   840 PM EDT


-  INDICATES NEGATIVE NUMBERS.
R  INDICATES RECORD WAS SET OR TIED.
MM INDICATES DATA IS MISSING.
T  INDICATES TRACE AMOUNT.




$$
