000
CDUS43 KLMK 240627
CLILEX


CLIMATE REPORT
NATIONAL WEATHER SERVICE LOUISVILLE KY
227 AM EDT TUE MAR 24 2015


...................................

...THE LEXINGTON KY CLIMATE SUMMARY FOR MARCH 23 2015...

CLIMATE NORMAL PERIOD 1981 TO 2010
CLIMATE RECORD PERIOD 1872 TO 2015


WEATHER ITEM   OBSERVED TIME   RECORD YEAR NORMAL DEPARTURE LAST
                VALUE   (LST)  VALUE       VALUE  FROM      YEAR
                                                  NORMAL
..................................................................
TEMPERATURE (F)
 YESTERDAY
  MAXIMUM         59    415 PM  82    1907  58      1       46
  MINIMUM         31    636 AM  15    1888  38     -7       27
  AVERAGE         45                        48     -3       37

PRECIPITATION (IN)
  YESTERDAY        0.00          1.02 1979   0.14  -0.14     0.00
  MONTH TO DATE    7.19                      3.00   4.19     1.75
  SINCE MAR 1      7.19                      3.00   4.19     1.75
  SINCE JAN 1     12.04                      9.40   2.64     8.79

SNOWFALL (IN)
  YESTERDAY        0.0           2.0  1896   0.1   -0.1      0.0
  MONTH TO DATE   17.1                       1.2   15.9      5.5
  SINCE MAR 1     17.1                       1.2   15.9      5.5
  SINCE JUL 1     40.0                      12.5   27.5     24.8
  SNOW DEPTH       0

DEGREE DAYS
 HEATING
  YESTERDAY       20                        17      3       28
  MONTH TO DATE  494                       478     16      536
  SINCE MAR 1    494                       478     16      536
  SINCE JUL 1   4472                      4049    423     4379

 COOLING
  YESTERDAY        0                         0      0        0
  MONTH TO DATE    0                         0      0        0
  SINCE MAR 1      0                         0      0        0
  SINCE JAN 1      0                         0      0        0
..................................................................


WIND (MPH)
  HIGHEST WIND SPEED    17   HIGHEST WIND DIRECTION    NE (50)
  HIGHEST GUST SPEED    21   HIGHEST GUST DIRECTION     E (80)
  AVERAGE WIND SPEED    10.0


SKY COVER
  POSSIBLE SUNSHINE  MM
  AVERAGE SKY COVER 0.2


WEATHER CONDITIONS
 THE FOLLOWING WEATHER WAS RECORDED YESTERDAY.
  NO SIGNIFICANT WEATHER WAS OBSERVED.


RELATIVE HUMIDITY (PERCENT)
 HIGHEST    63           600 AM
 LOWEST     32           100 PM
 AVERAGE    48

..........................................................


THE LEXINGTON KY CLIMATE NORMALS FOR TODAY
                         NORMAL    RECORD    YEAR
 MAXIMUM TEMPERATURE (F)   58        85      1910
 MINIMUM TEMPERATURE (F)   38        14      1896


SUNRISE AND SUNSET
MARCH 24 2015.........SUNRISE   736 AM EDT   SUNSET   754 PM EDT
MARCH 25 2015.........SUNRISE   735 AM EDT   SUNSET   755 PM EDT


-  INDICATES NEGATIVE NUMBERS.
R  INDICATES RECORD WAS SET OR TIED.
MM INDICATES DATA IS MISSING.
T  INDICATES TRACE AMOUNT.




$$
