000
CDUS43 KLMK 170631
CLILEX


CLIMATE REPORT
NATIONAL WEATHER SERVICE LOUISVILLE KY
231 AM EDT WED MAY 17 2017


...................................

...THE LEXINGTON KY CLIMATE SUMMARY FOR MAY 16 2017...

CLIMATE NORMAL PERIOD 1981 TO 2010
CLIMATE RECORD PERIOD 1872 TO 2017


WEATHER ITEM   OBSERVED TIME   RECORD YEAR NORMAL DEPARTURE LAST
                VALUE   (LST)  VALUE       VALUE  FROM      YEAR
                                                  NORMAL
..................................................................
TEMPERATURE (F)
 YESTERDAY
  MAXIMUM         85    502 PM  91    1962  74     11       60
                                      1900
  MINIMUM         61    534 AM  33    1997  54      7       38
  AVERAGE         73                        64      9       49

PRECIPITATION (IN)
  YESTERDAY        0.00          1.35 1946   0.17  -0.17     0.01
  MONTH TO DATE    3.18                      2.69   0.49     3.75
  SINCE MAR 1      8.30                     10.36  -2.06     9.85
  SINCE JAN 1     16.40                     16.76  -0.36    15.55

SNOWFALL (IN)
  YESTERDAY        0.0          MM      MM   0.0    0.0      0.0
  MONTH TO DATE    0.0                       0.0    0.0      0.0
  SINCE MAR 1      T                         1.7   -1.7      0.7
  SINCE JUL 1      3.4                      13.0   -9.6     15.3
  SNOW DEPTH       0

DEGREE DAYS
 HEATING
  YESTERDAY        0                         4     -4       16
  MONTH TO DATE   89                        76     13       92
  SINCE MAR 1    751                       994   -243      748
  SINCE JUL 1   3461                      4565  -1104     3719

 COOLING
  YESTERDAY        8                         3      5        0
  MONTH TO DATE   34                        27      7       21
  SINCE MAR 1    105                        49     56       49
  SINCE JAN 1    109                        49     60       49
..................................................................


WIND (MPH)
  HIGHEST WIND SPEED    18   HIGHEST WIND DIRECTION    SW (210)
  HIGHEST GUST SPEED    23   HIGHEST GUST DIRECTION    SW (210)
  AVERAGE WIND SPEED     8.5


SKY COVER
  POSSIBLE SUNSHINE  MM
  AVERAGE SKY COVER 0.0


WEATHER CONDITIONS
 THE FOLLOWING WEATHER WAS RECORDED YESTERDAY.
  NO SIGNIFICANT WEATHER WAS OBSERVED.


RELATIVE HUMIDITY (PERCENT)
 HIGHEST    84           200 AM
 LOWEST     43           400 PM
 AVERAGE    64

..........................................................


THE LEXINGTON KY CLIMATE NORMALS FOR TODAY
                         NORMAL    RECORD    YEAR
 MAXIMUM TEMPERATURE (F)   75        92      1962
 MINIMUM TEMPERATURE (F)   54        38      2014
                                             1973
                                             1875


SUNRISE AND SUNSET
MAY 17 2017...........SUNRISE   626 AM EDT   SUNSET   844 PM EDT
MAY 18 2017...........SUNRISE   625 AM EDT   SUNSET   845 PM EDT


-  INDICATES NEGATIVE NUMBERS.
R  INDICATES RECORD WAS SET OR TIED.
MM INDICATES DATA IS MISSING.
T  INDICATES TRACE AMOUNT.




$$
