000
CDUS43 KLMK 032137
CLILEX


CLIMATE REPORT
NATIONAL WEATHER SERVICE LOUISVILLE KY
437 PM EST SAT FEB 3 2018


...................................

...THE LEXINGTON KY CLIMATE SUMMARY FOR FEBRUARY 3 2018...
VALID TODAY AS OF 0400 PM LOCAL TIME.

CLIMATE NORMAL PERIOD 1981 TO 2010
CLIMATE RECORD PERIOD 1872 TO 2018


WEATHER ITEM   OBSERVED TIME   RECORD YEAR NORMAL DEPARTURE LAST
                VALUE   (LST)  VALUE       VALUE  FROM      YEAR
                                                  NORMAL
..................................................................
TEMPERATURE (F)
 TODAY
  MAXIMUM         36    420 PM  70    1890  43     -7       33
  MINIMUM         14    412 AM  -8    1951  26    -12       19
  AVERAGE         25                        34     -9       26

PRECIPITATION (IN)
  TODAY            0.00          0.95 2016   0.12  -0.12     0.00
  MONTH TO DATE    0.20                      0.35  -0.15     0.00
  SINCE DEC 1      4.66                      7.48  -2.82    10.89
  SINCE JAN 1      2.29                      3.55  -1.26     4.71

SNOWFALL (IN)
  TODAY            0.0           3.8  2014   0.2   -0.2      0.0
  MONTH TO DATE    0.4                       0.6   -0.2      0.0
  SINCE DEC 1      6.7                       7.0   -0.3      3.4
  SINCE JUL 1      6.7                       7.3   -0.6      3.4
  SNOW DEPTH       0

DEGREE DAYS
 HEATING
  TODAY           40                        31      9       39
  MONTH TO DATE  114                        93     21       90
  SINCE DEC 1   2083                      1989     94     1708
  SINCE JUL 1   2863                      2876    -13     2294

 COOLING
  TODAY            0                         0      0        0
  MONTH TO DATE    0                         0      0        0
  SINCE DEC 1      0                         0      0        0
  SINCE JAN 1      0                         0      0        0
..................................................................


WIND (MPH)
  HIGHEST WIND SPEED    13   HIGHEST WIND DIRECTION     S (170)
  HIGHEST GUST SPEED    18   HIGHEST GUST DIRECTION     S (170)
  AVERAGE WIND SPEED     7.5


SKY COVER
  POSSIBLE SUNSHINE  MM
  AVERAGE SKY COVER 0.6


WEATHER CONDITIONS
 THE FOLLOWING WEATHER WAS RECORDED TODAY.
  NO SIGNIFICANT WEATHER WAS OBSERVED.


RELATIVE HUMIDITY (PERCENT)
 HIGHEST    80           200 AM
 LOWEST     47           300 PM
 AVERAGE    64

..........................................................


THE LEXINGTON KY CLIMATE NORMALS FOR TOMORROW
                         NORMAL    RECORD    YEAR
 MAXIMUM TEMPERATURE (F)   43        70      1962
                                             1890
 MINIMUM TEMPERATURE (F)   26       -10      1996


SUNRISE AND SUNSET
FEBRUARY  3 2018......SUNRISE   741 AM EST   SUNSET   604 PM EST
FEBRUARY  4 2018......SUNRISE   740 AM EST   SUNSET   605 PM EST


-  INDICATES NEGATIVE NUMBERS.
R  INDICATES RECORD WAS SET OR TIED.
MM INDICATES DATA IS MISSING.
T  INDICATES TRACE AMOUNT.




$$
