000
CDUS43 KLMK 310630
CLILEX


CLIMATE REPORT
NATIONAL WEATHER SERVICE LOUISVILLE KY
129 AM EST SAT DEC 31 2016


...................................

...THE LEXINGTON KY CLIMATE SUMMARY FOR DECEMBER 30 2016...

CLIMATE NORMAL PERIOD 1981 TO 2010
CLIMATE RECORD PERIOD 1872 TO 2016


WEATHER ITEM   OBSERVED TIME   RECORD YEAR NORMAL DEPARTURE LAST
                VALUE   (LST)  VALUE       VALUE  FROM      YEAR
                                                  NORMAL
..................................................................
TEMPERATURE (F)
 YESTERDAY
  MAXIMUM         40    428 PM  67    1875  41     -1       49
  MINIMUM         30   1010 PM  -4    1909  26      4       39
  AVERAGE         35                        33      2       44

PRECIPITATION (IN)
  YESTERDAY        0.00          2.22 1990   0.12  -0.12     0.01
  MONTH TO DATE    6.14                      3.82   2.32     7.21
  SINCE DEC 1      6.14                      3.82   2.32     7.21
  SINCE JAN 1     44.35                     45.06  -0.71    59.89

SNOWFALL (IN)
  YESTERDAY        0.0           2.5  2000   0.1   -0.1      0.0
  MONTH TO DATE    0.1                       2.4   -2.3       T
  SINCE DEC 1      0.1                       2.4   -2.3       T
  SINCE JUL 1      0.1                       2.7   -2.6       T
  SNOW DEPTH       0

DEGREE DAYS
 HEATING
  YESTERDAY       30                        32     -2       21
  MONTH TO DATE  829                       868    -39      466
  SINCE DEC 1    829                       868    -39      466
  SINCE JUL 1   1415                      1755   -340     1152

 COOLING
  YESTERDAY        0                         0      0        0
  MONTH TO DATE    0                         0      0        0
  SINCE DEC 1      0                         0      0        0
  SINCE JAN 1   1640                      1190    450     1284
..................................................................


WIND (MPH)
  HIGHEST WIND SPEED    26   HIGHEST WIND DIRECTION     W (280)
  HIGHEST GUST SPEED    35   HIGHEST GUST DIRECTION     W (280)
  AVERAGE WIND SPEED    13.4


SKY COVER
  POSSIBLE SUNSHINE  MM
  AVERAGE SKY COVER 0.4


WEATHER CONDITIONS
 THE FOLLOWING WEATHER WAS RECORDED YESTERDAY.
  NO SIGNIFICANT WEATHER WAS OBSERVED.


RELATIVE HUMIDITY (PERCENT)
 HIGHEST    58           900 PM
 LOWEST     34           300 PM
 AVERAGE    46

..........................................................


THE LEXINGTON KY CLIMATE NORMALS FOR TODAY
                         NORMAL    RECORD    YEAR
 MAXIMUM TEMPERATURE (F)   41        72      1951
 MINIMUM TEMPERATURE (F)   25        -1      1899


SUNRISE AND SUNSET
DECEMBER 31 2016......SUNRISE   754 AM EST   SUNSET   529 PM EST
JANUARY  1 2017.......SUNRISE   755 AM EST   SUNSET   530 PM EST


-  INDICATES NEGATIVE NUMBERS.
R  INDICATES RECORD WAS SET OR TIED.
MM INDICATES DATA IS MISSING.
T  INDICATES TRACE AMOUNT.




$$
