000
CDUS43 KLMK 152033
CLILEX


CLIMATE REPORT
NATIONAL WEATHER SERVICE LOUISVILLE KY
433 PM EDT SAT JUL 15 2017


...................................

...THE LEXINGTON KY CLIMATE SUMMARY FOR JULY 15 2017...
VALID TODAY AS OF 0400 PM LOCAL TIME.

CLIMATE NORMAL PERIOD 1981 TO 2010
CLIMATE RECORD PERIOD 1872 TO 2017


WEATHER ITEM   OBSERVED TIME   RECORD YEAR NORMAL DEPARTURE LAST
                VALUE   (LST)  VALUE       VALUE  FROM      YEAR
                                                  NORMAL
..................................................................
TEMPERATURE (F)
 TODAY
  MAXIMUM         84    324 PM 108    1936  86     -2       89
  MINIMUM         66    618 AM  54    1930  67     -1       68
  AVERAGE         75                        76     -1       79

PRECIPITATION (IN)
  TODAY            0.00          3.11 1974   0.15  -0.15     0.16
  MONTH TO DATE    3.23                      2.21   1.02     2.92
  SINCE JUN 1      9.01                      6.65   2.36     7.48
  SINCE JAN 1     27.87                     25.98   1.89    25.77

SNOWFALL (IN)
  TODAY            0.0          MM      MM   0.0    0.0      0.0
  MONTH TO DATE    0.0                       0.0    0.0      0.0
  SINCE JUN 1      0.0                       0.0    0.0      0.0
  SINCE JUL 1      0.0                       0.0    0.0      0.0
  SNOW DEPTH       0

DEGREE DAYS
 HEATING
  TODAY            0                         0      0        0
  MONTH TO DATE    0                         0      0        0
  SINCE JUN 1      5                        11     -6        1
  SINCE JUL 1      0                         0      0        0

 COOLING
  TODAY           10                        11     -1       14
  MONTH TO DATE  182                       165     17      176
  SINCE JUN 1    425                       407     18      489
  SINCE JAN 1    622                       514    108      603
..................................................................


WIND (MPH)
  HIGHEST WIND SPEED     9   HIGHEST WIND DIRECTION     N (340)
  HIGHEST GUST SPEED    12   HIGHEST GUST DIRECTION     N (340)
  AVERAGE WIND SPEED     4.5


SKY COVER
  POSSIBLE SUNSHINE  MM
  AVERAGE SKY COVER 0.1


WEATHER CONDITIONS
 THE FOLLOWING WEATHER WAS RECORDED TODAY.
  FOG


RELATIVE HUMIDITY (PERCENT)
 HIGHEST    93          1200 AM
 LOWEST     51           300 PM
 AVERAGE    72

..........................................................


THE LEXINGTON KY CLIMATE NORMALS FOR TOMORROW
                         NORMAL    RECORD    YEAR
 MAXIMUM TEMPERATURE (F)   86       100      1980
 MINIMUM TEMPERATURE (F)   67        50      1945


SUNRISE AND SUNSET
JULY 15 2017..........SUNRISE   628 AM EDT   SUNSET   900 PM EDT
JULY 16 2017..........SUNRISE   629 AM EDT   SUNSET   900 PM EDT


-  INDICATES NEGATIVE NUMBERS.
R  INDICATES RECORD WAS SET OR TIED.
MM INDICATES DATA IS MISSING.
T  INDICATES TRACE AMOUNT.




$$
