000
CDUS43 KLMK 120637
CLILEX


CLIMATE REPORT
NATIONAL WEATHER SERVICE LOUISVILLE KY
237 AM EDT TUE SEP 12 2017


...................................

...THE LEXINGTON KY CLIMATE SUMMARY FOR SEPTEMBER 11 2017...

CLIMATE NORMAL PERIOD 1981 TO 2010
CLIMATE RECORD PERIOD 1872 TO 2017


WEATHER ITEM   OBSERVED TIME   RECORD YEAR NORMAL DEPARTURE LAST
                VALUE   (LST)  VALUE       VALUE  FROM      YEAR
                                                  NORMAL
..................................................................
TEMPERATURE (F)
 YESTERDAY
  MAXIMUM         67    128 PM  95    1983  81    -14       80
                                      1897
  MINIMUM         54    642 AM  42    1917  59     -5       57
  AVERAGE         61                        70     -9       69

PRECIPITATION (IN)
  YESTERDAY        T             3.07 2014   0.10  -0.10     0.00
  MONTH TO DATE    2.40                      1.06   1.34     0.22
  SINCE SEP 1      2.40                      1.06   1.34     0.22
  SINCE JAN 1     37.34                     32.73   4.61    34.59

SNOWFALL (IN)
  YESTERDAY        0.0          MM      MM   0.0    0.0      0.0
  MONTH TO DATE    0.0                       0.0    0.0      0.0
  SINCE SEP 1      0.0                       0.0    0.0      0.0
  SINCE JUL 1      0.0                       0.0    0.0      0.0
  SNOW DEPTH       0

DEGREE DAYS
 HEATING
  YESTERDAY        4                         1      3        0
  MONTH TO DATE   28                         3     25        0
  SINCE SEP 1     28                         3     25        0
  SINCE JUL 1     28                         5     23        0

 COOLING
  YESTERDAY        0                         6     -6        4
  MONTH TO DATE   13                        78    -65      115
  SINCE SEP 1     13                        78    -65      115
  SINCE JAN 1   1094                      1095     -1     1391
..................................................................


WIND (MPH)
  HIGHEST WIND SPEED    22   HIGHEST WIND DIRECTION    NE (60)
  HIGHEST GUST SPEED    26   HIGHEST GUST DIRECTION    NE (50)
  AVERAGE WIND SPEED    11.9


SKY COVER
  POSSIBLE SUNSHINE  MM
  AVERAGE SKY COVER 0.0


WEATHER CONDITIONS
 THE FOLLOWING WEATHER WAS RECORDED YESTERDAY.
  LIGHT RAIN


RELATIVE HUMIDITY (PERCENT)
 HIGHEST    80           800 AM
 LOWEST     58           200 PM
 AVERAGE    69

..........................................................


THE LEXINGTON KY CLIMATE NORMALS FOR TODAY
                         NORMAL    RECORD    YEAR
 MAXIMUM TEMPERATURE (F)   80        97      1939
 MINIMUM TEMPERATURE (F)   59        41      1940


SUNRISE AND SUNSET
SEPTEMBER 12 2017.....SUNRISE   718 AM EDT   SUNSET   751 PM EDT
SEPTEMBER 13 2017.....SUNRISE   719 AM EDT   SUNSET   749 PM EDT


-  INDICATES NEGATIVE NUMBERS.
R  INDICATES RECORD WAS SET OR TIED.
MM INDICATES DATA IS MISSING.
T  INDICATES TRACE AMOUNT.




$$
